000
CDUS43 KLOT 012144
CLIORD


CLIMATE REPORT
NATIONAL WEATHER SERVICE CHICAGO IL
442 PM CDT FRI AUG 1 2014


...................................

...THE CHICAGO-OHARE IL CLIMATE SUMMARY FOR AUGUST 1 2014...
VALID TODAY AS OF 0400 PM LOCAL TIME.

CLIMATE NORMAL PERIOD 1981 TO 2010
CLIMATE RECORD PERIOD 1871 TO 2014


WEATHER ITEM   OBSERVED TIME   RECORD YEAR NORMAL DEPARTURE LAST
                VALUE   (LST)  VALUE       VALUE  FROM      YEAR
                                                  NORMAL
..................................................................
TEMPERATURE (F)
 TODAY
  MAXIMUM         85   1241 PM 100    1988  83      2       81
  MINIMUM         62    450 AM  51    1990  64     -2       61
  AVERAGE         74                        74      0       71

PRECIPITATION (IN)
  TODAY            0.15          2.55 1961   0.17  -0.02     0.00
  MONTH TO DATE    0.15                      0.17  -0.02     0.00
  SINCE JUN 1     10.10                      7.32   2.78     8.45
  SINCE JAN 1     24.93                     20.40   4.53    30.68

SNOWFALL (IN)
  TODAY            0.0           0.0    MM   0.0    0.0      0.0
  MONTH TO DATE    0.0                       0.0    0.0      0.0
  SINCE JUN 1      0.0                       0.0    0.0      0.0
  SINCE JUL 1      0.0                       0.0    0.0      0.0

DEGREE DAYS
 HEATING
  TODAY            0                         0      0        0
  MONTH TO DATE    0                         0      0        0
  SINCE JUN 1     17                        52    -35       52
  SINCE JUL 1      5                         4      1        9

 COOLING
  TODAY            9                         9      0        6
  MONTH TO DATE    9                         9      0        6
  SINCE JUN 1    386                       457    -71      430
  SINCE JAN 1    447                       511    -64      514
..................................................................


WIND (MPH)
  HIGHEST WIND SPEED    25   HIGHEST WIND DIRECTION    NE (40)
  HIGHEST GUST SPEED    30   HIGHEST GUST DIRECTION    NE (30)
  AVERAGE WIND SPEED     6.2


SKY COVER
  POSSIBLE SUNSHINE  MM
  AVERAGE SKY COVER 0.4


WEATHER CONDITIONS
 THE FOLLOWING WEATHER WAS RECORDED TODAY.
  THUNDERSTORM
  LIGHT RAIN


RELATIVE HUMIDITY (PERCENT)
 HIGHEST    84           500 AM
 LOWEST     39          1100 AM
 AVERAGE    62

..........................................................


THE CHICAGO-OHARE IL CLIMATE NORMALS FOR TOMORROW
                         NORMAL    RECORD    YEAR
 MAXIMUM TEMPERATURE (F)   83       101      1991
 MINIMUM TEMPERATURE (F)   64        51      1985


SUNRISE AND SUNSET
AUGUST  1 2014........SUNRISE   545 AM CDT   SUNSET   810 PM CDT
AUGUST  2 2014........SUNRISE   546 AM CDT   SUNSET   809 PM CDT


-  INDICATES NEGATIVE NUMBERS.
R  INDICATES RECORD WAS SET OR TIED.
MM INDICATES DATA IS MISSING.
T  INDICATES TRACE AMOUNT.




$$
