000
CDUS43 KLOT 262144
CLIORD


CLIMATE REPORT
NATIONAL WEATHER SERVICE CHICAGO IL
433 PM CDT THU MAY 26 2016


...................................

...THE CHICAGO-OHARE IL CLIMATE SUMMARY FOR MAY 26 2016...
VALID TODAY AS OF 0400 PM LOCAL TIME.

CLIMATE NORMAL PERIOD 1981 TO 2010
CLIMATE RECORD PERIOD 1871 TO 2016


WEATHER ITEM   OBSERVED TIME   RECORD YEAR NORMAL DEPARTURE LAST
                VALUE   (LST)  VALUE       VALUE  FROM      YEAR
                                                  NORMAL
..................................................................
TEMPERATURE (F)
 TODAY
  MAXIMUM         82    259 PM  94    1911  73      9       74
  MINIMUM         62    155 AM  34    1983  51     11       64
  AVERAGE         72                        62     10       69

PRECIPITATION (IN)
  TODAY            0.00          1.78 1913   0.11  -0.11     0.50
  MONTH TO DATE    4.61                      3.08   1.53     4.05
  SINCE MAR 1     10.75                      8.96   1.79     8.02
  SINCE JAN 1     12.82                     12.48   0.34    10.88

SNOWFALL (IN)
  TODAY            0.0           T    1889   0.0    0.0      0.0
  MONTH TO DATE    0.0                       0.0    0.0      0.0
  SINCE MAR 1      3.7                       6.8   -3.1      7.1
  SINCE JUL 1     31.2                      36.6   -5.4     50.7

DEGREE DAYS
 HEATING
  TODAY            0                         5     -5        0
  MONTH TO DATE  225                       203     22      164
  SINCE MAR 1   1407                      1536   -129     1534
  SINCE JUL 1   5415                      6270   -855     6714

 COOLING
  TODAY            7                         2      5        4
  MONTH TO DATE   25                        32     -7       41
  SINCE MAR 1     32                        42    -10       41
  SINCE JAN 1     32                        42    -10       41
..................................................................


WIND (MPH)
  HIGHEST WIND SPEED    16   HIGHEST WIND DIRECTION    SW (210)
  HIGHEST GUST SPEED    22   HIGHEST GUST DIRECTION     S (200)
  AVERAGE WIND SPEED     9.6


SKY COVER
  POSSIBLE SUNSHINE  MM
  AVERAGE SKY COVER 0.7


WEATHER CONDITIONS
 THE FOLLOWING WEATHER WAS RECORDED TODAY.
  FOG


RELATIVE HUMIDITY (PERCENT)
 HIGHEST    93          1200 AM
 LOWEST     54           200 PM
 AVERAGE    74

..........................................................


THE CHICAGO-OHARE IL CLIMATE NORMALS FOR TOMORROW
                         NORMAL    RECORD    YEAR
 MAXIMUM TEMPERATURE (F)   74        97      2012
 MINIMUM TEMPERATURE (F)   52        33      1992


SUNRISE AND SUNSET
MAY 26 2016...........SUNRISE   522 AM CDT   SUNSET   816 PM CDT
MAY 27 2016...........SUNRISE   521 AM CDT   SUNSET   817 PM CDT


-  INDICATES NEGATIVE NUMBERS.
R  INDICATES RECORD WAS SET OR TIED.
MM INDICATES DATA IS MISSING.
T  INDICATES TRACE AMOUNT.




$$
