000
CDUS43 KLOT 260640
CLIORD


CLIMATE REPORT
NATIONAL WEATHER SERVICE CHICAGO IL
1239 AM CST SAT NOV 26 2016


...................................

...THE CHICAGO-OHARE CLIMATE SUMMARY FOR NOVEMBER 25 2016...

CLIMATE NORMAL PERIOD 1981 TO 2010
CLIMATE RECORD PERIOD 1871 TO 2016


WEATHER ITEM   OBSERVED TIME   RECORD YEAR NORMAL DEPARTURE LAST
                VALUE   (LST)  VALUE       VALUE  FROM      YEAR
                                                  NORMAL
..................................................................
TEMPERATURE (F)
 YESTERDAY
  MAXIMUM         42   1108 AM  65    1908  43     -1       52
  MINIMUM         31   1155 PM   0    1950  28      3       29
  AVERAGE         37                        36      1       41

PRECIPITATION (IN)
  YESTERDAY        T             1.06 1908   0.10  -0.10      T
  MONTH TO DATE    0.65                      2.63  -1.98     2.97
  SINCE SEP 1      6.18                      8.99  -2.81     9.84
  SINCE JAN 1     33.16                     34.12  -0.96    33.46

SNOWFALL (IN)
  YESTERDAY        0.0           5.0  1895   0.1   -0.1      0.0
  MONTH TO DATE    T                         0.7   -0.7     11.2
  SINCE SEP 1      T                         0.9   -0.9     11.2
  SINCE JUL 1      T                         0.9   -0.9     11.2
  SNOW DEPTH       0

DEGREE DAYS
 HEATING
  YESTERDAY       28                        29     -1       24
  MONTH TO DATE  430                       585   -155      489
  SINCE SEP 1    719                      1087   -368      837
  SINCE JUL 1    719                      1100   -381      855

 COOLING
  YESTERDAY        0                         0      0        0
  MONTH TO DATE    3                         0      3        0
  SINCE SEP 1    192                       103     89      165
  SINCE JAN 1   1157                       843    314      806
..................................................................


WIND (MPH)
  HIGHEST WIND SPEED    16   HIGHEST WIND DIRECTION     W (280)
  HIGHEST GUST SPEED    21   HIGHEST GUST DIRECTION     W (290)
  AVERAGE WIND SPEED     8.1


SKY COVER
  POSSIBLE SUNSHINE  MM
  AVERAGE SKY COVER 0.9


WEATHER CONDITIONS
 THE FOLLOWING WEATHER WAS RECORDED YESTERDAY.
  LIGHT RAIN
  FOG


RELATIVE HUMIDITY (PERCENT)
 HIGHEST    92           300 AM
 LOWEST     70          1100 AM
 AVERAGE    81

..........................................................


THE CHICAGO-OHARE CLIMATE NORMALS FOR TODAY
                         NORMAL    RECORD    YEAR
 MAXIMUM TEMPERATURE (F)   43        67      1990
 MINIMUM TEMPERATURE (F)   28         2      1898


SUNRISE AND SUNSET
NOVEMBER 26 2016......SUNRISE   655 AM CST   SUNSET   423 PM CST
NOVEMBER 27 2016......SUNRISE   656 AM CST   SUNSET   422 PM CST


-  INDICATES NEGATIVE NUMBERS.
R  INDICATES RECORD WAS SET OR TIED.
MM INDICATES DATA IS MISSING.
T  INDICATES TRACE AMOUNT.




$$
