000
CDUS43 KLOT 292140
CLIORD


CLIMATE REPORT
NATIONAL WEATHER SERVICE CHICAGO IL
438 PM CDT FRI MAY 29 2015


...................................

...THE CHICAGO-OHARE IL CLIMATE SUMMARY FOR MAY 29 2015...
VALID TODAY AS OF 0400 PM LOCAL TIME.

CLIMATE NORMAL PERIOD 1981 TO 2010
CLIMATE RECORD PERIOD 1871 TO 2015


WEATHER ITEM   OBSERVED TIME   RECORD YEAR NORMAL DEPARTURE LAST
                VALUE   (LST)  VALUE       VALUE  FROM      YEAR
                                                  NORMAL
..................................................................
TEMPERATURE (F)
 TODAY
  MAXIMUM         81    137 PM  95    1942  74      7       76
  MINIMUM         63    207 AM  37    1984  52     11       54
                                      1965
  AVERAGE         72                        63      9       65

PRECIPITATION (IN)
  TODAY            0.19          3.45 1981   0.12   0.07     0.00
  MONTH TO DATE    4.24                      3.44   0.80     4.98
  SINCE MAR 1      8.21                      9.32  -1.11     9.53
  SINCE JAN 1     11.07                     12.84  -1.77    14.83

SNOWFALL (IN)
  TODAY            0.0           0.0    MM   0.0    0.0      0.0
  MONTH TO DATE    0.0                       0.0    0.0      0.0
  SINCE MAR 1      7.1                       6.8    0.3     13.7
  SINCE JUL 1     50.7                      36.6   14.1     82.0

DEGREE DAYS
 HEATING
  TODAY            0                         4     -4        0
  MONTH TO DATE  164                       217    -53      195
  SINCE MAR 1   1534                      1550    -16     1708
  SINCE JUL 1   6714                      6284    430     7123

 COOLING
  TODAY            7                         2      5        0
  MONTH TO DATE   53                        38     15       53
  SINCE MAR 1     53                        48      5       54
  SINCE JAN 1     53                        48      5       54
..................................................................


WIND (MPH)
  HIGHEST WIND SPEED    25   HIGHEST WIND DIRECTION    SW (220)
  HIGHEST GUST SPEED    39   HIGHEST GUST DIRECTION    SW (220)
  AVERAGE WIND SPEED     8.3


SKY COVER
  POSSIBLE SUNSHINE  MM
  AVERAGE SKY COVER 0.8


WEATHER CONDITIONS
 THE FOLLOWING WEATHER WAS RECORDED TODAY.
  RAIN
  LIGHT RAIN
  FOG


RELATIVE HUMIDITY (PERCENT)
 HIGHEST    87           400 AM
 LOWEST     62          1000 AM
 AVERAGE    75

..........................................................


THE CHICAGO-OHARE IL CLIMATE NORMALS FOR TOMORROW
                         NORMAL    RECORD    YEAR
 MAXIMUM TEMPERATURE (F)   74        93      1953
                                             1942
 MINIMUM TEMPERATURE (F)   53        35      1873


SUNRISE AND SUNSET
MAY 29 2015...........SUNRISE   520 AM CDT   SUNSET   818 PM CDT
MAY 30 2015...........SUNRISE   520 AM CDT   SUNSET   819 PM CDT


-  INDICATES NEGATIVE NUMBERS.
R  INDICATES RECORD WAS SET OR TIED.
MM INDICATES DATA IS MISSING.
T  INDICATES TRACE AMOUNT.




$$
