000
CDUS43 KLOT 140634
CLIORD


CLIMATE REPORT
NATIONAL WEATHER SERVICE CHICAGO IL
132 AM CDT SUN SEP 14 2014


...................................

...THE CHICAGO-OHARE CLIMATE SUMMARY FOR SEPTEMBER 13 2014...

CLIMATE NORMAL PERIOD 1981 TO 2010
CLIMATE RECORD PERIOD 1871 TO 2014


WEATHER ITEM   OBSERVED TIME   RECORD YEAR NORMAL DEPARTURE LAST
                VALUE   (LST)  VALUE       VALUE  FROM      YEAR
                                                  NORMAL
..................................................................
TEMPERATURE (F)
 YESTERDAY
  MAXIMUM         59    446 PM  98    1939  76    -17       67
  MINIMUM         41    530 AM  39    1890  56    -15       52
  AVERAGE         50                        66    -16       60

PRECIPITATION (IN)
  YESTERDAY        0.00          6.64 2008   0.11  -0.11     0.00
  MONTH TO DATE    2.58                      1.45   1.13     0.15
  SINCE SEP 1      2.58                      1.45   1.13     0.15
  SINCE JAN 1     34.66                     26.58   8.08    32.52

SNOWFALL (IN)
  YESTERDAY        0.0           0.0    MM   0.0    0.0      0.0
  MONTH TO DATE    0.0                       0.0    0.0      0.0
  SINCE SEP 1      0.0                       0.0    0.0      0.0
  SINCE JUL 1      0.0                       0.0    0.0      0.0
  SNOW DEPTH       0

DEGREE DAYS
 HEATING
  YESTERDAY       15                         3     12        5
  MONTH TO DATE   42                        20     22        5
  SINCE SEP 1     42                        20     22        5
  SINCE JUL 1     47                        33     14       16

 COOLING
  YESTERDAY        0                         3     -3        0
  MONTH TO DATE   68                        60      8      116
  SINCE SEP 1     68                        60      8      116
  SINCE JAN 1    783                       800    -17      881
..................................................................


WIND (MPH)
  HIGHEST WIND SPEED    16   HIGHEST WIND DIRECTION    NW (310)
  HIGHEST GUST SPEED    20   HIGHEST GUST DIRECTION    NW (310)
  AVERAGE WIND SPEED     7.7


SKY COVER
  POSSIBLE SUNSHINE  MM
  AVERAGE SKY COVER 0.5


WEATHER CONDITIONS
 THE FOLLOWING WEATHER WAS RECORDED YESTERDAY.
  NO SIGNIFICANT WEATHER WAS OBSERVED.


RELATIVE HUMIDITY (PERCENT)
 HIGHEST    93           300 AM
 LOWEST     51           200 PM
 AVERAGE    72

..........................................................


THE CHICAGO-OHARE CLIMATE NORMALS FOR TODAY
                         NORMAL    RECORD    YEAR
 MAXIMUM TEMPERATURE (F)   76        99      1939
 MINIMUM TEMPERATURE (F)   55        40      1985


SUNRISE AND SUNSET
SEPTEMBER 14 2014.....SUNRISE   631 AM CDT   SUNSET   703 PM CDT
SEPTEMBER 15 2014.....SUNRISE   632 AM CDT   SUNSET   701 PM CDT


-  INDICATES NEGATIVE NUMBERS.
R  INDICATES RECORD WAS SET OR TIED.
MM INDICATES DATA IS MISSING.
T  INDICATES TRACE AMOUNT.




$$

BMD
