480
CDUS43 KLOT 162238
CLIORD


CLIMATE REPORT
NATIONAL WEATHER SERVICE CHICAGO IL
436 PM CST THU FEB 16 2017


...................................

...THE CHICAGO-OHARE IL CLIMATE SUMMARY FOR FEBRUARY 16 2017...
VALID TODAY AS OF 0400 PM LOCAL TIME.

CLIMATE NORMAL PERIOD 1981 TO 2010
CLIMATE RECORD PERIOD 1871 TO 2017


WEATHER ITEM   OBSERVED TIME   RECORD YEAR NORMAL DEPARTURE LAST
                VALUE   (LST)  VALUE       VALUE  FROM      YEAR
                                                  NORMAL
..................................................................
TEMPERATURE (F)
 TODAY
  MAXIMUM         41    307 PM  58    1921  36      5       33
  MINIMUM         30    744 AM -10    1885  20     10       24
  AVERAGE         36                        28      8       29

PRECIPITATION (IN)
  TODAY            0.00          1.94 1883   0.07  -0.07     0.04
  MONTH TO DATE    0.47                      0.91  -0.44     1.00
  SINCE DEC 1      5.11                      4.89   0.22     6.71
  SINCE JAN 1      3.34                      2.64   0.70     1.84

SNOWFALL (IN)
  TODAY            0.0           6.0  1997   0.3   -0.3      0.4
  MONTH TO DATE    T                         5.5   -5.5      3.8
  SINCE DEC 1     18.3                      24.5   -6.2     14.6
  SINCE JUL 1     18.3                      25.9   -7.6     25.8

DEGREE DAYS
 HEATING
  TODAY           29                        37     -8       36
  MONTH TO DATE  539                       625    -86      645
  SINCE DEC 1   2887                      3059   -172     2684
  SINCE JUL 1   3716                      4315   -599     3657

 COOLING
  TODAY            0                         0      0        0
  MONTH TO DATE    0                         0      0        0
  SINCE DEC 1      0                         0      0        0
  SINCE JAN 1      0                         0      0        0
..................................................................


WIND (MPH)
  HIGHEST WIND SPEED    16   HIGHEST WIND DIRECTION     S (160)
  HIGHEST GUST SPEED    23   HIGHEST GUST DIRECTION    NE (50)
  AVERAGE WIND SPEED     8.5


SKY COVER
  POSSIBLE SUNSHINE  MM
  AVERAGE SKY COVER 0.9


WEATHER CONDITIONS
 THE FOLLOWING WEATHER WAS RECORDED TODAY.
  NO SIGNIFICANT WEATHER WAS OBSERVED.


RELATIVE HUMIDITY (PERCENT)
 HIGHEST    47          1200 AM
 LOWEST     34           100 PM
 AVERAGE    41

..........................................................


THE CHICAGO-OHARE IL CLIMATE NORMALS FOR TOMORROW
                         NORMAL    RECORD    YEAR
 MAXIMUM TEMPERATURE (F)   36        60      1880
 MINIMUM TEMPERATURE (F)   21       -11      1903


SUNRISE AND SUNSET
FEBRUARY 16 2017......SUNRISE   646 AM CST   SUNSET   526 PM CST
FEBRUARY 17 2017......SUNRISE   644 AM CST   SUNSET   527 PM CST


-  INDICATES NEGATIVE NUMBERS.
R  INDICATES RECORD WAS SET OR TIED.
MM INDICATES DATA IS MISSING.
T  INDICATES TRACE AMOUNT.




$$
