000
CDUS43 KLOT 070642
CLIORD


CLIMATE REPORT
NATIONAL WEATHER SERVICE CHICAGO IL
1241 AM CST SUN FEB 7 2016


...................................

...THE CHICAGO-OHARE CLIMATE SUMMARY FOR FEBRUARY 6 2016...

CLIMATE NORMAL PERIOD 1981 TO 2010
CLIMATE RECORD PERIOD 1871 TO 2016


WEATHER ITEM   OBSERVED TIME   RECORD YEAR NORMAL DEPARTURE LAST
                VALUE   (LST)  VALUE       VALUE  FROM      YEAR
                                                  NORMAL
..................................................................
TEMPERATURE (F)
 YESTERDAY
  MAXIMUM         41    357 PM  57    1882  33      8       31
  MINIMUM         24    630 AM -14    1982  18      6       13
  AVERAGE         33                        25      8       22

PRECIPITATION (IN)
  YESTERDAY        0.00          1.98 1942   0.05  -0.05     0.00
  MONTH TO DATE    0.81                      0.30   0.51     1.03
  SINCE DEC 1      6.52                      4.28   2.24     3.23
  SINCE JAN 1      1.65                      2.03  -0.38     2.44

SNOWFALL (IN)
  YESTERDAY        0.0           9.3  1978   0.3   -0.3      0.0
  MONTH TO DATE    T                         2.1   -2.1     19.9
  SINCE DEC 1     10.8                      21.4  -10.6     33.8
  SINCE JUL 1     22.0                      22.8   -0.8     36.7
  SNOW DEPTH       0

DEGREE DAYS
 HEATING
  YESTERDAY       32                        40     -8       43
  MONTH TO DATE  195                       241    -46      294
  SINCE DEC 1   2234                      2675   -441     2626
  SINCE JUL 1   3207                      3931   -724     4069

 COOLING
  YESTERDAY        0                         0      0        0
  MONTH TO DATE    0                         0      0        0
  SINCE DEC 1      0                         0      0        0
  SINCE JAN 1      0                         0      0        0
..................................................................


WIND (MPH)
  HIGHEST WIND SPEED    17   HIGHEST WIND DIRECTION     W (250)
  HIGHEST GUST SPEED    23   HIGHEST GUST DIRECTION     W (260)
  AVERAGE WIND SPEED     8.4


SKY COVER
  POSSIBLE SUNSHINE  MM
  AVERAGE SKY COVER 0.5


WEATHER CONDITIONS
 THE FOLLOWING WEATHER WAS RECORDED YESTERDAY.
  FOG
  HAZE


RELATIVE HUMIDITY (PERCENT)
 HIGHEST    88           600 AM
 LOWEST     60           400 PM
 AVERAGE    74

..........................................................


THE CHICAGO-OHARE CLIMATE NORMALS FOR TODAY
                         NORMAL    RECORD    YEAR
 MAXIMUM TEMPERATURE (F)   33        59      1925
 MINIMUM TEMPERATURE (F)   18       -10      1875


SUNRISE AND SUNSET
FEBRUARY  7 2016......SUNRISE   658 AM CST   SUNSET   514 PM CST
FEBRUARY  8 2016......SUNRISE   657 AM CST   SUNSET   515 PM CST


-  INDICATES NEGATIVE NUMBERS.
R  INDICATES RECORD WAS SET OR TIED.
MM INDICATES DATA IS MISSING.
T  INDICATES TRACE AMOUNT.




$$
