000
CDUS43 KLOT 250634
CLIORD


CLIMATE REPORT
NATIONAL WEATHER SERVICE CHICAGO IL
133 AM CDT TUE AUG 25 2015


...................................

...THE CHICAGO-OHARE CLIMATE SUMMARY FOR AUGUST 24 2015...

CLIMATE NORMAL PERIOD 1981 TO 2010
CLIMATE RECORD PERIOD 1871 TO 2015


WEATHER ITEM   OBSERVED TIME   RECORD YEAR NORMAL DEPARTURE LAST
                VALUE   (LST)  VALUE       VALUE  FROM      YEAR
                                                  NORMAL
..................................................................
TEMPERATURE (F)
 YESTERDAY
  MAXIMUM         75    202 PM 100    1947  81     -6       88
  MINIMUM         55    605 AM  48    1942  62     -7       70
  AVERAGE         65                        72     -7       79

PRECIPITATION (IN)
  YESTERDAY        0.00          2.47 1895   0.15  -0.15     0.00
  MONTH TO DATE    1.42                      3.90  -2.48     6.82
  SINCE JUN 1     11.39                     11.05   0.34    16.77
  SINCE JAN 1     22.88                     24.13  -1.25    31.60

SNOWFALL (IN)
  YESTERDAY        0.0           0.0    MM   0.0    0.0      0.0
  MONTH TO DATE    0.0                       0.0    0.0      0.0
  SINCE JUN 1      T                         0.0    0.0      0.0
  SINCE JUL 1      0.0                       0.0    0.0      0.0
  SNOW DEPTH       0

DEGREE DAYS
 HEATING
  YESTERDAY        0                         0      0        0
  MONTH TO DATE    0                         0      0        0
  SINCE JUN 1     52                        52      0       17
  SINCE JUL 1     13                         4      9        5

 COOLING
  YESTERDAY        0                         7     -7       14
  MONTH TO DATE  208                       194     14      194
  SINCE JUN 1    572                       642    -70      571
  SINCE JAN 1    625                       696    -71      632
..................................................................


WIND (MPH)
  HIGHEST WIND SPEED    29   HIGHEST WIND DIRECTION     W (260)
  HIGHEST GUST SPEED    36   HIGHEST GUST DIRECTION     W (250)
  AVERAGE WIND SPEED    14.1


SKY COVER
  POSSIBLE SUNSHINE  MM
  AVERAGE SKY COVER 0.5


WEATHER CONDITIONS
 THE FOLLOWING WEATHER WAS RECORDED YESTERDAY.
  NO SIGNIFICANT WEATHER WAS OBSERVED.


RELATIVE HUMIDITY (PERCENT)
 HIGHEST    77           200 AM
 LOWEST     35           100 PM
 AVERAGE    56

..........................................................


THE CHICAGO-OHARE CLIMATE NORMALS FOR TODAY
                         NORMAL    RECORD    YEAR
 MAXIMUM TEMPERATURE (F)   81        95      2003
                                             1991
                                             1959
 MINIMUM TEMPERATURE (F)   62        47      1917


SUNRISE AND SUNSET
AUGUST 25 2015........SUNRISE   610 AM CDT   SUNSET   737 PM CDT
AUGUST 26 2015........SUNRISE   611 AM CDT   SUNSET   735 PM CDT


-  INDICATES NEGATIVE NUMBERS.
R  INDICATES RECORD WAS SET OR TIED.
MM INDICATES DATA IS MISSING.
T  INDICATES TRACE AMOUNT.




$$
