000
CDUS43 KLOT 102138
CLIORD


CLIMATE REPORT
NATIONAL WEATHER SERVICE CHICAGO IL
436 PM CDT WED SEP 10 2014


...................................

...THE CHICAGO-OHARE IL CLIMATE SUMMARY FOR SEPTEMBER 10 2014...
VALID TODAY AS OF 0400 PM LOCAL TIME.

CLIMATE NORMAL PERIOD 1981 TO 2010
CLIMATE RECORD PERIOD 1871 TO 2014


WEATHER ITEM   OBSERVED TIME   RECORD YEAR NORMAL DEPARTURE LAST
                VALUE   (LST)  VALUE       VALUE  FROM      YEAR
                                                  NORMAL
..................................................................
TEMPERATURE (F)
 TODAY
  MAXIMUM         80    204 PM  95    2013  77      3       95
                                      1983
  MINIMUM         67    530 AM  44    1943  57     10       77
  AVERAGE         74                        67      7       86

PRECIPITATION (IN)
  TODAY            1.31          2.48 1922   0.10   1.21     0.00
  MONTH TO DATE    2.45                      1.13   1.32     0.15
  SINCE SEP 1      2.45                      1.13   1.32     0.15
  SINCE JAN 1     34.53                     26.26   8.27    32.52

SNOWFALL (IN)
  TODAY            0.0           0.0    MM   0.0    0.0      0.0
  MONTH TO DATE    0.0                       0.0    0.0      0.0
  SINCE SEP 1      0.0                       0.0    0.0      0.0
  SINCE JUL 1      0.0                       0.0    0.0      0.0

DEGREE DAYS
 HEATING
  TODAY            0                         2     -2        0
  MONTH TO DATE    0                        13    -13        0
  SINCE SEP 1      0                        13    -13        0
  SINCE JUL 1      5                        26    -21       11

 COOLING
  TODAY            9                         4      5       21
  MONTH TO DATE   74                        49     25       91
  SINCE SEP 1     74                        49     25       91
  SINCE JAN 1    789                       789      0      856
..................................................................


WIND (MPH)
  HIGHEST WIND SPEED    26   HIGHEST WIND DIRECTION     S (190)
  HIGHEST GUST SPEED    39   HIGHEST GUST DIRECTION     S (200)
  AVERAGE WIND SPEED    14.5


SKY COVER
  POSSIBLE SUNSHINE  MM
  AVERAGE SKY COVER 0.9


WEATHER CONDITIONS
 THE FOLLOWING WEATHER WAS RECORDED TODAY.
  HEAVY RAIN
  RAIN
  LIGHT RAIN
  FOG


RELATIVE HUMIDITY (PERCENT)
 HIGHEST    90           800 AM
 LOWEST     62           300 PM
 AVERAGE    76

..........................................................


THE CHICAGO-OHARE IL CLIMATE NORMALS FOR TOMORROW
                         NORMAL    RECORD    YEAR
 MAXIMUM TEMPERATURE (F)   77        95      1952
 MINIMUM TEMPERATURE (F)   56        42      1993


SUNRISE AND SUNSET
SEPTEMBER 10 2014.....SUNRISE   627 AM CDT   SUNSET   710 PM CDT
SEPTEMBER 11 2014.....SUNRISE   628 AM CDT   SUNSET   708 PM CDT


-  INDICATES NEGATIVE NUMBERS.
R  INDICATES RECORD WAS SET OR TIED.
MM INDICATES DATA IS MISSING.
T  INDICATES TRACE AMOUNT.




$$
