000
CDUS43 KLOT 052240
CLIORD


CLIMATE REPORT
NATIONAL WEATHER SERVICE CHICAGO IL
439 PM CST MON DEC 5 2016


...................................

...THE CHICAGO-OHARE IL CLIMATE SUMMARY FOR DECEMBER 5 2016...
VALID TODAY AS OF 0400 PM LOCAL TIME.

CLIMATE NORMAL PERIOD 1981 TO 2010
CLIMATE RECORD PERIOD 1871 TO 2016


WEATHER ITEM   OBSERVED TIME   RECORD YEAR NORMAL DEPARTURE LAST
                VALUE   (LST)  VALUE       VALUE  FROM      YEAR
                                                  NORMAL
..................................................................
TEMPERATURE (F)
 TODAY
  MAXIMUM         33    715 AM  68    2001  38     -5       46
  MINIMUM         32    359 PM   4    2005  24      8       29
  AVERAGE         33                        31      2       38

PRECIPITATION (IN)
  TODAY            0.00          1.10 1906   0.09  -0.09     0.00
  MONTH TO DATE    0.50                      0.46   0.04     0.39
  SINCE DEC 1      0.50                      0.46   0.04     0.39
  SINCE JAN 1     34.70                     35.10  -0.40    35.37

SNOWFALL (IN)
  TODAY            0.0           3.9  1977   0.2   -0.2      0.0
  MONTH TO DATE    6.4                       1.0    5.4      1.3
  SINCE DEC 1      6.4                       1.0    5.4      1.3
  SINCE JUL 1      6.4                       2.4    4.0     12.5

DEGREE DAYS
 HEATING
  TODAY           32                        34     -2       27
  MONTH TO DATE  155                       166    -11      139
  SINCE DEC 1    155                       166    -11      139
  SINCE JUL 1    984                      1422   -438     1112

 COOLING
  TODAY            0                         0      0        0
  MONTH TO DATE    0                         0      0        0
  SINCE DEC 1      0                         0      0        0
  SINCE JAN 1   1157                       843    314      806
..................................................................


WIND (MPH)
  HIGHEST WIND SPEED    21   HIGHEST WIND DIRECTION     W (270)
  HIGHEST GUST SPEED    25   HIGHEST GUST DIRECTION     W (280)
  AVERAGE WIND SPEED     9.9


SKY COVER
  POSSIBLE SUNSHINE  MM
  AVERAGE SKY COVER 1.0


WEATHER CONDITIONS
 THE FOLLOWING WEATHER WAS RECORDED TODAY.
  FOG


RELATIVE HUMIDITY (PERCENT)
 HIGHEST    92          1200 AM
 LOWEST     89           100 AM
 AVERAGE    91

..........................................................


THE CHICAGO-OHARE IL CLIMATE NORMALS FOR TOMORROW
                         NORMAL    RECORD    YEAR
 MAXIMUM TEMPERATURE (F)   38        65      1980
                                             1951
 MINIMUM TEMPERATURE (F)   24         0      2007
                                             1972
                                             1885


SUNRISE AND SUNSET
DECEMBER  5 2016......SUNRISE   704 AM CST   SUNSET   420 PM CST
DECEMBER  6 2016......SUNRISE   705 AM CST   SUNSET   420 PM CST


-  INDICATES NEGATIVE NUMBERS.
R  INDICATES RECORD WAS SET OR TIED.
MM INDICATES DATA IS MISSING.
T  INDICATES TRACE AMOUNT.




$$
