000
CDUS43 KLOT 132249
CLIORD


CLIMATE REPORT
NATIONAL WEATHER SERVICE CHICAGO IL
449 PM CST SAT FEB 13 2016


...................................

...THE CHICAGO-OHARE IL CLIMATE SUMMARY FOR FEBRUARY 13 2016...
VALID TODAY AS OF 0400 PM LOCAL TIME.

CLIMATE NORMAL PERIOD 1981 TO 2010
CLIMATE RECORD PERIOD 1871 TO 2016


WEATHER ITEM   OBSERVED TIME   RECORD YEAR NORMAL DEPARTURE LAST
                VALUE   (LST)  VALUE       VALUE  FROM      YEAR
                                                  NORMAL
..................................................................
TEMPERATURE (F)
 TODAY
  MAXIMUM         17    343 PM  63    1938  35    -18       26
  MINIMUM          2    704 AM -18    1905  19    -17        5
  AVERAGE         10                        27    -17       16

PRECIPITATION (IN)
  TODAY            0.00          0.78 1949   0.07  -0.07      T
  MONTH TO DATE    0.85                      0.72   0.13     1.04
  SINCE DEC 1      6.56                      4.70   1.86     3.24
  SINCE JAN 1      1.69                      2.45  -0.76     2.45

SNOWFALL (IN)
  TODAY            0.0           8.8  2007   0.4   -0.4       T
  MONTH TO DATE    1.0                       4.6   -3.6     19.9
  SINCE DEC 1     11.8                      23.9  -12.1     33.8
  SINCE JUL 1     23.0                      25.3   -2.3     36.7

DEGREE DAYS
 HEATING
  TODAY           55                        38     17       49
  MONTH TO DATE  516                       513      3      584
  SINCE DEC 1   2555                      2947   -392     2916
  SINCE JUL 1   3528                      4203   -675     4359

 COOLING
  TODAY            0                         0      0        0
  MONTH TO DATE    0                         0      0        0
  SINCE DEC 1      0                         0      0        0
  SINCE JAN 1      0                         0      0        0
..................................................................


WIND (MPH)
  HIGHEST WIND SPEED    21   HIGHEST WIND DIRECTION    NW (330)
  HIGHEST GUST SPEED    26   HIGHEST GUST DIRECTION     N (340)
  AVERAGE WIND SPEED    11.6


SKY COVER
  POSSIBLE SUNSHINE  MM
  AVERAGE SKY COVER 0.1


WEATHER CONDITIONS
 THE FOLLOWING WEATHER WAS RECORDED TODAY.
  NO SIGNIFICANT WEATHER WAS OBSERVED.


RELATIVE HUMIDITY (PERCENT)
 HIGHEST    62           700 AM
 LOWEST     37           300 PM
 AVERAGE    50

..........................................................


THE CHICAGO-OHARE IL CLIMATE NORMALS FOR TOMORROW
                         NORMAL    RECORD    YEAR
 MAXIMUM TEMPERATURE (F)   35        62      1954
 MINIMUM TEMPERATURE (F)   20       -11      1905


SUNRISE AND SUNSET
FEBRUARY 13 2016......SUNRISE   651 AM CST   SUNSET   521 PM CST
FEBRUARY 14 2016......SUNRISE   649 AM CST   SUNSET   523 PM CST


-  INDICATES NEGATIVE NUMBERS.
R  INDICATES RECORD WAS SET OR TIED.
MM INDICATES DATA IS MISSING.
T  INDICATES TRACE AMOUNT.




$$
