000
CDUS43 KLOT 262236
CLIORD


CLIMATE REPORT
NATIONAL WEATHER SERVICE CHICAGO IL
435 PM CST SAT NOV 26 2016


...................................

...THE CHICAGO-OHARE IL CLIMATE SUMMARY FOR NOVEMBER 26 2016...
VALID TODAY AS OF 0400 PM LOCAL TIME.

CLIMATE NORMAL PERIOD 1981 TO 2010
CLIMATE RECORD PERIOD 1871 TO 2016


WEATHER ITEM   OBSERVED TIME   RECORD YEAR NORMAL DEPARTURE LAST
                VALUE   (LST)  VALUE       VALUE  FROM      YEAR
                                                  NORMAL
..................................................................
TEMPERATURE (F)
 TODAY
  MAXIMUM         47    239 PM  67    1990  43      4       60
  MINIMUM         32    213 AM   2    1898  28      4       48
  AVERAGE         40                        35      5       54

PRECIPITATION (IN)
  TODAY            0.00          1.63 1988   0.10  -0.10     0.42
  MONTH TO DATE    0.65                      2.73  -2.08     3.39
  SINCE SEP 1      6.18                      9.09  -2.91    10.26
  SINCE JAN 1     33.16                     34.22  -1.06    33.88

SNOWFALL (IN)
  TODAY            0.0           7.5  1975   0.1   -0.1      0.0
  MONTH TO DATE    T                         0.8   -0.8     11.2
  SINCE SEP 1      T                         1.0   -1.0     11.2
  SINCE JUL 1      T                         1.0   -1.0     11.2

DEGREE DAYS
 HEATING
  TODAY           25                        30     -5       11
  MONTH TO DATE  455                       615   -160      500
  SINCE SEP 1    744                      1117   -373      848
  SINCE JUL 1    744                      1130   -386      866

 COOLING
  TODAY            0                         0      0        0
  MONTH TO DATE    3                         0      3        0
  SINCE SEP 1    192                       103     89      165
  SINCE JAN 1   1157                       843    314      806
..................................................................


WIND (MPH)
  HIGHEST WIND SPEED    15   HIGHEST WIND DIRECTION     S (200)
  HIGHEST GUST SPEED    21   HIGHEST GUST DIRECTION     S (200)
  AVERAGE WIND SPEED     6.8


SKY COVER
  POSSIBLE SUNSHINE  MM
  AVERAGE SKY COVER 0.7


WEATHER CONDITIONS
 THE FOLLOWING WEATHER WAS RECORDED TODAY.
  NO SIGNIFICANT WEATHER WAS OBSERVED.


RELATIVE HUMIDITY (PERCENT)
 HIGHEST    85          1200 AM
 LOWEST     65          1200 PM
 AVERAGE    75

..........................................................


THE CHICAGO-OHARE IL CLIMATE NORMALS FOR TOMORROW
                         NORMAL    RECORD    YEAR
 MAXIMUM TEMPERATURE (F)   42        67      1990
 MINIMUM TEMPERATURE (F)   27         2      1887


SUNRISE AND SUNSET
NOVEMBER 26 2016......SUNRISE   655 AM CST   SUNSET   423 PM CST
NOVEMBER 27 2016......SUNRISE   656 AM CST   SUNSET   422 PM CST


-  INDICATES NEGATIVE NUMBERS.
R  INDICATES RECORD WAS SET OR TIED.
MM INDICATES DATA IS MISSING.
T  INDICATES TRACE AMOUNT.




$$
