000
CDUS43 KLOT 190637
CLIORD


CLIMATE REPORT
NATIONAL WEATHER SERVICE CHICAGO IL
136 AM CDT TUE JUL 19 2016


...................................

...THE CHICAGO-OHARE CLIMATE SUMMARY FOR JULY 18 2016...

CLIMATE NORMAL PERIOD 1981 TO 2010
CLIMATE RECORD PERIOD 1871 TO 2016


WEATHER ITEM   OBSERVED TIME   RECORD YEAR NORMAL DEPARTURE LAST
                VALUE   (LST)  VALUE       VALUE  FROM      YEAR
                                                  NORMAL
..................................................................
TEMPERATURE (F)
 YESTERDAY
  MAXIMUM         88    351 PM 100    1946  84      4       89
  MINIMUM         71   1143 PM  53    1979  64      7       73
  AVERAGE         80                        74      6       81

PRECIPITATION (IN)
  YESTERDAY        0.00          2.90 1993   0.12  -0.12     0.54
  MONTH TO DATE    2.37                      2.00   0.37     2.85
  SINCE JUN 1      5.22                      5.45  -0.23     9.97
  SINCE JAN 1     18.86                     18.53   0.33    21.46

SNOWFALL (IN)
  YESTERDAY        0.0           0.0    MM   0.0    0.0      0.0
  MONTH TO DATE    0.0                       0.0    0.0      0.0
  SINCE JUN 1      0.0                       0.0    0.0       T
  SINCE JUL 1      0.0                       0.0    0.0      0.0
  SNOW DEPTH       0

DEGREE DAYS
 HEATING
  YESTERDAY        0                         0      0        0
  MONTH TO DATE    0                         0      0       13
  SINCE JUN 1     13                        48    -35       52
  SINCE JUL 1      0                         0      0       13

 COOLING
  YESTERDAY       15                         9      6       16
  MONTH TO DATE  154                       161     -7      104
  SINCE JUN 1    370                       326     44      222
  SINCE JAN 1    444                       380     64      275
..................................................................


WIND (MPH)
  HIGHEST WIND SPEED    13   HIGHEST WIND DIRECTION     W (260)
  HIGHEST GUST SPEED    15   HIGHEST GUST DIRECTION     W (270)
  AVERAGE WIND SPEED     5.4


SKY COVER
  POSSIBLE SUNSHINE  MM
  AVERAGE SKY COVER 0.5


WEATHER CONDITIONS
 THE FOLLOWING WEATHER WAS RECORDED YESTERDAY.
  NO SIGNIFICANT WEATHER WAS OBSERVED.


RELATIVE HUMIDITY (PERCENT)
 HIGHEST    93           300 AM
 LOWEST     36           400 PM
 AVERAGE    65

..........................................................


THE CHICAGO-OHARE CLIMATE NORMALS FOR TODAY
                         NORMAL    RECORD    YEAR
 MAXIMUM TEMPERATURE (F)   84       101      1930
 MINIMUM TEMPERATURE (F)   64        50      1873


SUNRISE AND SUNSET
JULY 19 2016..........SUNRISE   533 AM CDT   SUNSET   822 PM CDT
JULY 20 2016..........SUNRISE   534 AM CDT   SUNSET   821 PM CDT


-  INDICATES NEGATIVE NUMBERS.
R  INDICATES RECORD WAS SET OR TIED.
MM INDICATES DATA IS MISSING.
T  INDICATES TRACE AMOUNT.




$$
