000
CDUS43 KLOT 230639
CLIORD


CLIMATE REPORT
NATIONAL WEATHER SERVICE CHICAGO IL
1238 AM CST WED NOV 23 2016


...................................

...THE CHICAGO-OHARE CLIMATE SUMMARY FOR NOVEMBER 22 2016...

CLIMATE NORMAL PERIOD 1981 TO 2010
CLIMATE RECORD PERIOD 1871 TO 2016


WEATHER ITEM   OBSERVED TIME   RECORD YEAR NORMAL DEPARTURE LAST
                VALUE   (LST)  VALUE       VALUE  FROM      YEAR
                                                  NORMAL
..................................................................
TEMPERATURE (F)
 YESTERDAY
  MAXIMUM         41    147 PM  69    1913  45     -4       27
  MINIMUM         25   1241 AM   4    1880  30     -5        7
  AVERAGE         33                        37     -4       17

PRECIPITATION (IN)
  YESTERDAY        0.02          1.37 2010   0.11  -0.09     0.00
  MONTH TO DATE    0.44                      2.31  -1.87     2.97
  SINCE SEP 1      5.97                      8.67  -2.70     9.84
  SINCE JAN 1     32.95                     33.80  -0.85    33.46

SNOWFALL (IN)
  YESTERDAY        0.0           2.2  1989   0.0    0.0      0.0
  MONTH TO DATE    T                         0.5   -0.5     11.2
  SINCE SEP 1      T                         0.7   -0.7     11.2
  SINCE JUL 1      T                         0.7   -0.7     11.2
  SNOW DEPTH       0

DEGREE DAYS
 HEATING
  YESTERDAY       32                        28      4       48
  MONTH TO DATE  352                       499   -147      397
  SINCE SEP 1    641                      1001   -360      745
  SINCE JUL 1    641                      1014   -373      763

 COOLING
  YESTERDAY        0                         0      0        0
  MONTH TO DATE    3                         0      3        0
  SINCE SEP 1    192                       103     89      165
  SINCE JAN 1   1157                       843    314      806
..................................................................


WIND (MPH)
  HIGHEST WIND SPEED    17   HIGHEST WIND DIRECTION     E (110)
  HIGHEST GUST SPEED    21   HIGHEST GUST DIRECTION     E (100)
  AVERAGE WIND SPEED     8.8


SKY COVER
  POSSIBLE SUNSHINE  MM
  AVERAGE SKY COVER 0.9


WEATHER CONDITIONS
 THE FOLLOWING WEATHER WAS RECORDED YESTERDAY.
  LIGHT RAIN


RELATIVE HUMIDITY (PERCENT)
 HIGHEST    88          1200 AM
 LOWEST     59           600 PM
 AVERAGE    74

..........................................................


THE CHICAGO-OHARE CLIMATE NORMALS FOR TODAY
                         NORMAL    RECORD    YEAR
 MAXIMUM TEMPERATURE (F)   44        69      1931
 MINIMUM TEMPERATURE (F)   29        -1      1950


SUNRISE AND SUNSET
NOVEMBER 23 2016......SUNRISE   652 AM CST   SUNSET   424 PM CST
NOVEMBER 24 2016......SUNRISE   653 AM CST   SUNSET   424 PM CST


-  INDICATES NEGATIVE NUMBERS.
R  INDICATES RECORD WAS SET OR TIED.
MM INDICATES DATA IS MISSING.
T  INDICATES TRACE AMOUNT.




$$
