000
CDUS43 KLOT 082136
CLIORD


CLIMATE REPORT
NATIONAL WEATHER SERVICE CHICAGO IL
436 PM CDT MON AUG 8 2016


...................................

...THE CHICAGO-OHARE IL CLIMATE SUMMARY FOR AUGUST 8 2016...
VALID TODAY AS OF 0400 PM LOCAL TIME.

CLIMATE NORMAL PERIOD 1981 TO 2010
CLIMATE RECORD PERIOD 1871 TO 2016


WEATHER ITEM   OBSERVED TIME   RECORD YEAR NORMAL DEPARTURE LAST
                VALUE   (LST)  VALUE       VALUE  FROM      YEAR
                                                  NORMAL
..................................................................
TEMPERATURE (F)
 TODAY
  MAXIMUM         84    259 PM 100    1934  83      1       82
  MINIMUM         72    528 AM  52    1976  64      8       68
  AVERAGE         78                        73      5       75

PRECIPITATION (IN)
  TODAY            0.00          2.35 1977   0.16  -0.16     0.00
  MONTH TO DATE    0.02                      1.28  -1.26     0.53
  SINCE JUN 1      9.10                      8.43   0.67    10.50
  SINCE JAN 1     22.74                     21.51   1.23    21.99

SNOWFALL (IN)
  TODAY            0.0           0.0    MM   0.0    0.0      0.0
  MONTH TO DATE    0.0                       0.0    0.0       T
  SINCE JUN 1      0.0                       0.0    0.0       T
  SINCE JUL 1      0.0                       0.0    0.0       T

DEGREE DAYS
 HEATING
  TODAY            0                         0      0        0
  MONTH TO DATE    0                         0      0        0
  SINCE JUN 1     13                        52    -39       52
  SINCE JUL 1      0                         4     -4       13

 COOLING
  TODAY           13                         8      5       10
  MONTH TO DATE   98                        71     27       76
  SINCE JUN 1    646                       519    127      440
  SINCE JAN 1    720                       573    147      493
..................................................................


WIND (MPH)
  HIGHEST WIND SPEED    16   HIGHEST WIND DIRECTION     E (90)
  HIGHEST GUST SPEED    22   HIGHEST GUST DIRECTION     E (100)
  AVERAGE WIND SPEED    10.0


SKY COVER
  POSSIBLE SUNSHINE  MM
  AVERAGE SKY COVER 0.5


WEATHER CONDITIONS
 THE FOLLOWING WEATHER WAS RECORDED TODAY.
  NO SIGNIFICANT WEATHER WAS OBSERVED.


RELATIVE HUMIDITY (PERCENT)
 HIGHEST    73           100 AM
 LOWEST     43          1100 AM
 AVERAGE    58

..........................................................


THE CHICAGO-OHARE IL CLIMATE NORMALS FOR TOMORROW
                         NORMAL    RECORD    YEAR
 MAXIMUM TEMPERATURE (F)   83        97      1913
 MINIMUM TEMPERATURE (F)   64        51      1972


SUNRISE AND SUNSET
AUGUST  8 2016........SUNRISE   553 AM CDT   SUNSET   801 PM CDT
AUGUST  9 2016........SUNRISE   554 AM CDT   SUNSET   759 PM CDT


-  INDICATES NEGATIVE NUMBERS.
R  INDICATES RECORD WAS SET OR TIED.
MM INDICATES DATA IS MISSING.
T  INDICATES TRACE AMOUNT.




$$
