000
CDUS43 KLOT 090639
CLIORD


CLIMATE REPORT
NATIONAL WEATHER SERVICE CHICAGO IL
1237 AM CST THU MAR 9 2017


...................................

...THE CHICAGO-OHARE CLIMATE SUMMARY FOR MARCH 8 2017...

CLIMATE NORMAL PERIOD 1981 TO 2010
CLIMATE RECORD PERIOD 1871 TO 2017


WEATHER ITEM   OBSERVED TIME   RECORD YEAR NORMAL DEPARTURE LAST
                VALUE   (LST)  VALUE       VALUE  FROM      YEAR
                                                  NORMAL
..................................................................
TEMPERATURE (F)
 YESTERDAY
  MAXIMUM         53    322 PM  78    2000  43     10       70
  MINIMUM         40   1159 PM  -7    1943  27     13       58
  AVERAGE         47                        35     12       64

PRECIPITATION (IN)
  YESTERDAY        0.00          1.67 2009   0.07  -0.07      T
  MONTH TO DATE    0.37                      0.62  -0.25     0.27
  SINCE MAR 1      0.37                      0.62  -0.25     0.27
  SINCE JAN 1      4.76                      4.14   0.62     2.34

SNOWFALL (IN)
  YESTERDAY        0.0           5.3  1931   0.2   -0.2      0.0
  MONTH TO DATE    0.1                       1.9   -1.8      2.6
  SINCE MAR 1      0.1                       1.9   -1.8      2.6
  SINCE JUL 1     18.4                      31.4  -13.0     30.1
  SNOW DEPTH       0

DEGREE DAYS
 HEATING
  YESTERDAY       18                        30    -12        1
  MONTH TO DATE  177                       250    -73      219
  SINCE MAR 1    177                       250    -73      219
  SINCE JUL 1   4102                      4984   -882     4227

 COOLING
  YESTERDAY        0                         0      0        0
  MONTH TO DATE    0                         0      0        0
  SINCE MAR 1      0                         0      0        0
  SINCE JAN 1      0                         0      0        0
..................................................................


WIND (MPH)
  HIGHEST WIND SPEED    41   HIGHEST WIND DIRECTION     W (270)
  HIGHEST GUST SPEED    57   HIGHEST GUST DIRECTION     W (270)
  AVERAGE WIND SPEED    22.1


SKY COVER
  POSSIBLE SUNSHINE  MM
  AVERAGE SKY COVER 0.2


WEATHER CONDITIONS
 THE FOLLOWING WEATHER WAS RECORDED YESTERDAY.
  NO SIGNIFICANT WEATHER WAS OBSERVED.


RELATIVE HUMIDITY (PERCENT)
 HIGHEST    49          1200 AM
 LOWEST     21          1200 PM
 AVERAGE    35

..........................................................


THE CHICAGO-OHARE CLIMATE NORMALS FOR TODAY
                         NORMAL    RECORD    YEAR
 MAXIMUM TEMPERATURE (F)   44        69      1974
 MINIMUM TEMPERATURE (F)   27         5      1984
                                             1932


SUNRISE AND SUNSET
MARCH  9 2017.........SUNRISE   613 AM CST   SUNSET   552 PM CST
MARCH 10 2017.........SUNRISE   611 AM CST   SUNSET   553 PM CST


-  INDICATES NEGATIVE NUMBERS.
R  INDICATES RECORD WAS SET OR TIED.
MM INDICATES DATA IS MISSING.
T  INDICATES TRACE AMOUNT.




$$
