000
CDUS43 KLOT 112137
CLIORD


CLIMATE REPORT
NATIONAL WEATHER SERVICE CHICAGO IL
435 PM CDT THU AUG 11 2016


...................................

...THE CHICAGO-OHARE IL CLIMATE SUMMARY FOR AUGUST 11 2016...
VALID TODAY AS OF 0400 PM LOCAL TIME.

CLIMATE NORMAL PERIOD 1981 TO 2010
CLIMATE RECORD PERIOD 1871 TO 2016


WEATHER ITEM   OBSERVED TIME   RECORD YEAR NORMAL DEPARTURE LAST
                VALUE   (LST)  VALUE       VALUE  FROM      YEAR
                                                  NORMAL
..................................................................
TEMPERATURE (F)
 TODAY
  MAXIMUM         92    259 PM  98    1941  82     10       82
                                      1874
  MINIMUM         73    548 AM  47    1982  64      9       65
  AVERAGE         83                        73     10       74

PRECIPITATION (IN)
  TODAY            0.00          3.70 1923   0.17  -0.17     0.00
  MONTH TO DATE    0.02                      1.78  -1.76     0.55
  SINCE JUN 1      9.10                      8.93   0.17    10.52
  SINCE JAN 1     22.74                     22.01   0.73    22.01

SNOWFALL (IN)
  TODAY            0.0           0.0    MM   0.0    0.0      0.0
  MONTH TO DATE    0.0                       0.0    0.0       T
  SINCE JUN 1      0.0                       0.0    0.0       T
  SINCE JUL 1      0.0                       0.0    0.0       T

DEGREE DAYS
 HEATING
  TODAY            0                         0      0        0
  MONTH TO DATE    0                         0      0        0
  SINCE JUN 1     13                        52    -39       52
  SINCE JUL 1      0                         4     -4       13

 COOLING
  TODAY           18                         8     10        9
  MONTH TO DATE  143                        95     48      105
  SINCE JUN 1    691                       543    148      469
  SINCE JAN 1    765                       597    168      522
..................................................................


WIND (MPH)
  HIGHEST WIND SPEED    26   HIGHEST WIND DIRECTION     S (190)
  HIGHEST GUST SPEED    33   HIGHEST GUST DIRECTION    SW (220)
  AVERAGE WIND SPEED     9.7


SKY COVER
  POSSIBLE SUNSHINE  MM
  AVERAGE SKY COVER 0.4


WEATHER CONDITIONS
 THE FOLLOWING WEATHER WAS RECORDED TODAY.
  NO SIGNIFICANT WEATHER WAS OBSERVED.


RELATIVE HUMIDITY (PERCENT)
 HIGHEST    87           600 AM
 LOWEST     52           100 PM
 AVERAGE    70

..........................................................


THE CHICAGO-OHARE IL CLIMATE NORMALS FOR TOMORROW
                         NORMAL    RECORD    YEAR
 MAXIMUM TEMPERATURE (F)   82       101      1918
 MINIMUM TEMPERATURE (F)   64        47      1982


SUNRISE AND SUNSET
AUGUST 11 2016........SUNRISE   556 AM CDT   SUNSET   757 PM CDT
AUGUST 12 2016........SUNRISE   557 AM CDT   SUNSET   755 PM CDT


-  INDICATES NEGATIVE NUMBERS.
R  INDICATES RECORD WAS SET OR TIED.
MM INDICATES DATA IS MISSING.
T  INDICATES TRACE AMOUNT.




$$
