000
CDUS43 KLOT 162145
CLIORD


CLIMATE REPORT
NATIONAL WEATHER SERVICE CHICAGO IL
442 PM CDT WED JUL 16 2014


...................................

...THE CHICAGO-OHARE IL CLIMATE SUMMARY FOR JULY 16 2014...
VALID TODAY AS OF 0400 PM LOCAL TIME.

CLIMATE NORMAL PERIOD 1981 TO 2010
CLIMATE RECORD PERIOD 1871 TO 2014


WEATHER ITEM   OBSERVED TIME   RECORD YEAR NORMAL DEPARTURE LAST
                VALUE   (LST)  VALUE       VALUE  FROM      YEAR
                                                  NORMAL
..................................................................
TEMPERATURE (F)
 TODAY
  MAXIMUM         72    259 PM 100    1887  84    -12       92
  MINIMUM         55    333 AM  49    1945  64     -9       73
  AVERAGE         64                        74    -10       83

PRECIPITATION (IN)
  TODAY            T             2.48 1950   0.12  -0.12     0.00
  MONTH TO DATE    2.10                      1.77   0.33     0.61
  SINCE JUN 1      9.91                      5.22   4.69     6.84
  SINCE JAN 1     24.74                     18.30   6.44    29.07

SNOWFALL (IN)
  TODAY            0.0           0.0    MM   0.0    0.0      0.0
  MONTH TO DATE    0.0                       0.0    0.0      0.0
  SINCE JUN 1      0.0                       0.0    0.0      0.0
  SINCE JUL 1      0.0                       0.0    0.0      0.0

DEGREE DAYS
 HEATING
  TODAY            1                         0      1        0
  MONTH TO DATE    5                         0      5        1
  SINCE JUN 1     17                        48    -31       44
  SINCE JUL 1      5                         0      5        1

 COOLING
  TODAY            0                         9     -9       18
  MONTH TO DATE   97                       143    -46      147
  SINCE JUN 1    295                       308    -13      303
  SINCE JAN 1    356                       362     -6      387
..................................................................


WIND (MPH)
  HIGHEST WIND SPEED    18   HIGHEST WIND DIRECTION     N (350)
  HIGHEST GUST SPEED    25   HIGHEST GUST DIRECTION    NW (330)
  AVERAGE WIND SPEED     7.6


SKY COVER
  POSSIBLE SUNSHINE  MM
  AVERAGE SKY COVER 0.5


WEATHER CONDITIONS
 THE FOLLOWING WEATHER WAS RECORDED TODAY.
  NO SIGNIFICANT WEATHER WAS OBSERVED.


RELATIVE HUMIDITY (PERCENT)
 HIGHEST    86           200 AM
 LOWEST     38           200 PM
 AVERAGE    62

..........................................................


THE CHICAGO-OHARE IL CLIMATE NORMALS FOR TOMORROW
                         NORMAL    RECORD    YEAR
 MAXIMUM TEMPERATURE (F)   84       100      1942
                                             1887
 MINIMUM TEMPERATURE (F)   64        51      1985


SUNRISE AND SUNSET
JULY 16 2014..........SUNRISE   530 AM CDT   SUNSET   825 PM CDT
JULY 17 2014..........SUNRISE   531 AM CDT   SUNSET   824 PM CDT


-  INDICATES NEGATIVE NUMBERS.
R  INDICATES RECORD WAS SET OR TIED.
MM INDICATES DATA IS MISSING.
T  INDICATES TRACE AMOUNT.




$$
