000
CDUS43 KLOT 222135
CLIORD


CLIMATE REPORT
NATIONAL WEATHER SERVICE CHICAGO IL
435 PM CDT SAT AUG 22 2015


...................................

...THE CHICAGO-OHARE IL CLIMATE SUMMARY FOR AUGUST 22 2015...
VALID TODAY AS OF 0400 PM LOCAL TIME.

CLIMATE NORMAL PERIOD 1981 TO 2010
CLIMATE RECORD PERIOD 1871 TO 2015


WEATHER ITEM   OBSERVED TIME   RECORD YEAR NORMAL DEPARTURE LAST
                VALUE   (LST)  VALUE       VALUE  FROM      YEAR
                                                  NORMAL
..................................................................
TEMPERATURE (F)
 TODAY
  MAXIMUM         81    234 PM  99    1936  82     -1       86
  MINIMUM         60    521 AM  49    2004  63     -3       72
  AVERAGE         71                        72     -1       79

PRECIPITATION (IN)
  TODAY            0.00          4.45 2002   0.15  -0.15     1.58
  MONTH TO DATE    1.42                      3.60  -2.18     6.48
  SINCE JUN 1     11.39                     10.75   0.64    16.43
  SINCE JAN 1     22.88                     23.83  -0.95    31.26

SNOWFALL (IN)
  TODAY            0.0           0.0    MM   0.0    0.0      0.0
  MONTH TO DATE    0.0                       0.0    0.0      0.0
  SINCE JUN 1      T                         0.0    0.0      0.0
  SINCE JUL 1      0.0                       0.0    0.0      0.0

DEGREE DAYS
 HEATING
  TODAY            0                         0      0        0
  MONTH TO DATE    0                         0      0        0
  SINCE JUN 1     52                        52      0       17
  SINCE JUL 1     13                         4      9        5

 COOLING
  TODAY            6                         7     -1       14
  MONTH TO DATE  204                       180     24      168
  SINCE JUN 1    568                       628    -60      545
  SINCE JAN 1    621                       682    -61      606
..................................................................


WIND (MPH)
  HIGHEST WIND SPEED    22   HIGHEST WIND DIRECTION     S (180)
  HIGHEST GUST SPEED    30   HIGHEST GUST DIRECTION     S (160)
  AVERAGE WIND SPEED    11.0


SKY COVER
  POSSIBLE SUNSHINE  MM
  AVERAGE SKY COVER 0.3


WEATHER CONDITIONS
 THE FOLLOWING WEATHER WAS RECORDED TODAY.
  NO SIGNIFICANT WEATHER WAS OBSERVED.


RELATIVE HUMIDITY (PERCENT)
 HIGHEST    84           200 AM
 LOWEST     39           100 PM
 AVERAGE    62

..........................................................


THE CHICAGO-OHARE IL CLIMATE NORMALS FOR TOMORROW
                         NORMAL    RECORD    YEAR
 MAXIMUM TEMPERATURE (F)   81        97      1947
 MINIMUM TEMPERATURE (F)   62        48      1904


SUNRISE AND SUNSET
AUGUST 22 2015........SUNRISE   607 AM CDT   SUNSET   742 PM CDT
AUGUST 23 2015........SUNRISE   608 AM CDT   SUNSET   740 PM CDT


-  INDICATES NEGATIVE NUMBERS.
R  INDICATES RECORD WAS SET OR TIED.
MM INDICATES DATA IS MISSING.
T  INDICATES TRACE AMOUNT.




$$
