000
CDUS43 KLOT 122143
CLIORD


CLIMATE REPORT
NATIONAL WEATHER SERVICE CHICAGO IL
441 PM CDT SAT JUL 12 2014


...................................

...THE CHICAGO-OHARE IL CLIMATE SUMMARY FOR JULY 12 2014...
VALID TODAY AS OF 0400 PM LOCAL TIME.

CLIMATE NORMAL PERIOD 1981 TO 2010
CLIMATE RECORD PERIOD 1871 TO 2014


WEATHER ITEM   OBSERVED TIME   RECORD YEAR NORMAL DEPARTURE LAST
                VALUE   (LST)  VALUE       VALUE  FROM      YEAR
                                                  NORMAL
..................................................................
TEMPERATURE (F)
 TODAY
  MAXIMUM         79    254 PM  97    1995  85     -6       83
                                      1954
                                      1952
  MINIMUM         70    812 AM  53    1999  64      6       58
  AVERAGE         75                        74      1       71

PRECIPITATION (IN)
  TODAY            0.12          6.16 1957   0.12   0.00     0.00
  MONTH TO DATE    1.49                      1.31   0.18     0.52
  SINCE JUN 1      9.30                      4.76   4.54     6.75
  SINCE JAN 1     24.13                     17.84   6.29    28.98

SNOWFALL (IN)
  TODAY            0.0           0.0    MM   0.0    0.0      0.0
  MONTH TO DATE    0.0                       0.0    0.0      0.0
  SINCE JUN 1      0.0                       0.0    0.0      0.0
  SINCE JUL 1      0.0                       0.0    0.0      0.0

DEGREE DAYS
 HEATING
  TODAY            0                         0      0        0
  MONTH TO DATE    2                         0      2        1
  SINCE JUN 1     14                        48    -34       44
  SINCE JUL 1      2                         0      2        1

 COOLING
  TODAY           10                         9      1        6
  MONTH TO DATE   79                       107    -28       91
  SINCE JUN 1    277                       272      5      247
  SINCE JAN 1    338                       326     12      331
..................................................................


WIND (MPH)
  HIGHEST WIND SPEED    22   HIGHEST WIND DIRECTION    SW (220)
  HIGHEST GUST SPEED    28   HIGHEST GUST DIRECTION    SW (230)
  AVERAGE WIND SPEED    11.2


SKY COVER
  POSSIBLE SUNSHINE  MM
  AVERAGE SKY COVER 0.9


WEATHER CONDITIONS
 THE FOLLOWING WEATHER WAS RECORDED TODAY.
  LIGHT RAIN
  FOG
  HAZE


RELATIVE HUMIDITY (PERCENT)
 HIGHEST    90           800 AM
 LOWEST     57           200 AM
 AVERAGE    74

..........................................................


THE CHICAGO-OHARE IL CLIMATE NORMALS FOR TOMORROW
                         NORMAL    RECORD    YEAR
 MAXIMUM TEMPERATURE (F)   85       104      1995
 MINIMUM TEMPERATURE (F)   64        52      1975


SUNRISE AND SUNSET
JULY 12 2014..........SUNRISE   527 AM CDT   SUNSET   827 PM CDT
JULY 13 2014..........SUNRISE   528 AM CDT   SUNSET   827 PM CDT


-  INDICATES NEGATIVE NUMBERS.
R  INDICATES RECORD WAS SET OR TIED.
MM INDICATES DATA IS MISSING.
T  INDICATES TRACE AMOUNT.




$$
