000
CDUS43 KLOT 100631
CLIORD


CLIMATE REPORT
NATIONAL WEATHER SERVICE CHICAGO IL
130 AM CDT SUN JUL 10 2016


...................................

...THE CHICAGO-OHARE CLIMATE SUMMARY FOR JULY 9 2016...

CLIMATE NORMAL PERIOD 1981 TO 2010
CLIMATE RECORD PERIOD 1871 TO 2016


WEATHER ITEM   OBSERVED TIME   RECORD YEAR NORMAL DEPARTURE LAST
                VALUE   (LST)  VALUE       VALUE  FROM      YEAR
                                                  NORMAL
..................................................................
TEMPERATURE (F)
 YESTERDAY
  MAXIMUM         79    201 PM  98    1974  85     -6       77
  MINIMUM         65   1159 PM  50    1895  64      1       58
  AVERAGE         72                        74     -2       68

PRECIPITATION (IN)
  YESTERDAY        0.00          2.43 1946   0.12  -0.12      T
  MONTH TO DATE    1.92                      0.96   0.96     0.83
  SINCE JUN 1      4.77                      4.41   0.36     7.95
  SINCE JAN 1     18.41                     17.49   0.92    19.44

SNOWFALL (IN)
  YESTERDAY        0.0           0.0    MM   0.0    0.0      0.0
  MONTH TO DATE    0.0                       0.0    0.0      0.0
  SINCE JUN 1      0.0                       0.0    0.0       T
  SINCE JUL 1      0.0                       0.0    0.0      0.0
  SNOW DEPTH       0

DEGREE DAYS
 HEATING
  YESTERDAY        0                         0      0        0
  MONTH TO DATE    0                         0      0       13
  SINCE JUN 1     13                        48    -35       52
  SINCE JUL 1      0                         0      0       13

 COOLING
  YESTERDAY        7                         9     -2        3
  MONTH TO DATE   66                        80    -14       26
  SINCE JUN 1    282                       245     37      144
  SINCE JAN 1    356                       299     57      197
..................................................................


WIND (MPH)
  HIGHEST WIND SPEED    18   HIGHEST WIND DIRECTION    NW (330)
  HIGHEST GUST SPEED    23   HIGHEST GUST DIRECTION    NW (330)
  AVERAGE WIND SPEED     9.4


SKY COVER
  POSSIBLE SUNSHINE  MM
  AVERAGE SKY COVER 0.2


WEATHER CONDITIONS
 THE FOLLOWING WEATHER WAS RECORDED YESTERDAY.
  NO SIGNIFICANT WEATHER WAS OBSERVED.


RELATIVE HUMIDITY (PERCENT)
 HIGHEST    81           300 AM
 LOWEST     50          1100 AM
 AVERAGE    66

..........................................................


THE CHICAGO-OHARE CLIMATE NORMALS FOR TODAY
                         NORMAL    RECORD    YEAR
 MAXIMUM TEMPERATURE (F)   85       102      1936
                                             1901
 MINIMUM TEMPERATURE (F)   64        50      1997
                                             1996


SUNRISE AND SUNSET
JULY 10 2016..........SUNRISE   526 AM CDT   SUNSET   828 PM CDT
JULY 11 2016..........SUNRISE   527 AM CDT   SUNSET   827 PM CDT


-  INDICATES NEGATIVE NUMBERS.
R  INDICATES RECORD WAS SET OR TIED.
MM INDICATES DATA IS MISSING.
T  INDICATES TRACE AMOUNT.




$$
