026
CDUS43 KLOT 112235
CLIORD


CLIMATE REPORT
NATIONAL WEATHER SERVICE CHICAGO IL
433 PM CST WED JAN 11 2017


...................................

...THE CHICAGO-OHARE IL CLIMATE SUMMARY FOR JANUARY 11 2017...
VALID TODAY AS OF 0400 PM LOCAL TIME.

CLIMATE NORMAL PERIOD 1981 TO 2010
CLIMATE RECORD PERIOD 1871 TO 2017


WEATHER ITEM   OBSERVED TIME   RECORD YEAR NORMAL DEPARTURE LAST
                VALUE   (LST)  VALUE       VALUE  FROM      YEAR
                                                  NORMAL
..................................................................
TEMPERATURE (F)
 TODAY
  MAXIMUM         43    357 PM  61    1880  31     12       24
  MINIMUM         25    506 AM -11    1977  16      9       -1
                                      1888
                                      1887
  AVERAGE         34                        24     10       12

PRECIPITATION (IN)
  TODAY            0.01          0.64 1918   0.06  -0.05     0.11
  MONTH TO DATE    0.34                      0.68  -0.34     0.58
  SINCE DEC 1      2.11                      2.93  -0.82     5.45
  SINCE JAN 1      0.34                      0.68  -0.34     0.58

SNOWFALL (IN)
  TODAY            0.0           5.9  2011   0.3   -0.3      3.1
                                      1918
  MONTH TO DATE    0.2                       3.6   -3.4      4.8
  SINCE DEC 1     17.9                      11.8    6.1      9.3
  SINCE JUL 1     17.9                      13.2    4.7     20.5

DEGREE DAYS
 HEATING
  TODAY           31                        41    -10       53
  MONTH TO DATE  480                       451     29      423
  SINCE DEC 1   1711                      1606    105     1223
  SINCE JUL 1   2540                      2862   -322     2196

 COOLING
  TODAY            0                         0      0        0
  MONTH TO DATE    0                         0      0        0
  SINCE DEC 1      0                         0      0        0
  SINCE JAN 1      0                         0      0        0
..................................................................


WIND (MPH)
  HIGHEST WIND SPEED    21   HIGHEST WIND DIRECTION     W (260)
  HIGHEST GUST SPEED    25   HIGHEST GUST DIRECTION     W (250)
  AVERAGE WIND SPEED    11.0


SKY COVER
  POSSIBLE SUNSHINE  MM
  AVERAGE SKY COVER 0.9


WEATHER CONDITIONS
 THE FOLLOWING WEATHER WAS RECORDED TODAY.
  LIGHT RAIN
  FOG
  FOG W/VISIBILITY <= 1/4 MILE


RELATIVE HUMIDITY (PERCENT)
 HIGHEST   100           300 PM
 LOWEST     70          1100 AM
 AVERAGE    85

..........................................................


THE CHICAGO-OHARE IL CLIMATE NORMALS FOR TOMORROW
                         NORMAL    RECORD    YEAR
 MAXIMUM TEMPERATURE (F)   31        62      2005
                                             1890
 MINIMUM TEMPERATURE (F)   16       -14      1918


SUNRISE AND SUNSET
JANUARY 11 2017.......SUNRISE   718 AM CST   SUNSET   441 PM CST
JANUARY 12 2017.......SUNRISE   718 AM CST   SUNSET   442 PM CST


-  INDICATES NEGATIVE NUMBERS.
R  INDICATES RECORD WAS SET OR TIED.
MM INDICATES DATA IS MISSING.
T  INDICATES TRACE AMOUNT.




$$
