000
CDUS43 KLOT 152245
CLIORD


CLIMATE REPORT
NATIONAL WEATHER SERVICE CHICAGO IL
442 PM CST MON DEC 15 2014


...................................

...THE CHICAGO-OHARE IL CLIMATE SUMMARY FOR DECEMBER 15 2014...
VALID TODAY AS OF 0400 PM LOCAL TIME.

CLIMATE NORMAL PERIOD 1981 TO 2010
CLIMATE RECORD PERIOD 1871 TO 2014


WEATHER ITEM   OBSERVED TIME   RECORD YEAR NORMAL DEPARTURE LAST
                VALUE   (LST)  VALUE       VALUE  FROM      YEAR
                                                  NORMAL
..................................................................
TEMPERATURE (F)
 TODAY
  MAXIMUM         46    145 PM  64    1971  35     11       22
  MINIMUM         44    830 AM -12    1901  21     23       10
  AVERAGE         45                        28     17       16

PRECIPITATION (IN)
  TODAY            T             1.10 1971   0.07  -0.07      T
  MONTH TO DATE    0.20                      1.26  -1.06     0.64
  SINCE DEC 1      0.20                      1.26  -1.06     0.64
  SINCE JAN 1     38.88                     35.90   2.98    40.79

SNOWFALL (IN)
  TODAY            0.0           8.0  1987   0.3   -0.3      0.2
  MONTH TO DATE    T                         3.5   -3.5      8.4
  SINCE DEC 1      T                         3.5   -3.5      8.4
  SINCE JUL 1      2.9                       4.9   -2.0      9.3

DEGREE DAYS
 HEATING
  TODAY           20                        37    -17       49
  MONTH TO DATE  474                       526    -52      621
  SINCE DEC 1    474                       526    -52      621
  SINCE JUL 1   1917                      1782    135     1904

 COOLING
  TODAY            0                         0      0        0
  MONTH TO DATE    0                         0      0        0
  SINCE DEC 1      0                         0      0        0
  SINCE JAN 1    799                       843    -44      933
..................................................................


WIND (MPH)
  HIGHEST WIND SPEED    17   HIGHEST WIND DIRECTION    SE (150)
  HIGHEST GUST SPEED    24   HIGHEST GUST DIRECTION    SE (130)
  AVERAGE WIND SPEED    11.2


SKY COVER
  POSSIBLE SUNSHINE  MM
  AVERAGE SKY COVER 1.0


WEATHER CONDITIONS
 THE FOLLOWING WEATHER WAS RECORDED TODAY.
  LIGHT RAIN
  FOG


RELATIVE HUMIDITY (PERCENT)
 HIGHEST   100          1200 AM
 LOWEST     86           100 PM
 AVERAGE    93

..........................................................


THE CHICAGO-OHARE IL CLIMATE NORMALS FOR TOMORROW
                         NORMAL    RECORD    YEAR
 MAXIMUM TEMPERATURE (F)   34        60      1984
 MINIMUM TEMPERATURE (F)   20       -12      1951


SUNRISE AND SUNSET
DECEMBER 15 2014......SUNRISE   712 AM CST   SUNSET   421 PM CST
DECEMBER 16 2014......SUNRISE   713 AM CST   SUNSET   421 PM CST


-  INDICATES NEGATIVE NUMBERS.
R  INDICATES RECORD WAS SET OR TIED.
MM INDICATES DATA IS MISSING.
T  INDICATES TRACE AMOUNT.




$$
