000
CDUS43 KLOT 060635
CLIORD


CLIMATE REPORT
NATIONAL WEATHER SERVICE CHICAGO IL
135 AM CDT TUE JUN 6 2017


...................................

...THE CHICAGO-OHARE CLIMATE SUMMARY FOR JUNE 5 2017...

CLIMATE NORMAL PERIOD 1981 TO 2010
CLIMATE RECORD PERIOD 1871 TO 2017


WEATHER ITEM   OBSERVED TIME   RECORD YEAR NORMAL DEPARTURE LAST
                VALUE   (LST)  VALUE       VALUE  FROM      YEAR
                                                  NORMAL
..................................................................
TEMPERATURE (F)
 YESTERDAY
  MAXIMUM         75    732 AM  97    1971  76     -1       79
  MINIMUM         59   1111 PM  37    1945  55      4       61
  AVERAGE         67                        66      1       70

PRECIPITATION (IN)
  YESTERDAY        0.00          1.00 1932   0.12  -0.12     0.05
  MONTH TO DATE    T                         0.61  -0.61     0.88
  SINCE JUN 1      T                         0.61  -0.61     0.88
  SINCE JAN 1     18.11                     13.69   4.42    14.52

SNOWFALL (IN)
  YESTERDAY        0.0           0.0    MM   0.0    0.0      0.0
  MONTH TO DATE    0.0                       0.0    0.0      0.0
  SINCE JUN 1      0.0                       0.0    0.0      0.0
  SINCE JUL 1     26.1                      36.3  -10.2     31.2
  SNOW DEPTH       0

DEGREE DAYS
 HEATING
  YESTERDAY        0                         3     -3        0
  MONTH TO DATE    0                        17    -17        0
  SINCE JUN 1      0                        17    -17        0
  SINCE JUL 1   5284                      6309  -1025     5415

 COOLING
  YESTERDAY        2                         3     -1        5
  MONTH TO DATE   28                        15     13       21
  SINCE JUN 1     28                        15     13       21
  SINCE JAN 1     61                        69     -8       95
..................................................................


WIND (MPH)
  HIGHEST WIND SPEED    25   HIGHEST WIND DIRECTION     N (20)
  HIGHEST GUST SPEED    32   HIGHEST GUST DIRECTION    NE (30)
  AVERAGE WIND SPEED    14.1


SKY COVER
  POSSIBLE SUNSHINE  MM
  AVERAGE SKY COVER 0.1


WEATHER CONDITIONS
 THE FOLLOWING WEATHER WAS RECORDED YESTERDAY.
  HAZE


RELATIVE HUMIDITY (PERCENT)
 HIGHEST    84           400 AM
 LOWEST     42          1000 PM
 AVERAGE    63

..........................................................


THE CHICAGO-OHARE CLIMATE NORMALS FOR TODAY
                         NORMAL    RECORD    YEAR
 MAXIMUM TEMPERATURE (F)   77        97      1971
 MINIMUM TEMPERATURE (F)   55        39      1985


SUNRISE AND SUNSET
JUNE  6 2017..........SUNRISE   517 AM CDT   SUNSET   824 PM CDT
JUNE  7 2017..........SUNRISE   516 AM CDT   SUNSET   825 PM CDT


-  INDICATES NEGATIVE NUMBERS.
R  INDICATES RECORD WAS SET OR TIED.
MM INDICATES DATA IS MISSING.
T  INDICATES TRACE AMOUNT.




$$
