000
CDUS43 KLOT 182139
CLIORD

CLIMATE REPORT
NATIONAL WEATHER SERVICE CHICAGO IL
436 PM CDT TUE AUG 18 2015

...................................
...THE CHICAGO-OHARE IL CLIMATE SUMMARY FOR AUGUST 18 2015...
VALID TODAY AS OF 0400 PM LOCAL TIME.

CLIMATE NORMAL PERIOD 1981 TO 2010
CLIMATE RECORD PERIOD 1871 TO 2015


WEATHER ITEM   OBSERVED TIME   RECORD YEAR NORMAL DEPARTURE LAST
                VALUE   (LST)  VALUE       VALUE  FROM      YEAR
                                                  NORMAL
..................................................................
TEMPERATURE (F)
 TODAY
  MAXIMUM         83    251 PM  98    1947  82      1       83
  MINIMUM         67    627 AM  49    1963  63      4       65
  AVERAGE         75                        72      3       74

PRECIPITATION (IN)
  TODAY            0.13          2.85 1990   0.17  -0.04     0.00
  MONTH TO DATE    1.15                      2.98  -1.83     3.83
  SINCE JUN 1     11.12                     10.13   0.99    13.78
  SINCE JAN 1     22.61                     23.21  -0.60    28.61

SNOWFALL (IN)
  TODAY            0.0           0.0    MM   0.0    0.0      0.0
  MONTH TO DATE    0.0                       0.0    0.0      0.0
  SINCE JUN 1      T                         0.0    0.0      0.0
  SINCE JUL 1      0.0                       0.0    0.0      0.0

DEGREE DAYS
 HEATING
  TODAY            0                         0      0        0
  MONTH TO DATE    0                         0      0        0
  SINCE JUN 1     52                        52      0       17
  SINCE JUL 1     13                         4      9        5

 COOLING
  TODAY           10                         8      2        9
  MONTH TO DATE  188                       151     37      120
  SINCE JUN 1    552                       599    -47      497
  SINCE JAN 1    605                       653    -48      558
..................................................................
WIND (MPH)
  HIGHEST WIND SPEED    14   HIGHEST WIND DIRECTION     S (180)
  HIGHEST GUST SPEED    19   HIGHEST GUST DIRECTION     S (190)
  AVERAGE WIND SPEED     7.2


SKY COVER
  POSSIBLE SUNSHINE  MM
  AVERAGE SKY COVER 0.7


WEATHER CONDITIONS
 THE FOLLOWING WEATHER WAS RECORDED TODAY.
  LIGHT RAIN
  FOG


RELATIVE HUMIDITY (PERCENT)
 HIGHEST    97           100 AM
 LOWEST     58           300 PM
 AVERAGE    78

..........................................................


THE CHICAGO-OHARE IL CLIMATE NORMALS FOR TOMORROW
                         NORMAL    RECORD    YEAR
 MAXIMUM TEMPERATURE (F)   82        99      1983
                                             1947
 MINIMUM TEMPERATURE (F)   63        51      1992


SUNRISE AND SUNSET
AUGUST 18 2015........SUNRISE   602 AM CDT   SUNSET   748 PM CDT
AUGUST 19 2015........SUNRISE   603 AM CDT   SUNSET   746 PM CDT


-  INDICATES NEGATIVE NUMBERS.
R  INDICATES RECORD WAS SET OR TIED.
MM INDICATES DATA IS MISSING.
T  INDICATES TRACE AMOUNT.

$$
