000
CDUS43 KLOT 080650
CLIORD


CLIMATE REPORT
NATIONAL WEATHER SERVICE CHICAGO IL
1250 AM CST WED MAR 8 2017


...................................

...THE CHICAGO-OHARE CLIMATE SUMMARY FOR MARCH 7 2017...

CLIMATE NORMAL PERIOD 1981 TO 2010
CLIMATE RECORD PERIOD 1871 TO 2017


WEATHER ITEM   OBSERVED TIME   RECORD YEAR NORMAL DEPARTURE LAST
                VALUE   (LST)  VALUE       VALUE  FROM      YEAR
                                                  NORMAL
..................................................................
TEMPERATURE (F)
 YESTERDAY
  MAXIMUM         65    122 AM  78    2000  43     22       63
  MINIMUM         44   1104 PM  -2    1943  26     18       44
  AVERAGE         55                        35     20       54

PRECIPITATION (IN)
  YESTERDAY        0.24          1.15 1872   0.08   0.16     0.03
  MONTH TO DATE    0.37                      0.55  -0.18     0.27
  SINCE MAR 1      0.37                      0.55  -0.18     0.27
  SINCE JAN 1      4.76                      4.07   0.69     2.34

SNOWFALL (IN)
  YESTERDAY       MM            10.9  1931   0.3   MM        0.0
  MONTH TO DATE    0.1                       1.7   -1.6      2.6
  SINCE MAR 1      0.1                       1.7   -1.6      2.6
  SINCE JUL 1     18.4                      31.2  -12.8     30.1
  SNOW DEPTH       0

DEGREE DAYS
 HEATING
  YESTERDAY       10                        30    -20       11
  MONTH TO DATE  159                       220    -61      218
  SINCE MAR 1    159                       220    -61      218
  SINCE JUL 1   4084                      4954   -870     4226

 COOLING
  YESTERDAY        0                         0      0        0
  MONTH TO DATE    0                         0      0        0
  SINCE MAR 1      0                         0      0        0
  SINCE JAN 1      0                         0      0        0
..................................................................


WIND (MPH)
  HIGHEST WIND SPEED    36   HIGHEST WIND DIRECTION     W (250)
  HIGHEST GUST SPEED    49   HIGHEST GUST DIRECTION    SW (220)
  AVERAGE WIND SPEED    19.2


SKY COVER
  POSSIBLE SUNSHINE  MM
  AVERAGE SKY COVER 0.6


WEATHER CONDITIONS
 THE FOLLOWING WEATHER WAS RECORDED YESTERDAY.
  THUNDERSTORM
  RAIN
  LIGHT RAIN
  FOG


RELATIVE HUMIDITY (PERCENT)
 HIGHEST    77           500 AM
 LOWEST     30           300 PM
 AVERAGE    54

..........................................................


THE CHICAGO-OHARE CLIMATE NORMALS FOR TODAY
                         NORMAL    RECORD    YEAR
 MAXIMUM TEMPERATURE (F)   43        78      2000
 MINIMUM TEMPERATURE (F)   27        -7      1943


SUNRISE AND SUNSET
MARCH  8 2017.........SUNRISE   615 AM CST   SUNSET   550 PM CST
MARCH  9 2017.........SUNRISE   613 AM CST   SUNSET   552 PM CST


-  INDICATES NEGATIVE NUMBERS.
R  INDICATES RECORD WAS SET OR TIED.
MM INDICATES DATA IS MISSING.
T  INDICATES TRACE AMOUNT.




$$
