000
CDUS43 KLOT 030653
CLIORD


CLIMATE REPORT
NATIONAL WEATHER SERVICE CHICAGO IL
1251 AM CST WED FEB 3 2016


...................................

...THE CHICAGO-OHARE CLIMATE SUMMARY FOR FEBRUARY 2 2016...

CLIMATE NORMAL PERIOD 1981 TO 2010
CLIMATE RECORD PERIOD 1871 TO 2016


WEATHER ITEM   OBSERVED TIME   RECORD YEAR NORMAL DEPARTURE LAST
                VALUE   (LST)  VALUE       VALUE  FROM      YEAR
                                                  NORMAL
..................................................................
TEMPERATURE (F)
 YESTERDAY
  MAXIMUM         38    941 PM  51    1992  32      6       19
  MINIMUM         32    104 AM -16    1996  17     15        6
  AVERAGE         35                        24     11       13

PRECIPITATION (IN)
  YESTERDAY        0.46          1.45 1983   0.05   0.41     0.05
  MONTH TO DATE    0.46                      0.10   0.36     0.92
  SINCE DEC 1      6.17                      4.08   2.09     3.12
  SINCE JAN 1      1.30                      1.83  -0.53     2.33

SNOWFALL (IN)
  YESTERDAY        0.0           6.6  2011   0.3   -0.3      1.8
  MONTH TO DATE    0.0                       0.7   -0.7     18.0
  SINCE DEC 1     10.8                      20.0   -9.2     31.9
  SINCE JUL 1     22.0                      21.4    0.6     34.8
  SNOW DEPTH       0

DEGREE DAYS
 HEATING
  YESTERDAY       30                        40    -10       52
  MONTH TO DATE   57                        81    -24       92
  SINCE DEC 1   2096                      2515   -419     2424
  SINCE JUL 1   3069                      3771   -702     3867

 COOLING
  YESTERDAY        0                         0      0        0
  MONTH TO DATE    0                         0      0        0
  SINCE DEC 1      0                         0      0        0
  SINCE JAN 1      0                         0      0        0
..................................................................


WIND (MPH)
  HIGHEST WIND SPEED    33   HIGHEST WIND DIRECTION     E (100)
  HIGHEST GUST SPEED    40   HIGHEST GUST DIRECTION     E (100)
  AVERAGE WIND SPEED    11.3


SKY COVER
  POSSIBLE SUNSHINE  MM
  AVERAGE SKY COVER 1.0


WEATHER CONDITIONS
 THE FOLLOWING WEATHER WAS RECORDED YESTERDAY.
  THUNDERSTORM
  HEAVY RAIN
  RAIN
  LIGHT RAIN
  FOG
  FOG W/VISIBILITY <= 1/4 MILE
  HAZE


RELATIVE HUMIDITY (PERCENT)
 HIGHEST   100           300 PM
 LOWEST     82           900 AM
 AVERAGE    91

..........................................................


THE CHICAGO-OHARE CLIMATE NORMALS FOR TODAY
                         NORMAL    RECORD    YEAR
 MAXIMUM TEMPERATURE (F)   32        59      1992
 MINIMUM TEMPERATURE (F)   17       -19      1996


SUNRISE AND SUNSET
FEBRUARY  3 2016......SUNRISE   703 AM CST   SUNSET   509 PM CST
FEBRUARY  4 2016......SUNRISE   702 AM CST   SUNSET   510 PM CST


-  INDICATES NEGATIVE NUMBERS.
R  INDICATES RECORD WAS SET OR TIED.
MM INDICATES DATA IS MISSING.
T  INDICATES TRACE AMOUNT.




$$
