000
CDUS43 KLOT 100632
CLIORD


CLIMATE REPORT
NATIONAL WEATHER SERVICE CHICAGO IL
131 AM CDT SUN AUG 10 2014


...................................

...THE CHICAGO-OHARE CLIMATE SUMMARY FOR AUGUST 9 2014...

CLIMATE NORMAL PERIOD 1981 TO 2010
CLIMATE RECORD PERIOD 1871 TO 2014


WEATHER ITEM   OBSERVED TIME   RECORD YEAR NORMAL DEPARTURE LAST
                VALUE   (LST)  VALUE       VALUE  FROM      YEAR
                                                  NORMAL
..................................................................
TEMPERATURE (F)
 YESTERDAY
  MAXIMUM         80   1122 AM  97    1913  83     -3       82
  MINIMUM         66    505 AM  51    1972  64      2       59
  AVERAGE         73                        73      0       71

PRECIPITATION (IN)
  YESTERDAY        0.00          1.60 1952   0.17  -0.17      T
  MONTH TO DATE    2.91                      1.45   1.46     0.74
  SINCE JUN 1     12.86                      8.60   4.26     9.19
  SINCE JAN 1     27.69                     21.68   6.01    31.42

SNOWFALL (IN)
  YESTERDAY        0.0           0.0    MM   0.0    0.0      0.0
  MONTH TO DATE    0.0                       0.0    0.0      0.0
  SINCE JUN 1      0.0                       0.0    0.0      0.0
  SINCE JUL 1      0.0                       0.0    0.0      0.0
  SNOW DEPTH       0

DEGREE DAYS
 HEATING
  YESTERDAY        0                         0      0        0
  MONTH TO DATE    0                         0      0        0
  SINCE JUN 1     17                        52    -35       52
  SINCE JUL 1      5                         4      1        9

 COOLING
  YESTERDAY        8                         8      0        6
  MONTH TO DATE   75                        79     -4       63
  SINCE JUN 1    452                       527    -75      487
  SINCE JAN 1    513                       581    -68      571
..................................................................


WIND (MPH)
  HIGHEST WIND SPEED    18   HIGHEST WIND DIRECTION    NE (50)
  HIGHEST GUST SPEED    22   HIGHEST GUST DIRECTION     E (70)
  AVERAGE WIND SPEED     9.1


SKY COVER
  POSSIBLE SUNSHINE  MM
  AVERAGE SKY COVER 0.5


WEATHER CONDITIONS
 THE FOLLOWING WEATHER WAS RECORDED YESTERDAY.
  NO SIGNIFICANT WEATHER WAS OBSERVED.


RELATIVE HUMIDITY (PERCENT)
 HIGHEST    73          1200 AM
 LOWEST     42           100 PM
 AVERAGE    58

..........................................................


THE CHICAGO-OHARE CLIMATE NORMALS FOR TODAY
                         NORMAL    RECORD    YEAR
 MAXIMUM TEMPERATURE (F)   83        99      1944
 MINIMUM TEMPERATURE (F)   64        49      1982
                                             1972


SUNRISE AND SUNSET
AUGUST 10 2014........SUNRISE   554 AM CDT   SUNSET   759 PM CDT
AUGUST 11 2014........SUNRISE   555 AM CDT   SUNSET   758 PM CDT


-  INDICATES NEGATIVE NUMBERS.
R  INDICATES RECORD WAS SET OR TIED.
MM INDICATES DATA IS MISSING.
T  INDICATES TRACE AMOUNT.




$$
