000
CDUS43 KLOT 032134
CLIORD


CLIMATE REPORT
NATIONAL WEATHER SERVICE CHICAGO IL
433 PM CDT SAT JUN 3 2017


...................................

...THE CHICAGO-OHARE IL CLIMATE SUMMARY FOR JUNE 3 2017...
VALID TODAY AS OF 0400 PM LOCAL TIME.

CLIMATE NORMAL PERIOD 1981 TO 2010
CLIMATE RECORD PERIOD 1871 TO 2017


WEATHER ITEM   OBSERVED TIME   RECORD YEAR NORMAL DEPARTURE LAST
                VALUE   (LST)  VALUE       VALUE  FROM      YEAR
                                                  NORMAL
..................................................................
TEMPERATURE (F)
 TODAY
  MAXIMUM         84    221 PM  95    1895  76      8       84
  MINIMUM         57    331 AM  37    1945  54      3       55
  AVERAGE         71                        65      6       70

PRECIPITATION (IN)
  TODAY            0.00          2.90 1885   0.12  -0.12     0.00
  MONTH TO DATE    0.00                      0.36  -0.36     0.42
  SINCE JUN 1      0.00                      0.36  -0.36     0.42
  SINCE JAN 1     18.11                     13.44   4.67    14.06

SNOWFALL (IN)
  TODAY            0.0           0.0    MM   0.0    0.0      0.0
  MONTH TO DATE    0.0                       0.0    0.0      0.0
  SINCE JUN 1      0.0                       0.0    0.0      0.0
  SINCE JUL 1     26.1                      36.3  -10.2     31.2

DEGREE DAYS
 HEATING
  TODAY            0                         3     -3        0
  MONTH TO DATE    0                        11    -11        0
  SINCE JUN 1      0                        11    -11        0
  SINCE JUL 1   5284                      6303  -1019     5415

 COOLING
  TODAY            6                         3      3        5
  MONTH TO DATE   12                         9      3       14
  SINCE JUN 1     12                         9      3       14
  SINCE JAN 1     45                        63    -18       88
..................................................................


WIND (MPH)
  HIGHEST WIND SPEED    20   HIGHEST WIND DIRECTION    NE (40)
  HIGHEST GUST SPEED    23   HIGHEST GUST DIRECTION    NE (50)
  AVERAGE WIND SPEED     5.3


SKY COVER
  POSSIBLE SUNSHINE  MM
  AVERAGE SKY COVER 0.4


WEATHER CONDITIONS
 THE FOLLOWING WEATHER WAS RECORDED TODAY.
  HAZE


RELATIVE HUMIDITY (PERCENT)
 HIGHEST    55           300 AM
 LOWEST     34          1000 AM
 AVERAGE    45

..........................................................


THE CHICAGO-OHARE IL CLIMATE NORMALS FOR TOMORROW
                         NORMAL    RECORD    YEAR
 MAXIMUM TEMPERATURE (F)   76        97      1977
 MINIMUM TEMPERATURE (F)   54        35      1945


SUNRISE AND SUNSET
JUNE  3 2017..........SUNRISE   518 AM CDT   SUNSET   822 PM CDT
JUNE  4 2017..........SUNRISE   517 AM CDT   SUNSET   823 PM CDT


-  INDICATES NEGATIVE NUMBERS.
R  INDICATES RECORD WAS SET OR TIED.
MM INDICATES DATA IS MISSING.
T  INDICATES TRACE AMOUNT.




$$
