000
CDUS43 KLOT 262135
CLIORD


CLIMATE REPORT
NATIONAL WEATHER SERVICE CHICAGO IL
434 PM CDT MON SEP 26 2016


...................................

...THE CHICAGO-OHARE IL CLIMATE SUMMARY FOR SEPTEMBER 26 2016...
VALID TODAY AS OF 0400 PM LOCAL TIME.

CLIMATE NORMAL PERIOD 1981 TO 2010
CLIMATE RECORD PERIOD 1871 TO 2016


WEATHER ITEM   OBSERVED TIME   RECORD YEAR NORMAL DEPARTURE LAST
                VALUE   (LST)  VALUE       VALUE  FROM      YEAR
                                                  NORMAL
..................................................................
TEMPERATURE (F)
 TODAY
  MAXIMUM         69    259 PM  90    1998  71     -2       75
  MINIMUM         58    726 AM  35    1928  50      8       60
  AVERAGE         64                        60      4       68

PRECIPITATION (IN)
  TODAY            T             2.71 1933   0.11  -0.11     0.00
  MONTH TO DATE    1.15                      2.83  -1.68     4.24
  SINCE SEP 1      1.15                      2.83  -1.68     4.24
  SINCE JAN 1     28.13                     27.96   0.17    27.86

SNOWFALL (IN)
  TODAY            0.0           0.0    MM   0.0    0.0      0.0
  MONTH TO DATE    0.0                       0.0    0.0      0.0
  SINCE SEP 1      0.0                       0.0    0.0      0.0
  SINCE JUL 1      0.0                       0.0    0.0       T

DEGREE DAYS
 HEATING
  TODAY            1                         6     -5        0
  MONTH TO DATE    2                        77    -75       26
  SINCE SEP 1      2                        77    -75       26
  SINCE JUL 1      2                        90    -88       44

 COOLING
  TODAY            0                         1     -1        3
  MONTH TO DATE  165                        88     77      155
  SINCE SEP 1    165                        88     77      155
  SINCE JAN 1   1130                       828    302      796
..................................................................


WIND (MPH)
  HIGHEST WIND SPEED    29   HIGHEST WIND DIRECTION     W (260)
  HIGHEST GUST SPEED    36   HIGHEST GUST DIRECTION     W (290)
  AVERAGE WIND SPEED    16.2


SKY COVER
  POSSIBLE SUNSHINE  MM
  AVERAGE SKY COVER 0.4


WEATHER CONDITIONS
 THE FOLLOWING WEATHER WAS RECORDED TODAY.
  LIGHT RAIN


RELATIVE HUMIDITY (PERCENT)
 HIGHEST    72           600 AM
 LOWEST     26           300 PM
 AVERAGE    49

..........................................................


THE CHICAGO-OHARE IL CLIMATE NORMALS FOR TOMORROW
                         NORMAL    RECORD    YEAR
 MAXIMUM TEMPERATURE (F)   70        91      1971
 MINIMUM TEMPERATURE (F)   49        31      1942


SUNRISE AND SUNSET
SEPTEMBER 26 2016.....SUNRISE   644 AM CDT   SUNSET   641 PM CDT
SEPTEMBER 27 2016.....SUNRISE   645 AM CDT   SUNSET   639 PM CDT


-  INDICATES NEGATIVE NUMBERS.
R  INDICATES RECORD WAS SET OR TIED.
MM INDICATES DATA IS MISSING.
T  INDICATES TRACE AMOUNT.




$$
