000
CDUS43 KLOT 242134
CLIORD


CLIMATE REPORT
NATIONAL WEATHER SERVICE CHICAGO IL
434 PM CDT TUE MAY 24 2016


...................................

...THE CHICAGO-OHARE IL CLIMATE SUMMARY FOR MAY 24 2016...
VALID TODAY AS OF 0400 PM LOCAL TIME.

CLIMATE NORMAL PERIOD 1981 TO 2010
CLIMATE RECORD PERIOD 1871 TO 2016


WEATHER ITEM   OBSERVED TIME   RECORD YEAR NORMAL DEPARTURE LAST
                VALUE   (LST)  VALUE       VALUE  FROM      YEAR
                                                  NORMAL
..................................................................
TEMPERATURE (F)
 TODAY
  MAXIMUM         86    247 PM  93    1950  73     13       72
                                      1921
  MINIMUM         60    549 AM  34    1992  51      9       59
  AVERAGE         73                        62     11       66

PRECIPITATION (IN)
  TODAY            0.00          1.62 1927   0.11  -0.11     0.36
  MONTH TO DATE    3.66                      2.85   0.81     3.48
  SINCE MAR 1      9.80                      8.73   1.07     7.45
  SINCE JAN 1     11.87                     12.25  -0.38    10.31

SNOWFALL (IN)
  TODAY            0.0           T    1925   0.0    0.0      0.0
  MONTH TO DATE    0.0                       0.0    0.0      0.0
  SINCE MAR 1      3.7                       6.8   -3.1      7.1
  SINCE JUL 1     31.2                      36.6   -5.4     50.7

DEGREE DAYS
 HEATING
  TODAY            0                         5     -5        0
  MONTH TO DATE  225                       193     32      164
  SINCE MAR 1   1407                      1526   -119     1534
  SINCE JUL 1   5415                      6260   -845     6714

 COOLING
  TODAY            8                         2      6        1
  MONTH TO DATE    8                        28    -20       30
  SINCE MAR 1     15                        38    -23       30
  SINCE JAN 1     15                        38    -23       30
..................................................................


WIND (MPH)
  HIGHEST WIND SPEED    21   HIGHEST WIND DIRECTION     S (200)
  HIGHEST GUST SPEED    28   HIGHEST GUST DIRECTION    SW (210)
  AVERAGE WIND SPEED    10.6


SKY COVER
  POSSIBLE SUNSHINE  MM
  AVERAGE SKY COVER 0.7


WEATHER CONDITIONS
 THE FOLLOWING WEATHER WAS RECORDED TODAY.
  NO SIGNIFICANT WEATHER WAS OBSERVED.


RELATIVE HUMIDITY (PERCENT)
 HIGHEST    64           600 AM
 LOWEST     29           300 PM
 AVERAGE    47

..........................................................


THE CHICAGO-OHARE IL CLIMATE NORMALS FOR TOMORROW
                         NORMAL    RECORD    YEAR
 MAXIMUM TEMPERATURE (F)   73        94      1911
 MINIMUM TEMPERATURE (F)   51        32      1992


SUNRISE AND SUNSET
MAY 24 2016...........SUNRISE   523 AM CDT   SUNSET   814 PM CDT
MAY 25 2016...........SUNRISE   522 AM CDT   SUNSET   815 PM CDT


-  INDICATES NEGATIVE NUMBERS.
R  INDICATES RECORD WAS SET OR TIED.
MM INDICATES DATA IS MISSING.
T  INDICATES TRACE AMOUNT.




$$
