000
CDUS43 KLOT 082241
CLIORD


CLIMATE REPORT
NATIONAL WEATHER SERVICE CHICAGO IL
440 PM CST MON FEB 8 2016


...................................

...THE CHICAGO-OHARE IL CLIMATE SUMMARY FOR FEBRUARY 8 2016...
VALID TODAY AS OF 0400 PM LOCAL TIME.

CLIMATE NORMAL PERIOD 1981 TO 2010
CLIMATE RECORD PERIOD 1871 TO 2016


WEATHER ITEM   OBSERVED TIME   RECORD YEAR NORMAL DEPARTURE LAST
                VALUE   (LST)  VALUE       VALUE  FROM      YEAR
                                                  NORMAL
..................................................................
TEMPERATURE (F)
 TODAY
  MAXIMUM         32    612 AM  62    1925  33     -1       39
                                      1900
  MINIMUM         28    359 PM -17    1899  18     10       25
  AVERAGE         30                        26      4       32

PRECIPITATION (IN)
  TODAY            T             1.10 1887   0.05  -0.05     0.01
  MONTH TO DATE    0.81                      0.41   0.40     1.04
  SINCE DEC 1      6.52                      4.39   2.13     3.24
  SINCE JAN 1      1.65                      2.14  -0.49     2.45

SNOWFALL (IN)
  TODAY            T             5.0  1903   0.3   -0.3       T
  MONTH TO DATE    T                         2.8   -2.8     19.9
  SINCE DEC 1     10.8                      22.1  -11.3     33.8
  SINCE JUL 1     22.0                      23.5   -1.5     36.7

DEGREE DAYS
 HEATING
  TODAY           35                        39     -4       33
  MONTH TO DATE  257                       320    -63      362
  SINCE DEC 1   2296                      2754   -458     2694
  SINCE JUL 1   3269                      4010   -741     4137

 COOLING
  TODAY            0                         0      0        0
  MONTH TO DATE    0                         0      0        0
  SINCE DEC 1      0                         0      0        0
  SINCE JAN 1      0                         0      0        0
..................................................................


WIND (MPH)
  HIGHEST WIND SPEED    18   HIGHEST WIND DIRECTION     W (290)
  HIGHEST GUST SPEED    25   HIGHEST GUST DIRECTION     W (280)
  AVERAGE WIND SPEED     8.7


SKY COVER
  POSSIBLE SUNSHINE  MM
  AVERAGE SKY COVER 0.7


WEATHER CONDITIONS
 THE FOLLOWING WEATHER WAS RECORDED TODAY.
  LIGHT SNOW
  FOG


RELATIVE HUMIDITY (PERCENT)
 HIGHEST    92           400 AM
 LOWEST     75          1100 AM
 AVERAGE    84

..........................................................


THE CHICAGO-OHARE IL CLIMATE NORMALS FOR TOMORROW
                         NORMAL    RECORD    YEAR
 MAXIMUM TEMPERATURE (F)   33        56      1886
 MINIMUM TEMPERATURE (F)   18       -21      1899


SUNRISE AND SUNSET
FEBRUARY  8 2016......SUNRISE   657 AM CST   SUNSET   515 PM CST
FEBRUARY  9 2016......SUNRISE   656 AM CST   SUNSET   516 PM CST


-  INDICATES NEGATIVE NUMBERS.
R  INDICATES RECORD WAS SET OR TIED.
MM INDICATES DATA IS MISSING.
T  INDICATES TRACE AMOUNT.




$$
