000
CDUS43 KLOT 210633
CLIORD


CLIMATE REPORT
NATIONAL WEATHER SERVICE CHICAGO IL
1233 AM CST SUN JAN 21 2018


...................................

...THE CHICAGO-OHARE CLIMATE SUMMARY FOR JANUARY 20 2018...

CLIMATE NORMAL PERIOD 1981 TO 2010
CLIMATE RECORD PERIOD 1871 TO 2018


WEATHER ITEM   OBSERVED TIME   RECORD YEAR NORMAL DEPARTURE LAST
                VALUE   (LST)  VALUE       VALUE  FROM      YEAR
                                                  NORMAL
..................................................................
TEMPERATURE (F)
 YESTERDAY
  MAXIMUM         45    352 PM  63    1906  31     14       43
  MINIMUM         32    740 AM -27    1985  16     16       38
  AVERAGE         39                        23     16       41

PRECIPITATION (IN)
  YESTERDAY        0.00          1.13 1898   0.06  -0.06     0.18
  MONTH TO DATE    0.63                      1.18  -0.55     2.73
  SINCE DEC 1      1.22                      3.43  -2.21     4.50
  SINCE JAN 1      0.63                      1.18  -0.55     2.73

SNOWFALL (IN)
  YESTERDAY        0.0           8.0  1886   0.4   -0.4      0.0
  MONTH TO DATE    3.8                       6.8   -3.0      0.4
  SINCE DEC 1      9.1                      15.0   -5.9     18.1
  SINCE JUL 1      9.2                      16.4   -7.2     18.1
  SNOW DEPTH       0

DEGREE DAYS
 HEATING
  YESTERDAY       26                        42    -16       24
  MONTH TO DATE  916                       826     90      782
  SINCE DEC 1   2081                      1981    100     2013
  SINCE JUL 1   3124                      3237   -113     2842

 COOLING
  YESTERDAY        0                         0      0        0
  MONTH TO DATE    0                         0      0        0
  SINCE DEC 1      0                         0      0        0
  SINCE JAN 1      0                         0      0        0
..................................................................


WIND (MPH)
  HIGHEST WIND SPEED    15   HIGHEST WIND DIRECTION    SW (220)
  HIGHEST GUST SPEED    22   HIGHEST GUST DIRECTION    SW (220)
  AVERAGE WIND SPEED     8.2


SKY COVER
  POSSIBLE SUNSHINE  MM
  AVERAGE SKY COVER 0.8


WEATHER CONDITIONS
 THE FOLLOWING WEATHER WAS RECORDED YESTERDAY.
  FOG


RELATIVE HUMIDITY (PERCENT)
 HIGHEST    85           900 PM
 LOWEST     58           100 PM
 AVERAGE    72

..........................................................


THE CHICAGO-OHARE CLIMATE NORMALS FOR TODAY
                         NORMAL    RECORD    YEAR
 MAXIMUM TEMPERATURE (F)   31        62      1906
 MINIMUM TEMPERATURE (F)   16       -22      1984


SUNRISE AND SUNSET
JANUARY 21 2018.......SUNRISE   714 AM CST   SUNSET   453 PM CST
JANUARY 22 2018.......SUNRISE   713 AM CST   SUNSET   454 PM CST


-  INDICATES NEGATIVE NUMBERS.
R  INDICATES RECORD WAS SET OR TIED.
MM INDICATES DATA IS MISSING.
T  INDICATES TRACE AMOUNT.




$$
