000
CDUS43 KLOT 270638
CLIORD


CLIMATE REPORT
NATIONAL WEATHER SERVICE CHICAGO IL
137 AM CDT WED AUG 27 2014


...................................

...THE CHICAGO-OHARE CLIMATE SUMMARY FOR AUGUST 26 2014...

CLIMATE NORMAL PERIOD 1981 TO 2010
CLIMATE RECORD PERIOD 1871 TO 2014


WEATHER ITEM   OBSERVED TIME   RECORD YEAR NORMAL DEPARTURE LAST
                VALUE   (LST)  VALUE       VALUE  FROM      YEAR
                                                  NORMAL
..................................................................
TEMPERATURE (F)
 YESTERDAY
  MAXIMUM         85    451 PM  97    1973  81      4       92
                                      1953
  MINIMUM         71   1159 PM  47    1887  62      9       70
  AVERAGE         78                        71      7       81

PRECIPITATION (IN)
  YESTERDAY        0.12          2.46 1987   0.15  -0.03     0.00
  MONTH TO DATE    6.95                      4.20   2.75     1.26
  SINCE JUN 1     16.90                     11.35   5.55     9.71
  SINCE JAN 1     31.73                     24.43   7.30    31.94

SNOWFALL (IN)
  YESTERDAY        0.0           0.0    MM   0.0    0.0      0.0
  MONTH TO DATE    0.0                       0.0    0.0      0.0
  SINCE JUN 1      0.0                       0.0    0.0      0.0
  SINCE JUL 1      0.0                       0.0    0.0      0.0
  SNOW DEPTH       0

DEGREE DAYS
 HEATING
  YESTERDAY        0                         0      0        0
  MONTH TO DATE    0                         0      0        2
  SINCE JUN 1     17                        52    -35       54
  SINCE JUL 1      5                         4      1       11

 COOLING
  YESTERDAY       13                         7      6       16
  MONTH TO DATE  222                       208     14      183
  SINCE JUN 1    599                       656    -57      607
  SINCE JAN 1    660                       710    -50      691
..................................................................


WIND (MPH)
  HIGHEST WIND SPEED    31   HIGHEST WIND DIRECTION    NW (330)
  HIGHEST GUST SPEED    37   HIGHEST GUST DIRECTION    NW (330)
  AVERAGE WIND SPEED     6.1


SKY COVER
  POSSIBLE SUNSHINE  MM
  AVERAGE SKY COVER 0.6


WEATHER CONDITIONS
 THE FOLLOWING WEATHER WAS RECORDED YESTERDAY.
  THUNDERSTORM
  HEAVY RAIN
  LIGHT RAIN
  HAZE


RELATIVE HUMIDITY (PERCENT)
 HIGHEST    79          1000 PM
 LOWEST     51           500 PM
 AVERAGE    65

..........................................................


THE CHICAGO-OHARE CLIMATE NORMALS FOR TODAY
                         NORMAL    RECORD    YEAR
 MAXIMUM TEMPERATURE (F)   81        97      1973
                                             1953
                                             1948
 MINIMUM TEMPERATURE (F)   62        47      1982


SUNRISE AND SUNSET
AUGUST 27 2014........SUNRISE   612 AM CDT   SUNSET   733 PM CDT
AUGUST 28 2014........SUNRISE   613 AM CDT   SUNSET   732 PM CDT


-  INDICATES NEGATIVE NUMBERS.
R  INDICATES RECORD WAS SET OR TIED.
MM INDICATES DATA IS MISSING.
T  INDICATES TRACE AMOUNT.




$$
