000
CDUS43 KLOT 052140
CLIORD


CLIMATE REPORT
NATIONAL WEATHER SERVICE CHICAGO IL
438 PM CDT SUN JUL 5 2015


...................................

...THE CHICAGO-OHARE IL CLIMATE SUMMARY FOR JULY 5 2015...
VALID TODAY AS OF 0400 PM LOCAL TIME.

CLIMATE NORMAL PERIOD 1981 TO 2010
CLIMATE RECORD PERIOD 1871 TO 2015


WEATHER ITEM   OBSERVED TIME   RECORD YEAR NORMAL DEPARTURE LAST
                VALUE   (LST)  VALUE       VALUE  FROM      YEAR
                                                  NORMAL
..................................................................
TEMPERATURE (F)
 TODAY
  MAXIMUM         83    257 PM 103    2012  84     -1       77
  MINIMUM         60    352 AM  46    1972  63     -3       60
  AVERAGE         72                        74     -2       69

PRECIPITATION (IN)
  TODAY            0.00          1.48 1930   0.10  -0.10      T
  MONTH TO DATE    0.00                      0.50  -0.50     0.19
  SINCE JUN 1      7.12                      3.95   3.17     8.00
  SINCE JAN 1     18.61                     17.03   1.58    22.83

SNOWFALL (IN)
  TODAY            0.0           0.0    MM   0.0    0.0      0.0
  MONTH TO DATE    0.0                       0.0    0.0      0.0
  SINCE JUN 1      T                         0.0    0.0      0.0
  SINCE JUL 1      0.0                       0.0    0.0      0.0

DEGREE DAYS
 HEATING
  TODAY            0                         0      0        0
  MONTH TO DATE    7                         0      7        2
  SINCE JUN 1     46                        48     -2       14
  SINCE JUL 1      7                         0      7        2

 COOLING
  TODAY            7                         9     -2        4
  MONTH TO DATE   13                        44    -31       18
  SINCE JUN 1    131                       209    -78      216
  SINCE JAN 1    184                       263    -79      277
..................................................................


WIND (MPH)
  HIGHEST WIND SPEED    13   HIGHEST WIND DIRECTION     S (190)
  HIGHEST GUST SPEED    16   HIGHEST GUST DIRECTION     S (180)
  AVERAGE WIND SPEED     3.7


SKY COVER
  POSSIBLE SUNSHINE  MM
  AVERAGE SKY COVER 0.2


WEATHER CONDITIONS
 THE FOLLOWING WEATHER WAS RECORDED TODAY.
  FOG
  HAZE


RELATIVE HUMIDITY (PERCENT)
 HIGHEST    90           300 AM
 LOWEST     46           100 PM
 AVERAGE    68

..........................................................


THE CHICAGO-OHARE IL CLIMATE NORMALS FOR TOMORROW
                         NORMAL    RECORD    YEAR
 MAXIMUM TEMPERATURE (F)   84       103      2012
 MINIMUM TEMPERATURE (F)   63        46      1983


SUNRISE AND SUNSET
JULY  5 2015..........SUNRISE   522 AM CDT   SUNSET   830 PM CDT
JULY  6 2015..........SUNRISE   523 AM CDT   SUNSET   830 PM CDT


-  INDICATES NEGATIVE NUMBERS.
R  INDICATES RECORD WAS SET OR TIED.
MM INDICATES DATA IS MISSING.
T  INDICATES TRACE AMOUNT.




$$
