000
CDUS43 KLOT 262145
CLIORD


CLIMATE REPORT
NATIONAL WEATHER SERVICE CHICAGO IL
444 PM CDT TUE AUG 26 2014


...................................

...THE CHICAGO-OHARE IL CLIMATE SUMMARY FOR AUGUST 26 2014...
VALID TODAY AS OF 0400 PM LOCAL TIME.

CLIMATE NORMAL PERIOD 1981 TO 2010
CLIMATE RECORD PERIOD 1871 TO 2014


WEATHER ITEM   OBSERVED TIME   RECORD YEAR NORMAL DEPARTURE LAST
                VALUE   (LST)  VALUE       VALUE  FROM      YEAR
                                                  NORMAL
..................................................................
TEMPERATURE (F)
 TODAY
  MAXIMUM         83    259 PM  97    1973  81      2       92
                                      1953
  MINIMUM         71   1012 AM  47    1887  62      9       70
  AVERAGE         77                        71      6       81

PRECIPITATION (IN)
  TODAY            0.12          2.46 1987   0.15  -0.03     0.00
  MONTH TO DATE    6.95                      4.20   2.75     1.26
  SINCE JUN 1     16.90                     11.35   5.55     9.71
  SINCE JAN 1     31.73                     24.43   7.30    31.94

SNOWFALL (IN)
  TODAY            0.0           0.0    MM   0.0    0.0      0.0
  MONTH TO DATE    0.0                       0.0    0.0      0.0
  SINCE JUN 1      0.0                       0.0    0.0      0.0
  SINCE JUL 1      0.0                       0.0    0.0      0.0

DEGREE DAYS
 HEATING
  TODAY            0                         0      0        0
  MONTH TO DATE    0                         0      0        2
  SINCE JUN 1     17                        52    -35       54
  SINCE JUL 1      5                         4      1       11

 COOLING
  TODAY           12                         7      5       16
  MONTH TO DATE  221                       208     13      183
  SINCE JUN 1    598                       656    -58      607
  SINCE JAN 1    659                       710    -51      691
..................................................................


WIND (MPH)
  HIGHEST WIND SPEED    31   HIGHEST WIND DIRECTION    NW (330)
  HIGHEST GUST SPEED    37   HIGHEST GUST DIRECTION    NW (330)
  AVERAGE WIND SPEED     5.7


SKY COVER
  POSSIBLE SUNSHINE  MM
  AVERAGE SKY COVER 0.6


WEATHER CONDITIONS
 THE FOLLOWING WEATHER WAS RECORDED TODAY.
  THUNDERSTORM
  HEAVY RAIN
  LIGHT RAIN
  HAZE


RELATIVE HUMIDITY (PERCENT)
 HIGHEST    73           600 AM
 LOWEST     58           300 PM
 AVERAGE    66

..........................................................


THE CHICAGO-OHARE IL CLIMATE NORMALS FOR TOMORROW
                         NORMAL    RECORD    YEAR
 MAXIMUM TEMPERATURE (F)   81        97      1973
                                             1953
                                             1948
 MINIMUM TEMPERATURE (F)   62        47      1982


SUNRISE AND SUNSET
AUGUST 26 2014........SUNRISE   611 AM CDT   SUNSET   735 PM CDT
AUGUST 27 2014........SUNRISE   612 AM CDT   SUNSET   733 PM CDT


-  INDICATES NEGATIVE NUMBERS.
R  INDICATES RECORD WAS SET OR TIED.
MM INDICATES DATA IS MISSING.
T  INDICATES TRACE AMOUNT.




$$
