000
CDUS43 KLOT 292146
CLIORD


CLIMATE REPORT
NATIONAL WEATHER SERVICE CHICAGO IL
445 PM CDT FRI AUG 29 2014


...................................

...THE CHICAGO-OHARE IL CLIMATE SUMMARY FOR AUGUST 29 2014...
VALID TODAY AS OF 0400 PM LOCAL TIME.

CLIMATE NORMAL PERIOD 1981 TO 2010
CLIMATE RECORD PERIOD 1871 TO 2014


WEATHER ITEM   OBSERVED TIME   RECORD YEAR NORMAL DEPARTURE LAST
                VALUE   (LST)  VALUE       VALUE  FROM      YEAR
                                                  NORMAL
..................................................................
TEMPERATURE (F)
 TODAY
  MAXIMUM         86    259 PM  98    1953  80      6       89
  MINIMUM         71    557 AM  43    1982  61     10       66
                                      1965
  AVERAGE         79                        71      8       78

PRECIPITATION (IN)
  TODAY            0.00          2.02 1955   0.13  -0.13     0.00
  MONTH TO DATE    6.95                      4.62   2.33     1.26
  SINCE JUN 1     16.90                     11.77   5.13     9.71
  SINCE JAN 1     31.73                     24.85   6.88    31.94

SNOWFALL (IN)
  TODAY            0.0           0.0    MM   0.0    0.0      0.0
  MONTH TO DATE    0.0                       0.0    0.0      0.0
  SINCE JUN 1      0.0                       0.0    0.0      0.0
  SINCE JUL 1      0.0                       0.0    0.0      0.0

DEGREE DAYS
 HEATING
  TODAY            0                         1     -1        0
  MONTH TO DATE    0                         2     -2        2
  SINCE JUN 1     17                        54    -37       54
  SINCE JUL 1      5                         6     -1       11

 COOLING
  TODAY           14                         6      8       13
  MONTH TO DATE  253                       227     26      230
  SINCE JUN 1    630                       675    -45      654
  SINCE JAN 1    691                       729    -38      738
..................................................................


WIND (MPH)
  HIGHEST WIND SPEED    16   HIGHEST WIND DIRECTION     S (160)
  HIGHEST GUST SPEED    21   HIGHEST GUST DIRECTION    SE (150)
  AVERAGE WIND SPEED     9.6


SKY COVER
  POSSIBLE SUNSHINE  MM
  AVERAGE SKY COVER 0.9


WEATHER CONDITIONS
 THE FOLLOWING WEATHER WAS RECORDED TODAY.
  NO SIGNIFICANT WEATHER WAS OBSERVED.


RELATIVE HUMIDITY (PERCENT)
 HIGHEST    84          1200 AM
 LOWEST     57           300 PM
 AVERAGE    71

..........................................................


THE CHICAGO-OHARE IL CLIMATE NORMALS FOR TOMORROW
                         NORMAL    RECORD    YEAR
 MAXIMUM TEMPERATURE (F)   80        96      2013
                                             1953
                                             1925
 MINIMUM TEMPERATURE (F)   61        47      1946
                                             1915


SUNRISE AND SUNSET
AUGUST 29 2014........SUNRISE   614 AM CDT   SUNSET   730 PM CDT
AUGUST 30 2014........SUNRISE   615 AM CDT   SUNSET   728 PM CDT


-  INDICATES NEGATIVE NUMBERS.
R  INDICATES RECORD WAS SET OR TIED.
MM INDICATES DATA IS MISSING.
T  INDICATES TRACE AMOUNT.




$$
