007
CDUS43 KLOT 230631
CLIORD


CLIMATE REPORT
NATIONAL WEATHER SERVICE CHICAGO IL
131 AM CDT TUE AUG 23 2016


...................................

...THE CHICAGO-OHARE CLIMATE SUMMARY FOR AUGUST 22 2016...

CLIMATE NORMAL PERIOD 1981 TO 2010
CLIMATE RECORD PERIOD 1871 TO 2016


WEATHER ITEM   OBSERVED TIME   RECORD YEAR NORMAL DEPARTURE LAST
                VALUE   (LST)  VALUE       VALUE  FROM      YEAR
                                                  NORMAL
..................................................................
TEMPERATURE (F)
 YESTERDAY
  MAXIMUM         78    347 PM  99    1936  82     -4       81
  MINIMUM         56    510 AM  49    2004  63     -7       60
  AVERAGE         67                        72     -5       71

PRECIPITATION (IN)
  YESTERDAY        0.00          4.45 2002   0.15  -0.15     0.00
  MONTH TO DATE    2.34                      3.60  -1.26     1.42
  SINCE JUN 1     11.42                     10.75   0.67    11.39
  SINCE JAN 1     25.06                     23.83   1.23    22.88

SNOWFALL (IN)
  YESTERDAY        0.0           0.0    MM   0.0    0.0      0.0
  MONTH TO DATE    0.0                       0.0    0.0       T
  SINCE JUN 1      0.0                       0.0    0.0       T
  SINCE JUL 1      0.0                       0.0    0.0       T
  SNOW DEPTH       0

DEGREE DAYS
 HEATING
  YESTERDAY        0                         0      0        0
  MONTH TO DATE    0                         0      0        0
  SINCE JUN 1     13                        52    -39       52
  SINCE JUL 1      0                         4     -4       13

 COOLING
  YESTERDAY        2                         7     -5        6
  MONTH TO DATE  252                       180     72      204
  SINCE JUN 1    800                       628    172      568
  SINCE JAN 1    874                       682    192      621
..................................................................


WIND (MPH)
  HIGHEST WIND SPEED    14   HIGHEST WIND DIRECTION     S (170)
  HIGHEST GUST SPEED    26   HIGHEST GUST DIRECTION    SW (220)
  AVERAGE WIND SPEED     5.0


SKY COVER
  POSSIBLE SUNSHINE  MM
  AVERAGE SKY COVER 0.1


WEATHER CONDITIONS
 THE FOLLOWING WEATHER WAS RECORDED YESTERDAY.
  NO SIGNIFICANT WEATHER WAS OBSERVED.


RELATIVE HUMIDITY (PERCENT)
 HIGHEST    86           200 AM
 LOWEST     40           200 PM
 AVERAGE    63

..........................................................


THE CHICAGO-OHARE CLIMATE NORMALS FOR TODAY
                         NORMAL    RECORD    YEAR
 MAXIMUM TEMPERATURE (F)   81        97      1947
 MINIMUM TEMPERATURE (F)   62        48      1904


SUNRISE AND SUNSET
AUGUST 23 2016........SUNRISE   608 AM CDT   SUNSET   739 PM CDT
AUGUST 24 2016........SUNRISE   609 AM CDT   SUNSET   737 PM CDT


-  INDICATES NEGATIVE NUMBERS.
R  INDICATES RECORD WAS SET OR TIED.
MM INDICATES DATA IS MISSING.
T  INDICATES TRACE AMOUNT.




$$
