454
CDUS43 KLOT 022136
CLIORD


CLIMATE REPORT
NATIONAL WEATHER SERVICE CHICAGO IL
435 PM CDT MON MAY 2 2016


...................................

...THE CHICAGO-OHARE IL CLIMATE SUMMARY FOR MAY 2 2016...
VALID TODAY AS OF 0400 PM LOCAL TIME.

CLIMATE NORMAL PERIOD 1981 TO 2010
CLIMATE RECORD PERIOD 1871 TO 2016


WEATHER ITEM   OBSERVED TIME   RECORD YEAR NORMAL DEPARTURE LAST
                VALUE   (LST)  VALUE       VALUE  FROM      YEAR
                                                  NORMAL
..................................................................
TEMPERATURE (F)
 TODAY
  MAXIMUM         58    252 PM  91    1959  66     -8       76
  MINIMUM         44    544 AM  27    1875  44      0       50
  AVERAGE         51                        55     -4       63

PRECIPITATION (IN)
  TODAY            0.00          1.28 2008   0.12  -0.12     0.00
  MONTH TO DATE    0.51                      0.23   0.28     0.00
  SINCE MAR 1      6.65                      6.11   0.54     3.97
  SINCE JAN 1      8.72                      9.63  -0.91     6.83

SNOWFALL (IN)
  TODAY            0.0           0.6  1940   0.0    0.0      0.0
  MONTH TO DATE    0.0                       0.0    0.0      0.0
  SINCE MAR 1      3.7                       6.8   -3.1      7.1
  SINCE JUL 1     31.2                      36.6   -5.4     50.7

DEGREE DAYS
 HEATING
  TODAY           14                        11      3        2
  MONTH TO DATE   33                        22     11       14
  SINCE MAR 1   1215                      1355   -140     1384
  SINCE JUL 1   5223                      6089   -866     6564

 COOLING
  TODAY            0                         0      0        0
  MONTH TO DATE    0                         0      0        0
  SINCE MAR 1      7                        10     -3        0
  SINCE JAN 1      7                        10     -3        0
..................................................................


WIND (MPH)
  HIGHEST WIND SPEED    18   HIGHEST WIND DIRECTION    NE (50)
  HIGHEST GUST SPEED    24   HIGHEST GUST DIRECTION    NE (50)
  AVERAGE WIND SPEED    13.1


SKY COVER
  POSSIBLE SUNSHINE  MM
  AVERAGE SKY COVER 0.8


WEATHER CONDITIONS
 THE FOLLOWING WEATHER WAS RECORDED TODAY.
  NO SIGNIFICANT WEATHER WAS OBSERVED.


RELATIVE HUMIDITY (PERCENT)
 HIGHEST    92          1200 AM
 LOWEST     40           300 PM
 AVERAGE    66

..........................................................


THE CHICAGO-OHARE IL CLIMATE NORMALS FOR TOMORROW
                         NORMAL    RECORD    YEAR
 MAXIMUM TEMPERATURE (F)   66        92      1955
 MINIMUM TEMPERATURE (F)   45        30      2004


SUNRISE AND SUNSET
MAY  2 2016...........SUNRISE   546 AM CDT   SUNSET   752 PM CDT
MAY  3 2016...........SUNRISE   544 AM CDT   SUNSET   753 PM CDT


-  INDICATES NEGATIVE NUMBERS.
R  INDICATES RECORD WAS SET OR TIED.
MM INDICATES DATA IS MISSING.
T  INDICATES TRACE AMOUNT.




$$
