000
CDUS43 KLOT 222132
CLIORD


CLIMATE REPORT
NATIONAL WEATHER SERVICE CHICAGO IL
431 PM CDT SUN MAY 22 2016


...................................

...THE CHICAGO-OHARE IL CLIMATE SUMMARY FOR MAY 22 2016...
VALID TODAY AS OF 0400 PM LOCAL TIME.

CLIMATE NORMAL PERIOD 1981 TO 2010
CLIMATE RECORD PERIOD 1871 TO 2016


WEATHER ITEM   OBSERVED TIME   RECORD YEAR NORMAL DEPARTURE LAST
                VALUE   (LST)  VALUE       VALUE  FROM      YEAR
                                                  NORMAL
..................................................................
TEMPERATURE (F)
 TODAY
  MAXIMUM         77    233 PM  94    1925  72      5       66
  MINIMUM         53    334 AM  36    2006  50      3       47
  AVERAGE         65                        61      4       57

PRECIPITATION (IN)
  TODAY            0.00          1.62 1983   0.12  -0.12     0.00
  MONTH TO DATE    3.66                      2.61   1.05     3.12
  SINCE MAR 1      9.80                      8.49   1.31     7.09
  SINCE JAN 1     11.87                     12.01  -0.14     9.95

SNOWFALL (IN)
  TODAY            0.0           T    2011   0.0    0.0      0.0
                                      1917
  MONTH TO DATE    0.0                       0.0    0.0      0.0
  SINCE MAR 1      3.7                       6.8   -3.1      7.1
  SINCE JUL 1     31.2                      36.6   -5.4     50.7

DEGREE DAYS
 HEATING
  TODAY            0                         6     -6        8
  MONTH TO DATE  225                       182     43      162
  SINCE MAR 1   1407                      1515   -108     1532
  SINCE JUL 1   5415                      6249   -834     6712

 COOLING
  TODAY            0                         2     -2        0
  MONTH TO DATE    0                        24    -24       29
  SINCE MAR 1      7                        34    -27       29
  SINCE JAN 1      7                        34    -27       29
..................................................................


WIND (MPH)
  HIGHEST WIND SPEED    14   HIGHEST WIND DIRECTION    NE (40)
  HIGHEST GUST SPEED    20   HIGHEST GUST DIRECTION    NE (50)
  AVERAGE WIND SPEED     8.3


SKY COVER
  POSSIBLE SUNSHINE  MM
  AVERAGE SKY COVER 0.2


WEATHER CONDITIONS
 THE FOLLOWING WEATHER WAS RECORDED TODAY.
  NO SIGNIFICANT WEATHER WAS OBSERVED.


RELATIVE HUMIDITY (PERCENT)
 HIGHEST    66           100 AM
 LOWEST     31           100 PM
 AVERAGE    49

..........................................................


THE CHICAGO-OHARE IL CLIMATE NORMALS FOR TOMORROW
                         NORMAL    RECORD    YEAR
 MAXIMUM TEMPERATURE (F)   72        92      1977
                                             1964
                                             1921
 MINIMUM TEMPERATURE (F)   50        37      1917


SUNRISE AND SUNSET
MAY 22 2016...........SUNRISE   525 AM CDT   SUNSET   813 PM CDT
MAY 23 2016...........SUNRISE   524 AM CDT   SUNSET   814 PM CDT


-  INDICATES NEGATIVE NUMBERS.
R  INDICATES RECORD WAS SET OR TIED.
MM INDICATES DATA IS MISSING.
T  INDICATES TRACE AMOUNT.




$$
