976
CDUS43 KLOT 130633
CLIORD


CLIMATE REPORT
NATIONAL WEATHER SERVICE CHICAGO IL
1232 AM CST WED DEC 13 2017


...................................

...THE CHICAGO-OHARE CLIMATE SUMMARY FOR DECEMBER 12 2017...

CLIMATE NORMAL PERIOD 1981 TO 2010
CLIMATE RECORD PERIOD 1871 TO 2017


WEATHER ITEM   OBSERVED TIME   RECORD YEAR NORMAL DEPARTURE LAST
                VALUE   (LST)  VALUE       VALUE  FROM      YEAR
                                                  NORMAL
..................................................................
TEMPERATURE (F)
 YESTERDAY
  MAXIMUM         31   1218 AM  61    1877  35     -4       32
  MINIMUM         17    807 AM  -8    2000  21     -4        7
  AVERAGE         24                        28     -4       20

PRECIPITATION (IN)
  YESTERDAY        T             1.76 1972   0.07  -0.07     0.00
  MONTH TO DATE    0.28                      1.04  -0.76     1.07
  SINCE DEC 1      0.28                      1.04  -0.76     1.07
  SINCE JAN 1     42.79                     35.68   7.11    35.27

SNOWFALL (IN)
  YESTERDAY        T            11.0  1903   0.3   -0.3      0.0
  MONTH TO DATE    2.0                       2.7   -0.7     14.2
  SINCE DEC 1      2.0                       2.7   -0.7     14.2
  SINCE JUL 1      2.1                       4.1   -2.0     14.2
  SNOW DEPTH       1

DEGREE DAYS
 HEATING
  YESTERDAY       41                        37      4       45
  MONTH TO DATE  368                       415    -47      440
  SINCE DEC 1    368                       415    -47      440
  SINCE JUL 1   1411                      1671   -260     1269

 COOLING
  YESTERDAY        0                         0      0        0
  MONTH TO DATE    0                         0      0        0
  SINCE DEC 1      0                         0      0        0
  SINCE JAN 1    991                       843    148     1157
..................................................................


WIND (MPH)
  HIGHEST WIND SPEED    30   HIGHEST WIND DIRECTION     N (350)
  HIGHEST GUST SPEED    36   HIGHEST GUST DIRECTION     N (340)
  AVERAGE WIND SPEED    13.4


SKY COVER
  POSSIBLE SUNSHINE  MM
  AVERAGE SKY COVER 0.5


WEATHER CONDITIONS
 THE FOLLOWING WEATHER WAS RECORDED YESTERDAY.
  LIGHT SNOW


RELATIVE HUMIDITY (PERCENT)
 HIGHEST    67           700 PM
 LOWEST     52           100 PM
 AVERAGE    60

..........................................................


THE CHICAGO-OHARE CLIMATE NORMALS FOR TODAY
                         NORMAL    RECORD    YEAR
 MAXIMUM TEMPERATURE (F)   35        67      1975
 MINIMUM TEMPERATURE (F)   21       -13      1903


SUNRISE AND SUNSET
DECEMBER 13 2017......SUNRISE   711 AM CST   SUNSET   421 PM CST
DECEMBER 14 2017......SUNRISE   712 AM CST   SUNSET   421 PM CST


-  INDICATES NEGATIVE NUMBERS.
R  INDICATES RECORD WAS SET OR TIED.
MM INDICATES DATA IS MISSING.
T  INDICATES TRACE AMOUNT.




$$
