000
CDUS43 KLOT 052149
CLIORD

CLIMATE REPORT
NATIONAL WEATHER SERVICE CHICAGO IL
437 PM CDT SAT JUL 5 2014

...................................
...THE CHICAGO-OHARE IL CLIMATE SUMMARY FOR JULY 5 2014...
VALID TODAY AS OF 0400 PM LOCAL TIME.

CLIMATE NORMAL PERIOD 1981 TO 2010
CLIMATE RECORD PERIOD 1871 TO 2014

WEATHER ITEM   OBSERVED TIME   RECORD YEAR NORMAL DEPARTURE LAST
                VALUE   (LST)  VALUE       VALUE  FROM      YEAR
                                                  NORMAL
..................................................................
TEMPERATURE (F)
 TODAY
  MAXIMUM         77   254 PM    103  2012    84     -7       86
  MINIMUM         60   346 AM     46  1972    63     -3       60
  AVERAGE         69                          74     -5       73

PRECIPITATION (IN)
  TODAY           0.00          1.48  1930  0.10  -0.10     0.00
  MONTH TO DATE   0.19                      0.50  -0.31     0.02
  SINCE JUN 1     8.00                      3.95   4.05     6.25
  SINCE JAN 1    22.83                     17.03   5.80    28.48

SNOWFALL (IN)
  TODAY            0.0           0.0    MM   0.0    0.0      0.0
  MONTH TO DATE    0.0                       0.0    0.0      0.0
  SINCE JUN 1      0.0                       0.0    0.0      0.0
  SINCE JUL 1      0.0                       0.0    0.0      0.0

DEGREE DAYS
 HEATING
  TODAY              0                         0      0        0
  MONTH TO DATE      2                         0      2        1
  SINCE JUN 1       14                        48    -34       44
  SINCE JUL 1        2                         0      2        1

 COOLING
  TODAY              4                         9     -5        8
  MONTH TO DATE     18                        44    -26       16
  SINCE JUN 1      216                       209      7      172
  SINCE JAN 1      277                       263     14      256
..................................................................
WIND (MPH)
  HIGHEST WIND SPEED    17   HIGHEST WIND DIRECTION    SW (210)
  HIGHEST GUST SPEED    23   HIGHEST GUST DIRECTION    SW (240)
  AVERAGE WIND SPEED     8.0

SKY COVER
  POSSIBLE SUNSHINE  MM
  AVERAGE SKY COVER 0.7

WEATHER CONDITIONS
 THE FOLLOWING WEATHER WAS RECORDED TODAY.
  HAZE

RELATIVE HUMIDITY (PERCENT)
 HIGHEST    78           200 AM
 LOWEST     43          1100 AM
 AVERAGE    61

..........................................................

THE CHICAGO-OHARE IL CLIMATE NORMALS FOR TOMORROW
                         NORMAL    RECORD    YEAR
 MAXIMUM TEMPERATURE (F)   84       103      2012
 MINIMUM TEMPERATURE (F)   63        46      1983

SUNRISE AND SUNSET
JULY  5 2014..........SUNRISE   522 AM CDT   SUNSET   830 PM CDT
JULY  6 2014..........SUNRISE   523 AM CDT   SUNSET   830 PM CDT

-  INDICATES NEGATIVE NUMBERS.
R  INDICATES RECORD WAS SET OR TIED.
MM INDICATES DATA IS MISSING.
T  INDICATES TRACE AMOUNT.

$$
