000
CDUS43 KLOT 132233
CLIORD


CLIMATE REPORT
NATIONAL WEATHER SERVICE CHICAGO IL
432 PM CST TUE FEB 13 2018


...................................

...THE CHICAGO-OHARE IL CLIMATE SUMMARY FOR FEBRUARY 13 2018...
VALID TODAY AS OF 0400 PM LOCAL TIME.

CLIMATE NORMAL PERIOD 1981 TO 2010
CLIMATE RECORD PERIOD 1871 TO 2018


WEATHER ITEM   OBSERVED TIME   RECORD YEAR NORMAL DEPARTURE LAST
                VALUE   (LST)  VALUE       VALUE  FROM      YEAR
                                                  NORMAL
..................................................................
TEMPERATURE (F)
 TODAY
  MAXIMUM         35    324 PM  63    1938  35      0       44
  MINIMUM          7    236 AM -18    1905  19    -12       25
  AVERAGE         21                        27     -6       35

PRECIPITATION (IN)
  TODAY            0.00          0.78 1949   0.07  -0.07     0.00
  MONTH TO DATE    1.62                      0.72   0.90     0.47
  SINCE DEC 1      3.75                      4.70  -0.95     5.11
  SINCE JAN 1      3.16                      2.45   0.71     3.34

SNOWFALL (IN)
  TODAY            0.0           8.8  2007   0.4   -0.4      0.0
  MONTH TO DATE   18.3                       4.6   13.7       T
  SINCE DEC 1     28.2                      23.6    4.6     18.3
  SINCE JUL 1     28.3                      25.0    3.3     18.3

DEGREE DAYS
 HEATING
  TODAY           44                        38      6       30
  MONTH TO DATE  617                       513    104      452
  SINCE DEC 1   3027                      2947     80     2800
  SINCE JUL 1   4070                      4203   -133     3629

 COOLING
  TODAY            0                         0      0        0
  MONTH TO DATE    0                         0      0        0
  SINCE DEC 1      0                         0      0        0
  SINCE JAN 1      0                         0      0        0
..................................................................


WIND (MPH)
  HIGHEST WIND SPEED    14   HIGHEST WIND DIRECTION     S (180)
  HIGHEST GUST SPEED    16   HIGHEST GUST DIRECTION     S (190)
  AVERAGE WIND SPEED     5.8


SKY COVER
  POSSIBLE SUNSHINE  MM
  AVERAGE SKY COVER 0.9


WEATHER CONDITIONS
 THE FOLLOWING WEATHER WAS RECORDED TODAY.
  NO SIGNIFICANT WEATHER WAS OBSERVED.


RELATIVE HUMIDITY (PERCENT)
 HIGHEST    83           500 AM
 LOWEST     38           200 PM
 AVERAGE    61

..........................................................


THE CHICAGO-OHARE IL CLIMATE NORMALS FOR TOMORROW
                         NORMAL    RECORD    YEAR
 MAXIMUM TEMPERATURE (F)   35        62      1954
 MINIMUM TEMPERATURE (F)   20       -11      1905


SUNRISE AND SUNSET
FEBRUARY 13 2018......SUNRISE   650 AM CST   SUNSET   522 PM CST
FEBRUARY 14 2018......SUNRISE   649 AM CST   SUNSET   523 PM CST


-  INDICATES NEGATIVE NUMBERS.
R  INDICATES RECORD WAS SET OR TIED.
MM INDICATES DATA IS MISSING.
T  INDICATES TRACE AMOUNT.




$$
