000
CDUS43 KLOT 132139
CLIORD


CLIMATE REPORT
NATIONAL WEATHER SERVICE CHICAGO IL
436 PM CDT TUE JUN 13 2017


...................................

...THE CHICAGO-OHARE IL CLIMATE SUMMARY FOR JUNE 13 2017...
VALID TODAY AS OF 0400 PM LOCAL TIME.

CLIMATE NORMAL PERIOD 1981 TO 2010
CLIMATE RECORD PERIOD 1871 TO 2017


WEATHER ITEM   OBSERVED TIME   RECORD YEAR NORMAL DEPARTURE LAST
                VALUE   (LST)  VALUE       VALUE  FROM      YEAR
                                                  NORMAL
..................................................................
TEMPERATURE (F)
 TODAY
  MAXIMUM         88    104 PM  95    1956  79      9       86
                                      1954
  MINIMUM         68    311 AM  40    1985  57     11       54
  AVERAGE         78                        68     10       70

PRECIPITATION (IN)
  TODAY            0.00          4.64 1976   0.12  -0.12     0.02
  MONTH TO DATE    0.06                      1.57  -1.51     1.21
  SINCE JUN 1      0.06                      1.57  -1.51     1.21
  SINCE JAN 1     18.17                     14.65   3.52    14.85

SNOWFALL (IN)
  TODAY            0.0           0.0    MM   0.0    0.0      0.0
  MONTH TO DATE    0.0                       0.0    0.0      0.0
  SINCE JUN 1      0.0                       0.0    0.0      0.0
  SINCE JUL 1     26.1                      36.3  -10.2     31.2

DEGREE DAYS
 HEATING
  TODAY            0                         2     -2        0
  MONTH TO DATE    0                        35    -35       12
  SINCE JUN 1      0                        35    -35       12
  SINCE JUL 1   5284                      6327  -1043     5427

 COOLING
  TODAY           13                         5      8        5
  MONTH TO DATE  106                        49     57       64
  SINCE JUN 1    106                        49     57       64
  SINCE JAN 1    139                       103     36      138
..................................................................


WIND (MPH)
  HIGHEST WIND SPEED    20   HIGHEST WIND DIRECTION     N (20)
  HIGHEST GUST SPEED    24   HIGHEST GUST DIRECTION     N (20)
  AVERAGE WIND SPEED     6.2


SKY COVER
  POSSIBLE SUNSHINE  MM
  AVERAGE SKY COVER 0.7


WEATHER CONDITIONS
 THE FOLLOWING WEATHER WAS RECORDED TODAY.
  NO SIGNIFICANT WEATHER WAS OBSERVED.


RELATIVE HUMIDITY (PERCENT)
 HIGHEST    78           500 AM
 LOWEST     45           200 PM
 AVERAGE    62

..........................................................


THE CHICAGO-OHARE IL CLIMATE NORMALS FOR TOMORROW
                         NORMAL    RECORD    YEAR
 MAXIMUM TEMPERATURE (F)   79        99      1987
 MINIMUM TEMPERATURE (F)   58        45      1997


SUNRISE AND SUNSET
JUNE 13 2017..........SUNRISE   516 AM CDT   SUNSET   828 PM CDT
JUNE 14 2017..........SUNRISE   516 AM CDT   SUNSET   828 PM CDT


-  INDICATES NEGATIVE NUMBERS.
R  INDICATES RECORD WAS SET OR TIED.
MM INDICATES DATA IS MISSING.
T  INDICATES TRACE AMOUNT.




$$
