000
CDUS43 KLOT 110631
CLIORD


CLIMATE REPORT
NATIONAL WEATHER SERVICE CHICAGO IL
130 AM CDT MON JUL 11 2016


...................................

...THE CHICAGO-OHARE CLIMATE SUMMARY FOR JULY 10 2016...

CLIMATE NORMAL PERIOD 1981 TO 2010
CLIMATE RECORD PERIOD 1871 TO 2016


WEATHER ITEM   OBSERVED TIME   RECORD YEAR NORMAL DEPARTURE LAST
                VALUE   (LST)  VALUE       VALUE  FROM      YEAR
                                                  NORMAL
..................................................................
TEMPERATURE (F)
 YESTERDAY
  MAXIMUM         82    423 PM 102    1936  85     -3       83
                                      1901
  MINIMUM         60    502 AM  50    1997  64     -4       59
                                      1996
  AVERAGE         71                        74     -3       71

PRECIPITATION (IN)
  YESTERDAY        0.00          1.89 1876   0.11  -0.11     0.00
  MONTH TO DATE    1.92                      1.07   0.85     0.83
  SINCE JUN 1      4.77                      4.52   0.25     7.95
  SINCE JAN 1     18.41                     17.60   0.81    19.44

SNOWFALL (IN)
  YESTERDAY        0.0           0.0    MM   0.0    0.0      0.0
  MONTH TO DATE    0.0                       0.0    0.0      0.0
  SINCE JUN 1      0.0                       0.0    0.0       T
  SINCE JUL 1      0.0                       0.0    0.0      0.0
  SNOW DEPTH       0

DEGREE DAYS
 HEATING
  YESTERDAY        0                         0      0        0
  MONTH TO DATE    0                         0      0       13
  SINCE JUN 1     13                        48    -35       52
  SINCE JUL 1      0                         0      0       13

 COOLING
  YESTERDAY        6                         9     -3        6
  MONTH TO DATE   72                        89    -17       32
  SINCE JUN 1    288                       254     34      150
  SINCE JAN 1    362                       308     54      203
..................................................................


WIND (MPH)
  HIGHEST WIND SPEED    16   HIGHEST WIND DIRECTION     S (160)
  HIGHEST GUST SPEED    22   HIGHEST GUST DIRECTION    SE (150)
  AVERAGE WIND SPEED     4.9


SKY COVER
  POSSIBLE SUNSHINE  MM
  AVERAGE SKY COVER 0.6


WEATHER CONDITIONS
 THE FOLLOWING WEATHER WAS RECORDED YESTERDAY.
  NO SIGNIFICANT WEATHER WAS OBSERVED.


RELATIVE HUMIDITY (PERCENT)
 HIGHEST    84           200 AM
 LOWEST     40           200 PM
 AVERAGE    62

..........................................................


THE CHICAGO-OHARE CLIMATE NORMALS FOR TODAY
                         NORMAL    RECORD    YEAR
 MAXIMUM TEMPERATURE (F)   85        97      1936
 MINIMUM TEMPERATURE (F)   64        50      1996


SUNRISE AND SUNSET
JULY 11 2016..........SUNRISE   527 AM CDT   SUNSET   827 PM CDT
JULY 12 2016..........SUNRISE   527 AM CDT   SUNSET   827 PM CDT


-  INDICATES NEGATIVE NUMBERS.
R  INDICATES RECORD WAS SET OR TIED.
MM INDICATES DATA IS MISSING.
T  INDICATES TRACE AMOUNT.




$$
