000
CDUS43 KLOT 232136
CLIORD


CLIMATE REPORT
NATIONAL WEATHER SERVICE CHICAGO IL
436 PM CDT SAT MAY 23 2015


...................................

...THE CHICAGO-OHARE IL CLIMATE SUMMARY FOR MAY 23 2015...
VALID TODAY AS OF 0400 PM LOCAL TIME.

CLIMATE NORMAL PERIOD 1981 TO 2010
CLIMATE RECORD PERIOD 1871 TO 2015


WEATHER ITEM   OBSERVED TIME   RECORD YEAR NORMAL DEPARTURE LAST
                VALUE   (LST)  VALUE       VALUE  FROM      YEAR
                                                  NORMAL
..................................................................
TEMPERATURE (F)
 TODAY
  MAXIMUM         79    259 PM  92    1977  72      7       69
                                      1964
                                      1921
  MINIMUM         46    505 AM  37    1917  50     -4       48
  AVERAGE         63                        61      2       59

PRECIPITATION (IN)
  TODAY            0.00          1.23 1995   0.13  -0.13     0.00
  MONTH TO DATE    3.12                      2.74   0.38     4.74
  SINCE MAR 1      7.09                      8.62  -1.53     9.29
  SINCE JAN 1      9.95                     12.14  -2.19    14.59

SNOWFALL (IN)
  TODAY            0.0           T    1889   0.0    0.0      0.0
  MONTH TO DATE    0.0                       0.0    0.0      0.0
  SINCE MAR 1      7.1                       6.8    0.3     13.7
  SINCE JUL 1     50.7                      36.6   14.1     82.0

DEGREE DAYS
 HEATING
  TODAY            2                         6     -4        6
  MONTH TO DATE  164                       188    -24      190
  SINCE MAR 1   1534                      1521     13     1703
  SINCE JUL 1   6714                      6255    459     7118

 COOLING
  TODAY            0                         2     -2        0
  MONTH TO DATE   29                        26      3       35
  SINCE MAR 1     29                        36     -7       36
  SINCE JAN 1     29                        36     -7       36
..................................................................


WIND (MPH)
  HIGHEST WIND SPEED    15   HIGHEST WIND DIRECTION    SW (230)
  HIGHEST GUST SPEED    20   HIGHEST GUST DIRECTION     W (260)
  AVERAGE WIND SPEED     6.8


SKY COVER
  POSSIBLE SUNSHINE  MM
  AVERAGE SKY COVER 0.4


WEATHER CONDITIONS
 THE FOLLOWING WEATHER WAS RECORDED TODAY.
  NO SIGNIFICANT WEATHER WAS OBSERVED.


RELATIVE HUMIDITY (PERCENT)
 HIGHEST    61           400 AM
 LOWEST     25           200 PM
 AVERAGE    43

..........................................................


THE CHICAGO-OHARE IL CLIMATE NORMALS FOR TOMORROW
                         NORMAL    RECORD    YEAR
 MAXIMUM TEMPERATURE (F)   73        93      1950
                                             1921
 MINIMUM TEMPERATURE (F)   51        34      1992


SUNRISE AND SUNSET
MAY 23 2015...........SUNRISE   524 AM CDT   SUNSET   813 PM CDT
MAY 24 2015...........SUNRISE   524 AM CDT   SUNSET   814 PM CDT


-  INDICATES NEGATIVE NUMBERS.
R  INDICATES RECORD WAS SET OR TIED.
MM INDICATES DATA IS MISSING.
T  INDICATES TRACE AMOUNT.




$$
