000
CDUS43 KLOT 210632
CLIORD


CLIMATE REPORT
NATIONAL WEATHER SERVICE CHICAGO IL
132 AM CDT TUE OCT 21 2014


...................................

...THE CHICAGO-OHARE CLIMATE SUMMARY FOR OCTOBER 20 2014...

CLIMATE NORMAL PERIOD 1981 TO 2010
CLIMATE RECORD PERIOD 1871 TO 2014


WEATHER ITEM   OBSERVED TIME   RECORD YEAR NORMAL DEPARTURE LAST
                VALUE   (LST)  VALUE       VALUE  FROM      YEAR
                                                  NORMAL
..................................................................
TEMPERATURE (F)
 YESTERDAY
  MAXIMUM         65    236 PM  86    1953  61      4       61
  MINIMUM         46    628 AM  24    1930  42      4       36
                                      1895
  AVERAGE         56                        51      5       49

PRECIPITATION (IN)
  YESTERDAY        0.01          1.65 1916   0.10  -0.09     0.01
  MONTH TO DATE    2.45                      2.00   0.45     1.53
  SINCE SEP 1      5.16                      5.21  -0.05     4.10
  SINCE JAN 1     37.24                     30.34   6.90    36.47

SNOWFALL (IN)
  YESTERDAY        0.0           3.0  1952   0.0    0.0      0.0
  MONTH TO DATE    T                         0.1   -0.1      0.0
  SINCE SEP 1      T                         0.1   -0.1      0.0
  SINCE JUL 1      T                         0.1   -0.1      0.0
  SNOW DEPTH       0

DEGREE DAYS
 HEATING
  YESTERDAY        9                        14     -5       16
  MONTH TO DATE  244                       221     23      157
  SINCE SEP 1    350                       326     24      225
  SINCE JUL 1    355                       339     16      236

 COOLING
  YESTERDAY        0                         0      0        0
  MONTH TO DATE    3                        10     -7       25
  SINCE SEP 1     84                       102    -18      168
  SINCE JAN 1    799                       842    -43      933
..................................................................


WIND (MPH)
  HIGHEST WIND SPEED    18   HIGHEST WIND DIRECTION    NW (330)
  HIGHEST GUST SPEED    23   HIGHEST GUST DIRECTION    NE (40)
  AVERAGE WIND SPEED     9.3


SKY COVER
  POSSIBLE SUNSHINE  MM
  AVERAGE SKY COVER 0.5


WEATHER CONDITIONS
 THE FOLLOWING WEATHER WAS RECORDED YESTERDAY.
  NO SIGNIFICANT WEATHER WAS OBSERVED.


RELATIVE HUMIDITY (PERCENT)
 HIGHEST    86           500 AM
 LOWEST     48           200 PM
 AVERAGE    67

..........................................................


THE CHICAGO-OHARE CLIMATE NORMALS FOR TODAY
                         NORMAL    RECORD    YEAR
 MAXIMUM TEMPERATURE (F)   60        87      1953
 MINIMUM TEMPERATURE (F)   41        26      1952


SUNRISE AND SUNSET
OCTOBER 21 2014.......SUNRISE   711 AM CDT   SUNSET   601 PM CDT
OCTOBER 22 2014.......SUNRISE   712 AM CDT   SUNSET   559 PM CDT


-  INDICATES NEGATIVE NUMBERS.
R  INDICATES RECORD WAS SET OR TIED.
MM INDICATES DATA IS MISSING.
T  INDICATES TRACE AMOUNT.




$$
