820
CDUS43 KLOT 102139
CLIORD


CLIMATE REPORT
NATIONAL WEATHER SERVICE CHICAGO IL
439 PM CDT TUE OCT 10 2017


...................................

...THE CHICAGO-OHARE IL CLIMATE SUMMARY FOR OCTOBER 10 2017...
VALID TODAY AS OF 0400 PM LOCAL TIME.

CLIMATE NORMAL PERIOD 1981 TO 2010
CLIMATE RECORD PERIOD 1871 TO 2017


WEATHER ITEM   OBSERVED TIME   RECORD YEAR NORMAL DEPARTURE LAST
                VALUE   (LST)  VALUE       VALUE  FROM      YEAR
                                                  NORMAL
..................................................................
TEMPERATURE (F)
 TODAY
  MAXIMUM         63   1038 AM  86    1962  65     -2       71
  MINIMUM         59    515 AM  27    1964  44     15       45
  AVERAGE         61                        54      7       58

PRECIPITATION (IN)
  TODAY            0.00          3.94 1954   0.10  -0.10     0.00
  MONTH TO DATE    0.77                      1.00  -0.23     1.22
  SINCE SEP 1      1.09                      4.21  -3.12     2.98
  SINCE JAN 1     32.83                     29.34   3.49    29.96

SNOWFALL (IN)
  TODAY            0.0           0.0    MM   0.0    0.0      0.0
  MONTH TO DATE    0.0                       0.0    0.0      0.0
  SINCE SEP 1      0.0                       0.0    0.0      0.0
  SINCE JUL 1      T                         0.0    0.0      0.0

DEGREE DAYS
 HEATING
  TODAY            4                        11     -7        7
  MONTH TO DATE    9                        95    -86       46
  SINCE SEP 1     46                       200   -154       69
  SINCE JUL 1     51                       213   -162       69

 COOLING
  TODAY            0                         1     -1        0
  MONTH TO DATE   25                        10     15        9
  SINCE SEP 1    204                       102    102      174
  SINCE JAN 1    987                       842    145     1139
..................................................................


WIND (MPH)
  HIGHEST WIND SPEED    23   HIGHEST WIND DIRECTION    NE (40)
  HIGHEST GUST SPEED    30   HIGHEST GUST DIRECTION    NE (50)
  AVERAGE WIND SPEED    12.9


SKY COVER
  POSSIBLE SUNSHINE  MM
  AVERAGE SKY COVER 0.8


WEATHER CONDITIONS
 THE FOLLOWING WEATHER WAS RECORDED TODAY.
  NO SIGNIFICANT WEATHER WAS OBSERVED.


RELATIVE HUMIDITY (PERCENT)
 HIGHEST    84          1200 AM
 LOWEST     67          1200 PM
 AVERAGE    76

..........................................................


THE CHICAGO-OHARE IL CLIMATE NORMALS FOR TOMORROW
                         NORMAL    RECORD    YEAR
 MAXIMUM TEMPERATURE (F)   64        87      1928
 MINIMUM TEMPERATURE (F)   44        27      1996
                                             1906


SUNRISE AND SUNSET
OCTOBER 10 2017.......SUNRISE   659 AM CDT   SUNSET   618 PM CDT
OCTOBER 11 2017.......SUNRISE   700 AM CDT   SUNSET   616 PM CDT


-  INDICATES NEGATIVE NUMBERS.
R  INDICATES RECORD WAS SET OR TIED.
MM INDICATES DATA IS MISSING.
T  INDICATES TRACE AMOUNT.




$$
