000
CDUS43 KLOT 250631
CLIORD


CLIMATE REPORT
NATIONAL WEATHER SERVICE CHICAGO IL
1231 AM CST FRI NOV 25 2016


...................................

...THE CHICAGO-OHARE CLIMATE SUMMARY FOR NOVEMBER 24 2016...

CLIMATE NORMAL PERIOD 1981 TO 2010
CLIMATE RECORD PERIOD 1871 TO 2016


WEATHER ITEM   OBSERVED TIME   RECORD YEAR NORMAL DEPARTURE LAST
                VALUE   (LST)  VALUE       VALUE  FROM      YEAR
                                                  NORMAL
..................................................................
TEMPERATURE (F)
 YESTERDAY
  MAXIMUM         43   1238 AM  69    1966  44     -1       41
  MINIMUM         35   1159 PM  -2    1950  29      6       21
  AVERAGE         39                        36      3       31

PRECIPITATION (IN)
  YESTERDAY        T             0.82 2004   0.11  -0.11     0.00
  MONTH TO DATE    0.65                      2.53  -1.88     2.97
  SINCE SEP 1      6.18                      8.89  -2.71     9.84
  SINCE JAN 1     33.16                     34.02  -0.86    33.46

SNOWFALL (IN)
  YESTERDAY        0.0           4.3  2004   0.0    0.0      0.0
  MONTH TO DATE    T                         0.6   -0.6     11.2
  SINCE SEP 1      T                         0.8   -0.8     11.2
  SINCE JUL 1      T                         0.8   -0.8     11.2
  SNOW DEPTH       0

DEGREE DAYS
 HEATING
  YESTERDAY       26                        29     -3       34
  MONTH TO DATE  402                       556   -154      465
  SINCE SEP 1    691                      1058   -367      813
  SINCE JUL 1    691                      1071   -380      831

 COOLING
  YESTERDAY        0                         0      0        0
  MONTH TO DATE    3                         0      3        0
  SINCE SEP 1    192                       103     89      165
  SINCE JAN 1   1157                       843    314      806
..................................................................


WIND (MPH)
  HIGHEST WIND SPEED    17   HIGHEST WIND DIRECTION    NW (300)
  HIGHEST GUST SPEED    22   HIGHEST GUST DIRECTION     W (290)
  AVERAGE WIND SPEED     9.1


SKY COVER
  POSSIBLE SUNSHINE  MM
  AVERAGE SKY COVER 1.0


WEATHER CONDITIONS
 THE FOLLOWING WEATHER WAS RECORDED YESTERDAY.
  LIGHT RAIN
  FOG


RELATIVE HUMIDITY (PERCENT)
 HIGHEST    92           400 AM
 LOWEST     76          1200 PM
 AVERAGE    84

..........................................................


THE CHICAGO-OHARE CLIMATE NORMALS FOR TODAY
                         NORMAL    RECORD    YEAR
 MAXIMUM TEMPERATURE (F)   43        65      1908
 MINIMUM TEMPERATURE (F)   28         0      1950


SUNRISE AND SUNSET
NOVEMBER 25 2016......SUNRISE   654 AM CST   SUNSET   423 PM CST
NOVEMBER 26 2016......SUNRISE   655 AM CST   SUNSET   423 PM CST


-  INDICATES NEGATIVE NUMBERS.
R  INDICATES RECORD WAS SET OR TIED.
MM INDICATES DATA IS MISSING.
T  INDICATES TRACE AMOUNT.




$$
