918
CDUS43 KLOT 260642
CLIORD


CLIMATE REPORT
NATIONAL WEATHER SERVICE CHICAGO IL
139 AM CDT TUE APR 26 2016


...................................

...THE CHICAGO-OHARE CLIMATE SUMMARY FOR APRIL 25 2016...

CLIMATE NORMAL PERIOD 1981 TO 2010
CLIMATE RECORD PERIOD 1871 TO 2016


WEATHER ITEM   OBSERVED TIME   RECORD YEAR NORMAL DEPARTURE LAST
                VALUE   (LST)  VALUE       VALUE  FROM      YEAR
                                                  NORMAL
..................................................................
TEMPERATURE (F)
 YESTERDAY
  MAXIMUM         83    358 PM  87    1990  63     20       48
  MINIMUM         58    505 AM  27    1887  42     16       39
  AVERAGE         71                        52     19       44

PRECIPITATION (IN)
  YESTERDAY        0.08          1.95 1902   0.12  -0.04     0.16
  MONTH TO DATE    1.26                      2.78  -1.52     2.87
  SINCE MAR 1      4.60                      5.28  -0.68     3.97
  SINCE JAN 1      6.67                      8.80  -2.13     6.83

SNOWFALL (IN)
  YESTERDAY        T             2.5  1910   0.0    0.0      0.0
  MONTH TO DATE    1.1                       1.2   -0.1       T
  SINCE MAR 1      3.7                       6.8   -3.1      7.1
  SINCE JUL 1     31.2                      36.6   -5.4     50.7
  SNOW DEPTH       0

DEGREE DAYS
 HEATING
  YESTERDAY        0                        13    -13       21
  MONTH TO DATE  430                       433     -3      370
  SINCE MAR 1   1095                      1274   -179     1280
  SINCE JUL 1   5103                      6008   -905     6460

 COOLING
  YESTERDAY        6                         0      6        0
  MONTH TO DATE    7                         0      7        0
  SINCE MAR 1      7                         1      6        0
  SINCE JAN 1      7                         1      6        0
..................................................................


WIND (MPH)
  HIGHEST WIND SPEED    25   HIGHEST WIND DIRECTION    SW (210)
  HIGHEST GUST SPEED    35   HIGHEST GUST DIRECTION    SW (220)
  AVERAGE WIND SPEED    12.6


SKY COVER
  POSSIBLE SUNSHINE  MM
  AVERAGE SKY COVER 0.7


WEATHER CONDITIONS
 THE FOLLOWING WEATHER WAS RECORDED YESTERDAY.
  THUNDERSTORM
  RAIN
  LIGHT RAIN
  HAIL


RELATIVE HUMIDITY (PERCENT)
 HIGHEST    77           500 AM
 LOWEST     39           300 PM
 AVERAGE    58

..........................................................


THE CHICAGO-OHARE CLIMATE NORMALS FOR TODAY
                         NORMAL    RECORD    YEAR
 MAXIMUM TEMPERATURE (F)   63        89      1986
 MINIMUM TEMPERATURE (F)   42        27      2006


SUNRISE AND SUNSET
APRIL 26 2016.........SUNRISE   554 AM CDT   SUNSET   745 PM CDT
APRIL 27 2016.........SUNRISE   552 AM CDT   SUNSET   747 PM CDT


-  INDICATES NEGATIVE NUMBERS.
R  INDICATES RECORD WAS SET OR TIED.
MM INDICATES DATA IS MISSING.
T  INDICATES TRACE AMOUNT.




$$
