000
CDUS43 KLOT 122132
CLIORD


CLIMATE REPORT
NATIONAL WEATHER SERVICE CHICAGO IL
431 PM CDT SAT AUG 12 2017


...................................

...THE CHICAGO-OHARE IL CLIMATE SUMMARY FOR AUGUST 12 2017...
VALID TODAY AS OF 0400 PM LOCAL TIME.

CLIMATE NORMAL PERIOD 1981 TO 2010
CLIMATE RECORD PERIOD 1871 TO 2017


WEATHER ITEM   OBSERVED TIME   RECORD YEAR NORMAL DEPARTURE LAST
                VALUE   (LST)  VALUE       VALUE  FROM      YEAR
                                                  NORMAL
..................................................................
TEMPERATURE (F)
 TODAY
  MAXIMUM         77    147 PM 101    1918  82     -5       83
  MINIMUM         60    524 AM  47    1982  64     -4       74
  AVERAGE         69                        73     -4       79

PRECIPITATION (IN)
  TODAY            0.00          2.03 1908   0.17  -0.17     0.96
  MONTH TO DATE    1.83                      1.95  -0.12     0.98
  SINCE JUN 1     12.95                      9.10   3.85    10.06
  SINCE JAN 1     31.06                     22.18   8.88    23.70

SNOWFALL (IN)
  TODAY            0.0           0.0    MM   0.0    0.0      0.0
  MONTH TO DATE    0.0                       0.0    0.0      0.0
  SINCE JUN 1      T                         0.0    0.0      0.0
  SINCE JUL 1      T                         0.0    0.0      0.0

DEGREE DAYS
 HEATING
  TODAY            0                         0      0        0
  MONTH TO DATE    3                         0      3        0
  SINCE JUN 1      6                        52    -46       13
  SINCE JUL 1      3                         4     -1        0

 COOLING
  TODAY            4                         8     -4       14
  MONTH TO DATE   78                       103    -25      157
  SINCE JUN 1    614                       551     63      705
  SINCE JAN 1    647                       605     42      779
..................................................................


WIND (MPH)
  HIGHEST WIND SPEED    15   HIGHEST WIND DIRECTION     N (10)
  HIGHEST GUST SPEED    19   HIGHEST GUST DIRECTION    NE (30)
  AVERAGE WIND SPEED     9.1


SKY COVER
  POSSIBLE SUNSHINE  MM
  AVERAGE SKY COVER 0.4


WEATHER CONDITIONS
 THE FOLLOWING WEATHER WAS RECORDED TODAY.
  NO SIGNIFICANT WEATHER WAS OBSERVED.


RELATIVE HUMIDITY (PERCENT)
 HIGHEST    84           100 AM
 LOWEST     50           200 PM
 AVERAGE    67

..........................................................


THE CHICAGO-OHARE IL CLIMATE NORMALS FOR TOMORROW
                         NORMAL    RECORD    YEAR
 MAXIMUM TEMPERATURE (F)   82        98      1944
 MINIMUM TEMPERATURE (F)   64        51      2004
                                             1982


SUNRISE AND SUNSET
AUGUST 12 2017........SUNRISE   557 AM CDT   SUNSET   756 PM CDT
AUGUST 13 2017........SUNRISE   558 AM CDT   SUNSET   754 PM CDT


-  INDICATES NEGATIVE NUMBERS.
R  INDICATES RECORD WAS SET OR TIED.
MM INDICATES DATA IS MISSING.
T  INDICATES TRACE AMOUNT.




$$
