693
CDUS43 KLOT 122235
CLIORD


CLIMATE REPORT
NATIONAL WEATHER SERVICE CHICAGO IL
434 PM CST MON FEB 12 2018


...................................

...THE CHICAGO-OHARE IL CLIMATE SUMMARY FOR FEBRUARY 12 2018...
VALID TODAY AS OF 0400 PM LOCAL TIME.

CLIMATE NORMAL PERIOD 1981 TO 2010
CLIMATE RECORD PERIOD 1871 TO 2018


WEATHER ITEM   OBSERVED TIME   RECORD YEAR NORMAL DEPARTURE LAST
                VALUE   (LST)  VALUE       VALUE  FROM      YEAR
                                                  NORMAL
..................................................................
TEMPERATURE (F)
 TODAY
  MAXIMUM         27    258 PM  62    1984  34     -7       47
                                      1882
  MINIMUM          4    516 AM -17    1899  19    -15       31
  AVERAGE         16                        27    -11       39

PRECIPITATION (IN)
  TODAY            0.00          1.13 1884   0.06  -0.06      T
  MONTH TO DATE    1.62                      0.65   0.97     0.47
  SINCE DEC 1      3.75                      4.63  -0.88     5.11
  SINCE JAN 1      3.16                      2.38   0.78     3.34

SNOWFALL (IN)
  TODAY            0.0           7.9  1894   0.3   -0.3      0.0
  MONTH TO DATE   18.3                       4.2   14.1       T
  SINCE DEC 1     28.2                      23.2    5.0     18.3
  SINCE JUL 1     28.3                      24.6    3.7     18.3

DEGREE DAYS
 HEATING
  TODAY           49                        38     11       26
  MONTH TO DATE  573                       475     98      422
  SINCE DEC 1   2983                      2909     74     2770
  SINCE JUL 1   4026                      4165   -139     3599

 COOLING
  TODAY            0                         0      0        0
  MONTH TO DATE    0                         0      0        0
  SINCE DEC 1      0                         0      0        0
  SINCE JAN 1      0                         0      0        0
..................................................................


WIND (MPH)
  HIGHEST WIND SPEED    13   HIGHEST WIND DIRECTION     N (340)
  HIGHEST GUST SPEED    15   HIGHEST GUST DIRECTION     N (340)
  AVERAGE WIND SPEED     7.0


SKY COVER
  POSSIBLE SUNSHINE  MM
  AVERAGE SKY COVER 0.2


WEATHER CONDITIONS
 THE FOLLOWING WEATHER WAS RECORDED TODAY.
  NO SIGNIFICANT WEATHER WAS OBSERVED.


RELATIVE HUMIDITY (PERCENT)
 HIGHEST    83           600 AM
 LOWEST     33           300 PM
 AVERAGE    58

..........................................................


THE CHICAGO-OHARE IL CLIMATE NORMALS FOR TOMORROW
                         NORMAL    RECORD    YEAR
 MAXIMUM TEMPERATURE (F)   35        63      1938
 MINIMUM TEMPERATURE (F)   19       -18      1905


SUNRISE AND SUNSET
FEBRUARY 12 2018......SUNRISE   651 AM CST   SUNSET   521 PM CST
FEBRUARY 13 2018......SUNRISE   650 AM CST   SUNSET   522 PM CST


-  INDICATES NEGATIVE NUMBERS.
R  INDICATES RECORD WAS SET OR TIED.
MM INDICATES DATA IS MISSING.
T  INDICATES TRACE AMOUNT.




$$
