000
CDUS43 KLOT 172136
CLIORD


CLIMATE REPORT
NATIONAL WEATHER SERVICE CHICAGO IL
436 PM CDT MON APR 17 2017


...................................

...THE CHICAGO-OHARE IL CLIMATE SUMMARY FOR APRIL 17 2017...
VALID TODAY AS OF 0400 PM LOCAL TIME.

CLIMATE NORMAL PERIOD 1981 TO 2010
CLIMATE RECORD PERIOD 1871 TO 2017


WEATHER ITEM   OBSERVED TIME   RECORD YEAR NORMAL DEPARTURE LAST
                VALUE   (LST)  VALUE       VALUE  FROM      YEAR
                                                  NORMAL
..................................................................
TEMPERATURE (F)
 TODAY
  MAXIMUM         69   1141 AM  88    1976  60      9       79
  MINIMUM         44    533 AM  17    1875  39      5       45
  AVERAGE         57                        50      7       62

PRECIPITATION (IN)
  TODAY            0.00          2.01 2013   0.12  -0.12     0.00
  MONTH TO DATE    2.79                      1.87   0.92     0.69
  SINCE MAR 1      6.80                      4.37   2.43     4.03
  SINCE JAN 1     11.19                      7.89   3.30     6.10

SNOWFALL (IN)
  TODAY            0.0           0.5  1949   0.0    0.0      0.0
  MONTH TO DATE    0.0                       1.0   -1.0      1.1
  SINCE MAR 1      7.8                       6.6    1.2      3.7
  SINCE JUL 1     26.1                      36.1  -10.0     31.2

DEGREE DAYS
 HEATING
  TODAY            8                        16     -8        3
  MONTH TO DATE  202                       318   -116      370
  SINCE MAR 1    987                      1159   -172     1035
  SINCE JUL 1   4912                      5893   -981     5043

 COOLING
  TODAY            0                         0      0        0
  MONTH TO DATE    9                         0      9        0
  SINCE MAR 1      9                         1      8        0
  SINCE JAN 1      9                         1      8        0
..................................................................


WIND (MPH)
  HIGHEST WIND SPEED    15   HIGHEST WIND DIRECTION     E (70)
  HIGHEST GUST SPEED    19   HIGHEST GUST DIRECTION     E (100)
  AVERAGE WIND SPEED     5.7


SKY COVER
  POSSIBLE SUNSHINE  MM
  AVERAGE SKY COVER 0.3


WEATHER CONDITIONS
 THE FOLLOWING WEATHER WAS RECORDED TODAY.
  NO SIGNIFICANT WEATHER WAS OBSERVED.


RELATIVE HUMIDITY (PERCENT)
 HIGHEST    66           600 AM
 LOWEST     22          1100 AM
 AVERAGE    44

..........................................................


THE CHICAGO-OHARE IL CLIMATE NORMALS FOR TOMORROW
                         NORMAL    RECORD    YEAR
 MAXIMUM TEMPERATURE (F)   60        89      2002
 MINIMUM TEMPERATURE (F)   40        23      1983
                                             1875


SUNRISE AND SUNSET
APRIL 17 2017.........SUNRISE   608 AM CDT   SUNSET   735 PM CDT
APRIL 18 2017.........SUNRISE   606 AM CDT   SUNSET   736 PM CDT


-  INDICATES NEGATIVE NUMBERS.
R  INDICATES RECORD WAS SET OR TIED.
MM INDICATES DATA IS MISSING.
T  INDICATES TRACE AMOUNT.




$$
