000
CDUS43 KLOT 242250
CLIORD

CLIMATE REPORT
NATIONAL WEATHER SERVICE CHICAGO IL
443 PM CST MON NOV 24 2014

...................................
...THE CHICAGO-OHARE IL CLIMATE SUMMARY FOR NOVEMBER 24 2014...
VALID TODAY AS OF 0400 PM LOCAL TIME. SNOWFALL AS OF 4 PM.

CLIMATE NORMAL PERIOD 1981 TO 2010
CLIMATE RECORD PERIOD 1871 TO 2014


WEATHER ITEM   OBSERVED TIME   RECORD YEAR NORMAL DEPARTURE LAST
                VALUE   (LST)  VALUE       VALUE  FROM      YEAR
                                                  NORMAL
..................................................................
TEMPERATURE (F)
 TODAY
  MAXIMUM         49    247 AM  69    1966  44      5       27
  MINIMUM         28    359 PM  -2    1950  29     -1       11
  AVERAGE         39                        36      3       19

PRECIPITATION (IN)
  TODAY            0.43          0.82 2004   0.11   0.32     0.00
  MONTH TO DATE    1.40                      2.53  -1.13     2.06
  SINCE SEP 1      6.59                      8.89  -2.30     7.75
  SINCE JAN 1     38.67                     34.02   4.65    40.12

SNOWFALL (IN)
  TODAY            0.7           4.3  2004   0.0    0.7      0.0
  MONTH TO DATE    2.6                       0.6    2.0      0.4
  SINCE SEP 1      2.7                       0.8    1.9      0.4
  SINCE JUL 1      2.7                       0.8    1.9      0.4

DEGREE DAYS
 HEATING
  TODAY           26                        29     -3       46
  MONTH TO DATE  713                       556    157      596
  SINCE SEP 1   1215                      1058    157     1049
  SINCE JUL 1   1220                      1071    149     1060

 COOLING
  TODAY            0                         0      0        0
  MONTH TO DATE    0                         0      0        0
  SINCE SEP 1     84                       103    -19      168
  SINCE JAN 1    799                       843    -44      933
..................................................................


WIND (MPH)
  HIGHEST WIND SPEED    32   HIGHEST WIND DIRECTION     W (250)
  HIGHEST GUST SPEED    45   HIGHEST GUST DIRECTION     W (260)
  AVERAGE WIND SPEED    16.6


SKY COVER
  POSSIBLE SUNSHINE  MM
  AVERAGE SKY COVER 1.0


WEATHER CONDITIONS
 THE FOLLOWING WEATHER WAS RECORDED TODAY.
  RAIN
  LIGHT RAIN
  HEAVY SNOW
  SNOW
  LIGHT SNOW
  SLEET
  FOG
  FOG W/VISIBILITY <= 1/4 MILE


RELATIVE HUMIDITY (PERCENT)
 HIGHEST   100          1200 AM
 LOWEST     85           200 PM
 AVERAGE    93

..........................................................


THE CHICAGO-OHARE IL CLIMATE NORMALS FOR TOMORROW
                         NORMAL    RECORD    YEAR
 MAXIMUM TEMPERATURE (F)   43        65      1908
 MINIMUM TEMPERATURE (F)   28         0      1950


SUNRISE AND SUNSET
NOVEMBER 24 2014......SUNRISE   652 AM CST   SUNSET   424 PM CST
NOVEMBER 25 2014......SUNRISE   653 AM CST   SUNSET   424 PM CST


-  INDICATES NEGATIVE NUMBERS.
R  INDICATES RECORD WAS SET OR TIED.
MM INDICATES DATA IS MISSING.
T  INDICATES TRACE AMOUNT.

$$
