000
CDUS43 KLOT 270634
CLIORD


CLIMATE REPORT
NATIONAL WEATHER SERVICE CHICAGO IL
132 AM CDT TUE JUN 27 2017


...................................

...THE CHICAGO-OHARE CLIMATE SUMMARY FOR JUNE 26 2017...

CLIMATE NORMAL PERIOD 1981 TO 2010
CLIMATE RECORD PERIOD 1871 TO 2017


WEATHER ITEM   OBSERVED TIME   RECORD YEAR NORMAL DEPARTURE LAST
                VALUE   (LST)  VALUE       VALUE  FROM      YEAR
                                                  NORMAL
..................................................................
TEMPERATURE (F)
 YESTERDAY
  MAXIMUM         75   1236 PM  99    1983  83     -8       90
  MINIMUM         54    426 AM  50    1992  62     -8       72
  AVERAGE         65                        72     -7       81

PRECIPITATION (IN)
  YESTERDAY        0.00          1.48 2013   0.11  -0.11     0.03
  MONTH TO DATE    2.12                      3.02  -0.90     2.85
  SINCE JUN 1      2.12                      3.02  -0.90     2.85
  SINCE JAN 1     20.23                     16.10   4.13    16.49

SNOWFALL (IN)
  YESTERDAY        0.0           0.0    MM   0.0    0.0      0.0
  MONTH TO DATE    T                         0.0    0.0      0.0
  SINCE JUN 1      T                         0.0    0.0      0.0
  SINCE JUL 1     26.1                      36.3  -10.2     31.2
  SNOW DEPTH       0

DEGREE DAYS
 HEATING
  YESTERDAY        0                         0      0        0
  MONTH TO DATE    2                        48    -46       12
  SINCE JUN 1      2                        48    -46       12
  SINCE JUL 1   5286                      6340  -1054     5427

 COOLING
  YESTERDAY        0                         8     -8       16
  MONTH TO DATE  208                       132     76      195
  SINCE JUN 1    208                       132     76      195
  SINCE JAN 1    241                       186     55      269
..................................................................


WIND (MPH)
  HIGHEST WIND SPEED    25   HIGHEST WIND DIRECTION     W (290)
  HIGHEST GUST SPEED    34   HIGHEST GUST DIRECTION     W (270)
  AVERAGE WIND SPEED    12.3


SKY COVER
  POSSIBLE SUNSHINE  MM
  AVERAGE SKY COVER 0.4


WEATHER CONDITIONS
 THE FOLLOWING WEATHER WAS RECORDED YESTERDAY.
  NO SIGNIFICANT WEATHER WAS OBSERVED.


RELATIVE HUMIDITY (PERCENT)
 HIGHEST    83           300 AM
 LOWEST     31           200 PM
 AVERAGE    57

..........................................................


THE CHICAGO-OHARE CLIMATE NORMALS FOR TODAY
                         NORMAL    RECORD    YEAR
 MAXIMUM TEMPERATURE (F)   83       101      1971
 MINIMUM TEMPERATURE (F)   62        47      1992


SUNRISE AND SUNSET
JUNE 27 2017..........SUNRISE   518 AM CDT   SUNSET   831 PM CDT
JUNE 28 2017..........SUNRISE   519 AM CDT   SUNSET   831 PM CDT


-  INDICATES NEGATIVE NUMBERS.
R  INDICATES RECORD WAS SET OR TIED.
MM INDICATES DATA IS MISSING.
T  INDICATES TRACE AMOUNT.




$$
