000
CDUS43 KLOT 022140
CLIORD


CLIMATE REPORT
NATIONAL WEATHER SERVICE CHICAGO IL
439 PM CDT TUE JUN 2 2015


...................................

...THE CHICAGO-OHARE IL CLIMATE SUMMARY FOR JUNE 2 2015...
VALID TODAY AS OF 0400 PM LOCAL TIME.

CLIMATE NORMAL PERIOD 1981 TO 2010
CLIMATE RECORD PERIOD 1871 TO 2015


WEATHER ITEM   OBSERVED TIME   RECORD YEAR NORMAL DEPARTURE LAST
                VALUE   (LST)  VALUE       VALUE  FROM      YEAR
                                                  NORMAL
..................................................................
TEMPERATURE (F)
 TODAY
  MAXIMUM         70    259 PM  92    1944  75     -5       83
                                      1895
  MINIMUM         42    403 AM  38    2003  54    -12       68
  AVERAGE         56                        64     -8       76

PRECIPITATION (IN)
  TODAY            0.00          2.35 1950   0.12  -0.12     0.14
  MONTH TO DATE    0.00                      0.24  -0.24     0.14
  SINCE JUN 1      0.00                      0.24  -0.24     0.14
  SINCE JAN 1     11.49                     13.32  -1.83    14.97

SNOWFALL (IN)
  TODAY            0.0           T    1912   0.0    0.0      0.0
  MONTH TO DATE    0.0                       0.0    0.0      0.0
  SINCE JUN 1      0.0                       0.0    0.0      0.0
  SINCE JUL 1     50.7                      36.6   14.1     82.0

DEGREE DAYS
 HEATING
  TODAY            9                         4      5        0
  MONTH TO DATE   22                         8     14        0
  SINCE JUN 1     22                         8     14        0
  SINCE JUL 1   6759                      6300    459     7123

 COOLING
  TODAY            0                         3     -3       11
  MONTH TO DATE    0                         6     -6       23
  SINCE JUN 1      0                         6     -6       23
  SINCE JAN 1     53                        60     -7       84
..................................................................


WIND (MPH)
  HIGHEST WIND SPEED    15   HIGHEST WIND DIRECTION     E (110)
  HIGHEST GUST SPEED    21   HIGHEST GUST DIRECTION    SE (120)
  AVERAGE WIND SPEED     3.9


SKY COVER
  POSSIBLE SUNSHINE  MM
  AVERAGE SKY COVER 0.1


WEATHER CONDITIONS
 THE FOLLOWING WEATHER WAS RECORDED TODAY.
  NO SIGNIFICANT WEATHER WAS OBSERVED.


RELATIVE HUMIDITY (PERCENT)
 HIGHEST    83           500 AM
 LOWEST     33           300 PM
 AVERAGE    58

..........................................................


THE CHICAGO-OHARE IL CLIMATE NORMALS FOR TOMORROW
                         NORMAL    RECORD    YEAR
 MAXIMUM TEMPERATURE (F)   76        95      1895
 MINIMUM TEMPERATURE (F)   54        37      1945


SUNRISE AND SUNSET
JUNE  2 2015..........SUNRISE   518 AM CDT   SUNSET   821 PM CDT
JUNE  3 2015..........SUNRISE   518 AM CDT   SUNSET   822 PM CDT


-  INDICATES NEGATIVE NUMBERS.
R  INDICATES RECORD WAS SET OR TIED.
MM INDICATES DATA IS MISSING.
T  INDICATES TRACE AMOUNT.




$$
