000
CDUS43 KLOT 220632
CLIORD


CLIMATE REPORT
NATIONAL WEATHER SERVICE CHICAGO IL
1231 AM CST MON JAN 22 2018


...................................

...THE CHICAGO-OHARE CLIMATE SUMMARY FOR JANUARY 21 2018...

CLIMATE NORMAL PERIOD 1981 TO 2010
CLIMATE RECORD PERIOD 1871 TO 2018


WEATHER ITEM   OBSERVED TIME   RECORD YEAR NORMAL DEPARTURE LAST
                VALUE   (LST)  VALUE       VALUE  FROM      YEAR
                                                  NORMAL
..................................................................
TEMPERATURE (F)
 YESTERDAY
  MAXIMUM         44   1159 PM  62    1906  31     13       59
  MINIMUM         36    503 AM -22    1984  16     20       40
  AVERAGE         40                        24     16       50

PRECIPITATION (IN)
  YESTERDAY        T             1.49 1916   0.05  -0.05      T
  MONTH TO DATE    0.63                      1.23  -0.60     2.73
  SINCE DEC 1      1.22                      3.48  -2.26     4.50
  SINCE JAN 1      0.63                      1.23  -0.60     2.73

SNOWFALL (IN)
  YESTERDAY        0.0           5.0  1958   0.4   -0.4      0.0
  MONTH TO DATE    3.8                       7.2   -3.4      0.4
  SINCE DEC 1      9.1                      15.4   -6.3     18.1
  SINCE JUL 1      9.2                      16.8   -7.6     18.1
  SNOW DEPTH       0

DEGREE DAYS
 HEATING
  YESTERDAY       25                        42    -17       15
  MONTH TO DATE  941                       868     73      797
  SINCE DEC 1   2106                      2023     83     2028
  SINCE JUL 1   3149                      3279   -130     2857

 COOLING
  YESTERDAY        0                         0      0        0
  MONTH TO DATE    0                         0      0        0
  SINCE DEC 1      0                         0      0        0
  SINCE JAN 1      0                         0      0        0
..................................................................


WIND (MPH)
  HIGHEST WIND SPEED     8   HIGHEST WIND DIRECTION    SE (120)
  HIGHEST GUST SPEED    11   HIGHEST GUST DIRECTION     S (180)
  AVERAGE WIND SPEED     3.8


SKY COVER
  POSSIBLE SUNSHINE  MM
  AVERAGE SKY COVER 1.0


WEATHER CONDITIONS
 THE FOLLOWING WEATHER WAS RECORDED YESTERDAY.
  LIGHT RAIN
  FOG
  FOG W/VISIBILITY <= 1/4 MILE


RELATIVE HUMIDITY (PERCENT)
 HIGHEST   100          1000 AM
 LOWEST     85           100 AM
 AVERAGE    93

..........................................................


THE CHICAGO-OHARE CLIMATE NORMALS FOR TODAY
                         NORMAL    RECORD    YEAR
 MAXIMUM TEMPERATURE (F)   31        59      1909
 MINIMUM TEMPERATURE (F)   16       -17      1936
                                             1883


SUNRISE AND SUNSET
JANUARY 22 2018.......SUNRISE   713 AM CST   SUNSET   454 PM CST
JANUARY 23 2018.......SUNRISE   712 AM CST   SUNSET   455 PM CST


-  INDICATES NEGATIVE NUMBERS.
R  INDICATES RECORD WAS SET OR TIED.
MM INDICATES DATA IS MISSING.
T  INDICATES TRACE AMOUNT.




$$
