000
CDUS43 KLOT 292246
CLIORD


CLIMATE REPORT
NATIONAL WEATHER SERVICE CHICAGO IL
545 PM CDT THU SEP 29 2016


...................................

...THE CHICAGO-OHARE IL CLIMATE SUMMARY FOR SEPTEMBER 29 2016...
VALID TODAY AS OF 0400 PM LOCAL TIME.

CLIMATE NORMAL PERIOD 1981 TO 2010
CLIMATE RECORD PERIOD 1871 TO 2016


WEATHER ITEM   OBSERVED TIME   RECORD YEAR NORMAL DEPARTURE LAST
                VALUE   (LST)  VALUE       VALUE  FROM      YEAR
                                                  NORMAL
..................................................................
TEMPERATURE (F)
 TODAY
  MAXIMUM         65    343 PM  99    1953  69     -4       68
  MINIMUM         59   1231 AM  32    1984  48     11       55
  AVERAGE         62                        59      3       62

PRECIPITATION (IN)
  TODAY            0.15          1.39 1921   0.10   0.05     0.40
  MONTH TO DATE    1.61                      3.12  -1.51     4.64
  SINCE SEP 1      1.61                      3.12  -1.51     4.64
  SINCE JAN 1     28.59                     28.25   0.34    28.26

SNOWFALL (IN)
  TODAY            0.0           0.0    MM   0.0    0.0      0.0
  MONTH TO DATE    0.0                       0.0    0.0      0.0
  SINCE SEP 1      0.0                       0.0    0.0      0.0
  SINCE JUL 1      0.0                       0.0    0.0       T

DEGREE DAYS
 HEATING
  TODAY            3                         7     -4        3
  MONTH TO DATE   20                        98    -78       29
  SINCE SEP 1     20                        98    -78       29
  SINCE JUL 1     20                       111    -91       47

 COOLING
  TODAY            0                         1     -1        0
  MONTH TO DATE  165                        91     74      164
  SINCE SEP 1    165                        91     74      164
  SINCE JAN 1   1130                       831    299      805
..................................................................


WIND (MPH)
  HIGHEST WIND SPEED    24   HIGHEST WIND DIRECTION     N (20)
  HIGHEST GUST SPEED    31   HIGHEST GUST DIRECTION     N (10)
  AVERAGE WIND SPEED    16.9


SKY COVER
  POSSIBLE SUNSHINE  MM
  AVERAGE SKY COVER 1.0


WEATHER CONDITIONS
 THE FOLLOWING WEATHER WAS RECORDED TODAY.
  RAIN
  LIGHT RAIN
  FOG


RELATIVE HUMIDITY (PERCENT)
 HIGHEST    90          1200 PM
 LOWEST     78           400 AM
 AVERAGE    84

..........................................................


THE CHICAGO-OHARE IL CLIMATE NORMALS FOR TOMORROW
                         NORMAL    RECORD    YEAR
 MAXIMUM TEMPERATURE (F)   69        92      1971
 MINIMUM TEMPERATURE (F)   48        29      1984


SUNRISE AND SUNSET
SEPTEMBER 29 2016.....SUNRISE   647 AM CDT   SUNSET   636 PM CDT
SEPTEMBER 30 2016.....SUNRISE   648 AM CDT   SUNSET   634 PM CDT


-  INDICATES NEGATIVE NUMBERS.
R  INDICATES RECORD WAS SET OR TIED.
MM INDICATES DATA IS MISSING.
T  INDICATES TRACE AMOUNT.




$$
