000
CDUS43 KLOT 162239
CLIORD


CLIMATE REPORT
NATIONAL WEATHER SERVICE CHICAGO IL
438 PM CST MON FEB 16 2015


...................................

...THE CHICAGO-OHARE IL CLIMATE SUMMARY FOR FEBRUARY 16 2015...
VALID TODAY AS OF 0400 PM LOCAL TIME.

CLIMATE NORMAL PERIOD 1981 TO 2010
CLIMATE RECORD PERIOD 1871 TO 2015


WEATHER ITEM   OBSERVED TIME   RECORD YEAR NORMAL DEPARTURE LAST
                VALUE   (LST)  VALUE       VALUE  FROM      YEAR
                                                  NORMAL
..................................................................
TEMPERATURE (F)
 TODAY
  MAXIMUM         18    357 PM  58    1921  36    -18       29
  MINIMUM          5    705 AM -10    1885  20    -15       17
  AVERAGE         12                        28    -16       23

PRECIPITATION (IN)
  TODAY            0.00          1.94 1883   0.07  -0.07      T
  MONTH TO DATE    1.07                      0.91   0.16     0.97
  SINCE DEC 1      3.27                      4.89  -1.62     5.73
  SINCE JAN 1      2.48                      2.64  -0.16     3.79

SNOWFALL (IN)
  TODAY            0.0           6.0  1997   0.3   -0.3       T
  MONTH TO DATE   20.3                       5.5   14.8     14.1
  SINCE DEC 1     34.2                      24.8    9.4     62.0
  SINCE JUL 1     37.1                      26.2   10.9     62.9

DEGREE DAYS
 HEATING
  TODAY           53                        37     16       42
  MONTH TO DATE  747                       625    122      837
  SINCE DEC 1   3079                      3059     20     3641
  SINCE JUL 1   4522                      4315    207     4924

 COOLING
  TODAY            0                         0      0        0
  MONTH TO DATE    0                         0      0        0
  SINCE DEC 1      0                         0      0        0
  SINCE JAN 1      0                         0      0        0
..................................................................


WIND (MPH)
  HIGHEST WIND SPEED    10   HIGHEST WIND DIRECTION    SE (150)
  HIGHEST GUST SPEED    12   HIGHEST GUST DIRECTION    SE (140)
  AVERAGE WIND SPEED     3.7


SKY COVER
  POSSIBLE SUNSHINE  MM
  AVERAGE SKY COVER 0.9


WEATHER CONDITIONS
 THE FOLLOWING WEATHER WAS RECORDED TODAY.
  NO SIGNIFICANT WEATHER WAS OBSERVED.


RELATIVE HUMIDITY (PERCENT)
 HIGHEST    66          1200 AM
 LOWEST     36           100 PM
 AVERAGE    51

..........................................................


THE CHICAGO-OHARE IL CLIMATE NORMALS FOR TOMORROW
                         NORMAL    RECORD    YEAR
 MAXIMUM TEMPERATURE (F)   36        60      1880
 MINIMUM TEMPERATURE (F)   21       -11      1903


SUNRISE AND SUNSET
FEBRUARY 16 2015......SUNRISE   646 AM CST   SUNSET   526 PM CST
FEBRUARY 17 2015......SUNRISE   645 AM CST   SUNSET   527 PM CST


-  INDICATES NEGATIVE NUMBERS.
R  INDICATES RECORD WAS SET OR TIED.
MM INDICATES DATA IS MISSING.
T  INDICATES TRACE AMOUNT.




$$
