230
CDUS43 KLOT 150631
CLIORD


CLIMATE REPORT
NATIONAL WEATHER SERVICE CHICAGO IL
131 AM CDT FRI JUL 15 2016


...................................

...THE CHICAGO-OHARE CLIMATE SUMMARY FOR JULY 14 2016...

CLIMATE NORMAL PERIOD 1981 TO 2010
CLIMATE RECORD PERIOD 1871 TO 2016


WEATHER ITEM   OBSERVED TIME   RECORD YEAR NORMAL DEPARTURE LAST
                VALUE   (LST)  VALUE       VALUE  FROM      YEAR
                                                  NORMAL
..................................................................
TEMPERATURE (F)
 YESTERDAY
  MAXIMUM         88    149 PM 100    1995  85      3       83
                                      1988
  MINIMUM         67    340 AM  52    1926  64      3       61
  AVERAGE         78                        74      4       72

PRECIPITATION (IN)
  YESTERDAY        0.00          1.75 1913   0.12  -0.12     0.00
  MONTH TO DATE    1.98                      1.54   0.44     1.28
  SINCE JUN 1      4.83                      4.99  -0.16     8.40
  SINCE JAN 1     18.47                     18.07   0.40    19.89

SNOWFALL (IN)
  YESTERDAY        0.0           0.0    MM   0.0    0.0      0.0
  MONTH TO DATE    0.0                       0.0    0.0      0.0
  SINCE JUN 1      0.0                       0.0    0.0       T
  SINCE JUL 1      0.0                       0.0    0.0      0.0
  SNOW DEPTH       0

DEGREE DAYS
 HEATING
  YESTERDAY        0                         0      0        0
  MONTH TO DATE    0                         0      0       13
  SINCE JUN 1     13                        48    -35       52
  SINCE JUL 1      0                         0      0       13

 COOLING
  YESTERDAY       13                         9      4        7
  MONTH TO DATE  127                       125      2       67
  SINCE JUN 1    343                       290     53      185
  SINCE JAN 1    417                       344     73      238
..................................................................


WIND (MPH)
  HIGHEST WIND SPEED    30   HIGHEST WIND DIRECTION     W (250)
  HIGHEST GUST SPEED    40   HIGHEST GUST DIRECTION     W (250)
  AVERAGE WIND SPEED    14.0


SKY COVER
  POSSIBLE SUNSHINE  MM
  AVERAGE SKY COVER 0.4


WEATHER CONDITIONS
 THE FOLLOWING WEATHER WAS RECORDED YESTERDAY.
  NO SIGNIFICANT WEATHER WAS OBSERVED.


RELATIVE HUMIDITY (PERCENT)
 HIGHEST    93           500 AM
 LOWEST     35           400 PM
 AVERAGE    64

..........................................................


THE CHICAGO-OHARE CLIMATE NORMALS FOR TODAY
                         NORMAL    RECORD    YEAR
 MAXIMUM TEMPERATURE (F)   85       102      1988
 MINIMUM TEMPERATURE (F)   64        52      1967
                                             1945


SUNRISE AND SUNSET
JULY 15 2016..........SUNRISE   530 AM CDT   SUNSET   825 PM CDT
JULY 16 2016..........SUNRISE   531 AM CDT   SUNSET   824 PM CDT


-  INDICATES NEGATIVE NUMBERS.
R  INDICATES RECORD WAS SET OR TIED.
MM INDICATES DATA IS MISSING.
T  INDICATES TRACE AMOUNT.




$$
