857
CDUS43 KLOT 190650
CLIORD


CLIMATE REPORT
NATIONAL WEATHER SERVICE CHICAGO IL
150 AM CDT THU MAY 19 2016


...................................

...THE CHICAGO-OHARE CLIMATE SUMMARY FOR MAY 18 2016...

CLIMATE NORMAL PERIOD 1981 TO 2010
CLIMATE RECORD PERIOD 1871 TO 2016


WEATHER ITEM   OBSERVED TIME   RECORD YEAR NORMAL DEPARTURE LAST
                VALUE   (LST)  VALUE       VALUE  FROM      YEAR
                                                  NORMAL
..................................................................
TEMPERATURE (F)
 YESTERDAY
  MAXIMUM         65   1227 PM  93    1962  71     -6       77
  MINIMUM         41   1259 AM  34    2002  49     -8       49
  AVERAGE         53                        60     -7       63

PRECIPITATION (IN)
  YESTERDAY        0.00          1.36 1926   0.13  -0.13     0.00
  MONTH TO DATE    3.66                      2.12   1.54     3.08
  SINCE MAR 1      9.80                      8.00   1.80     7.05
  SINCE JAN 1     11.87                     11.52   0.35     9.91

SNOWFALL (IN)
  YESTERDAY        0.0           T    1894   0.0    0.0      0.0
  MONTH TO DATE    0.0                       0.0    0.0      0.0
  SINCE MAR 1      3.7                       6.8   -3.1      7.1
  SINCE JUL 1     31.2                      36.6   -5.4     50.7
  SNOW DEPTH       0

DEGREE DAYS
 HEATING
  YESTERDAY       12                         7      5        2
  MONTH TO DATE  204                       158     46      107
  SINCE MAR 1   1386                      1491   -105     1477
  SINCE JUL 1   5394                      6225   -831     6657

 COOLING
  YESTERDAY        0                         1     -1        0
  MONTH TO DATE    0                        16    -16       29
  SINCE MAR 1      7                        26    -19       29
  SINCE JAN 1      7                        26    -19       29
..................................................................


WIND (MPH)
  HIGHEST WIND SPEED    15   HIGHEST WIND DIRECTION    NE (50)
  HIGHEST GUST SPEED    19   HIGHEST GUST DIRECTION    NE (60)
  AVERAGE WIND SPEED     6.9


SKY COVER
  POSSIBLE SUNSHINE  MM
  AVERAGE SKY COVER 0.4


WEATHER CONDITIONS
 THE FOLLOWING WEATHER WAS RECORDED YESTERDAY.
  NO SIGNIFICANT WEATHER WAS OBSERVED.


RELATIVE HUMIDITY (PERCENT)
 HIGHEST    71           700 AM
 LOWEST     48          1200 PM
 AVERAGE    60

..........................................................


THE CHICAGO-OHARE CLIMATE NORMALS FOR TODAY
                         NORMAL    RECORD    YEAR
 MAXIMUM TEMPERATURE (F)   71        94      1977
                                             1975
 MINIMUM TEMPERATURE (F)   49        36      1993
                                             1894


SUNRISE AND SUNSET
MAY 19 2016...........SUNRISE   527 AM CDT   SUNSET   810 PM CDT
MAY 20 2016...........SUNRISE   526 AM CDT   SUNSET   811 PM CDT


-  INDICATES NEGATIVE NUMBERS.
R  INDICATES RECORD WAS SET OR TIED.
MM INDICATES DATA IS MISSING.
T  INDICATES TRACE AMOUNT.




$$
