000
CDUS43 KLOT 032240
CLIORD


CLIMATE REPORT
NATIONAL WEATHER SERVICE CHICAGO IL
439 PM CST MON NOV 3 2014


...................................

...THE CHICAGO-OHARE IL CLIMATE SUMMARY FOR NOVEMBER 3 2014...
VALID TODAY AS OF 0400 PM LOCAL TIME.

CLIMATE NORMAL PERIOD 1981 TO 2010
CLIMATE RECORD PERIOD 1871 TO 2014


WEATHER ITEM   OBSERVED TIME   RECORD YEAR NORMAL DEPARTURE LAST
                VALUE   (LST)  VALUE       VALUE  FROM      YEAR
                                                  NORMAL
..................................................................
TEMPERATURE (F)
 TODAY
  MAXIMUM         62    333 PM  75    1987  55      7       53
                                      1964
                                      1938
  MINIMUM         43    642 AM  11    1951  38      5       33
  AVERAGE         53                        46      7       43

PRECIPITATION (IN)
  TODAY            0.00          1.72 1946   0.10  -0.10     0.00
  MONTH TO DATE    0.00                      0.31  -0.31     0.09
  SINCE SEP 1      5.19                      6.67  -1.48     5.78
  SINCE JAN 1     37.27                     31.80   5.47    38.15

SNOWFALL (IN)
  TODAY            0.0           4.4  1951   0.0    0.0      0.0
  MONTH TO DATE    0.0                       0.0    0.0      0.0
  SINCE SEP 1      0.1                       0.2   -0.1       T
  SINCE JUL 1      0.1                       0.2   -0.1       T

DEGREE DAYS
 HEATING
  TODAY           12                        19     -7       22
  MONTH TO DATE   68                        55     13       63
  SINCE SEP 1    570                       557     13      516
  SINCE JUL 1    575                       570      5      527

 COOLING
  TODAY            0                         0      0        0
  MONTH TO DATE    0                         0      0        0
  SINCE SEP 1     84                       103    -19      168
  SINCE JAN 1    799                       843    -44      933
..................................................................


WIND (MPH)
  HIGHEST WIND SPEED    20   HIGHEST WIND DIRECTION    SW (220)
  HIGHEST GUST SPEED    27   HIGHEST GUST DIRECTION    SW (210)
  AVERAGE WIND SPEED    14.0


SKY COVER
  POSSIBLE SUNSHINE  MM
  AVERAGE SKY COVER 0.7


WEATHER CONDITIONS
 THE FOLLOWING WEATHER WAS RECORDED TODAY.
  NO SIGNIFICANT WEATHER WAS OBSERVED.


RELATIVE HUMIDITY (PERCENT)
 HIGHEST    49           500 AM
 LOWEST     38          1200 AM
 AVERAGE    44

..........................................................


THE CHICAGO-OHARE IL CLIMATE NORMALS FOR TOMORROW
                         NORMAL    RECORD    YEAR
 MAXIMUM TEMPERATURE (F)   54        74      1978
 MINIMUM TEMPERATURE (F)   37        11      1991


SUNRISE AND SUNSET
NOVEMBER  3 2014......SUNRISE   627 AM CST   SUNSET   443 PM CST
NOVEMBER  4 2014......SUNRISE   628 AM CST   SUNSET   442 PM CST


-  INDICATES NEGATIVE NUMBERS.
R  INDICATES RECORD WAS SET OR TIED.
MM INDICATES DATA IS MISSING.
T  INDICATES TRACE AMOUNT.




$$
