000
CDUS43 KLOT 080631
CLIORD


CLIMATE REPORT
NATIONAL WEATHER SERVICE CHICAGO IL
131 AM CDT FRI JUL 8 2016


...................................

...THE CHICAGO-OHARE CLIMATE SUMMARY FOR JULY 7 2016...

CLIMATE NORMAL PERIOD 1981 TO 2010
CLIMATE RECORD PERIOD 1871 TO 2016


WEATHER ITEM   OBSERVED TIME   RECORD YEAR NORMAL DEPARTURE LAST
                VALUE   (LST)  VALUE       VALUE  FROM      YEAR
                                                  NORMAL
..................................................................
TEMPERATURE (F)
 YESTERDAY
  MAXIMUM         84    258 PM 102    1980  84      0       71
  MINIMUM         70   1159 PM  45    1983  64      6       55
  AVERAGE         77                        74      3       63

PRECIPITATION (IN)
  YESTERDAY        1.05          2.23 1879   0.12   0.93     0.27
  MONTH TO DATE    1.92                      0.73   1.19     0.76
  SINCE JUN 1      4.77                      4.18   0.59     7.88
  SINCE JAN 1     18.41                     17.26   1.15    19.37

SNOWFALL (IN)
  YESTERDAY        0.0           0.0    MM   0.0    0.0      0.0
  MONTH TO DATE    0.0                       0.0    0.0      0.0
  SINCE JUN 1      0.0                       0.0    0.0       T
  SINCE JUL 1      0.0                       0.0    0.0      0.0
  SNOW DEPTH       0

DEGREE DAYS
 HEATING
  YESTERDAY        0                         0      0        2
  MONTH TO DATE    0                         0      0        9
  SINCE JUN 1     13                        48    -35       48
  SINCE JUL 1      0                         0      0        9

 COOLING
  YESTERDAY       12                         9      3        0
  MONTH TO DATE   47                        62    -15       23
  SINCE JUN 1    263                       227     36      141
  SINCE JAN 1    337                       281     56      194
..................................................................


WIND (MPH)
  HIGHEST WIND SPEED    18   HIGHEST WIND DIRECTION    NE (30)
  HIGHEST GUST SPEED    23   HIGHEST GUST DIRECTION    NE (30)
  AVERAGE WIND SPEED     5.9


SKY COVER
  POSSIBLE SUNSHINE  MM
  AVERAGE SKY COVER 0.7


WEATHER CONDITIONS
 THE FOLLOWING WEATHER WAS RECORDED YESTERDAY.
  HEAVY RAIN
  RAIN
  LIGHT RAIN
  FOG
  FOG W/VISIBILITY <= 1/4 MILE


RELATIVE HUMIDITY (PERCENT)
 HIGHEST    93          1200 AM
 LOWEST     62           100 PM
 AVERAGE    78

..........................................................


THE CHICAGO-OHARE CLIMATE NORMALS FOR TODAY
                         NORMAL    RECORD    YEAR
 MAXIMUM TEMPERATURE (F)   84        99      1955
 MINIMUM TEMPERATURE (F)   64        48      1984


SUNRISE AND SUNSET
JULY  8 2016..........SUNRISE   524 AM CDT   SUNSET   829 PM CDT
JULY  9 2016..........SUNRISE   525 AM CDT   SUNSET   828 PM CDT


-  INDICATES NEGATIVE NUMBERS.
R  INDICATES RECORD WAS SET OR TIED.
MM INDICATES DATA IS MISSING.
T  INDICATES TRACE AMOUNT.




$$
