000
CDUS43 KLOT 152138
CLIORD


CLIMATE REPORT
NATIONAL WEATHER SERVICE CHICAGO IL
436 PM CDT FRI AUG 15 2014


...................................

...THE CHICAGO-OHARE IL CLIMATE SUMMARY FOR AUGUST 15 2014...
VALID TODAY AS OF 0400 PM LOCAL TIME.

CLIMATE NORMAL PERIOD 1981 TO 2010
CLIMATE RECORD PERIOD 1871 TO 2014


WEATHER ITEM   OBSERVED TIME   RECORD YEAR NORMAL DEPARTURE LAST
                VALUE   (LST)  VALUE       VALUE  FROM      YEAR
                                                  NORMAL
..................................................................
TEMPERATURE (F)
 TODAY
  MAXIMUM         78    259 PM  98    1944  82     -4       75
  MINIMUM         52    449 AM  48    2004  63    -11       55
  AVERAGE         65                        73     -8       65

PRECIPITATION (IN)
  TODAY            0.00          1.87 1993   0.18  -0.18     0.00
  MONTH TO DATE    3.83                      2.47   1.36     1.02
  SINCE JUN 1     13.78                      9.62   4.16     9.47
  SINCE JAN 1     28.61                     22.70   5.91    31.70

SNOWFALL (IN)
  TODAY            0.0           0.0    MM   0.0    0.0      0.0
  MONTH TO DATE    0.0                       0.0    0.0      0.0
  SINCE JUN 1      0.0                       0.0    0.0      0.0
  SINCE JUL 1      0.0                       0.0    0.0      0.0

DEGREE DAYS
 HEATING
  TODAY            0                         0      0        0
  MONTH TO DATE    0                         0      0        2
  SINCE JUN 1     17                        52    -35       54
  SINCE JUL 1      5                         4      1       11

 COOLING
  TODAY            0                         8     -8        0
  MONTH TO DATE  101                       127    -26       87
  SINCE JUN 1    478                       575    -97      511
  SINCE JAN 1    539                       629    -90      595
..................................................................


WIND (MPH)
  HIGHEST WIND SPEED    13   HIGHEST WIND DIRECTION    SW (220)
  HIGHEST GUST SPEED    17   HIGHEST GUST DIRECTION     W (260)
  AVERAGE WIND SPEED     5.8


SKY COVER
  POSSIBLE SUNSHINE  MM
  AVERAGE SKY COVER 0.2


WEATHER CONDITIONS
 THE FOLLOWING WEATHER WAS RECORDED TODAY.
  NO SIGNIFICANT WEATHER WAS OBSERVED.


RELATIVE HUMIDITY (PERCENT)
 HIGHEST    72           100 AM
 LOWEST     33           200 PM
 AVERAGE    53

..........................................................


THE CHICAGO-OHARE IL CLIMATE NORMALS FOR TOMORROW
                         NORMAL    RECORD    YEAR
 MAXIMUM TEMPERATURE (F)   82        98      1988
                                             1983
 MINIMUM TEMPERATURE (F)   63        48      2004


SUNRISE AND SUNSET
AUGUST 15 2014........SUNRISE   600 AM CDT   SUNSET   752 PM CDT
AUGUST 16 2014........SUNRISE   601 AM CDT   SUNSET   750 PM CDT


-  INDICATES NEGATIVE NUMBERS.
R  INDICATES RECORD WAS SET OR TIED.
MM INDICATES DATA IS MISSING.
T  INDICATES TRACE AMOUNT.




$$
