000
CDUS43 KLOT 262135
CLIORD


CLIMATE REPORT
NATIONAL WEATHER SERVICE CHICAGO IL
433 PM CDT WED MAR 26 2014


...................................

...THE CHICAGO-OHARE IL CLIMATE SUMMARY FOR MARCH 26 2014...
VALID TODAY AS OF 0400 PM LOCAL TIME.

CLIMATE NORMAL PERIOD 1981 TO 2010
CLIMATE RECORD PERIOD 1871 TO 2014


WEATHER ITEM   OBSERVED TIME   RECORD YEAR NORMAL DEPARTURE LAST
                VALUE   (LST)  VALUE       VALUE  FROM      YEAR
                                                  NORMAL
..................................................................
TEMPERATURE (F)
 TODAY
  MAXIMUM         38    259 PM  79    2007  51    -13       43
  MINIMUM         15    514 AM   7    1873  32    -17       29
  AVERAGE         27                        42    -15       36

PRECIPITATION (IN)
  TODAY            0.00          1.40 1959   0.08  -0.08     0.00
  MONTH TO DATE    1.45                      2.04  -0.59     2.00
  SINCE MAR 1      1.45                      2.04  -0.59     2.00
  SINCE JAN 1      6.75                      5.56   1.19     8.59

SNOWFALL (IN)
  TODAY            0.0           8.9  1970   0.1   -0.1      0.0
  MONTH TO DATE   12.3                       5.0    7.3     10.4
  SINCE MAR 1     12.3                       5.0    7.3     10.4
  SINCE JUL 1     80.6                      34.6   46.0     30.0

DEGREE DAYS
 HEATING
  TODAY           38                        24     14       29
  MONTH TO DATE  921                       729    192      882
  SINCE MAR 1    921                       729    192      882
  SINCE JUL 1   6336                      5463    873     5284

 COOLING
  TODAY            0                         0      0        0
  MONTH TO DATE    0                         0      0        0
  SINCE MAR 1      0                         0      0        0
  SINCE JAN 1      0                         0      0        0
..................................................................


WIND (MPH)
  HIGHEST WIND SPEED    18   HIGHEST WIND DIRECTION     S (170)
  HIGHEST GUST SPEED    22   HIGHEST GUST DIRECTION     S (170)
  AVERAGE WIND SPEED     6.4


SKY COVER
  POSSIBLE SUNSHINE  MM
  AVERAGE SKY COVER 0.2


WEATHER CONDITIONS
 THE FOLLOWING WEATHER WAS RECORDED TODAY.
  NO SIGNIFICANT WEATHER WAS OBSERVED.


RELATIVE HUMIDITY (PERCENT)
 HIGHEST    67           600 AM
 LOWEST     32           100 PM
 AVERAGE    50

..........................................................


THE CHICAGO-OHARE IL CLIMATE NORMALS FOR TOMORROW
                         NORMAL    RECORD    YEAR
 MAXIMUM TEMPERATURE (F)   51        82      1945
 MINIMUM TEMPERATURE (F)   33        12      1996


SUNRISE AND SUNSET
MARCH 26 2014.........SUNRISE   645 AM CDT   SUNSET   711 PM CDT
MARCH 27 2014.........SUNRISE   643 AM CDT   SUNSET   712 PM CDT


-  INDICATES NEGATIVE NUMBERS.
R  INDICATES RECORD WAS SET OR TIED.
MM INDICATES DATA IS MISSING.
T  INDICATES TRACE AMOUNT.




$$
