000
CDUS43 KLOT 082137
CLIORD


CLIMATE REPORT
NATIONAL WEATHER SERVICE CHICAGO IL
433 PM CDT FRI AUG 8 2014


...................................

...THE CHICAGO-OHARE IL CLIMATE SUMMARY FOR AUGUST 8 2014...
VALID TODAY AS OF 0400 PM LOCAL TIME.

CLIMATE NORMAL PERIOD 1981 TO 2010
CLIMATE RECORD PERIOD 1871 TO 2014


WEATHER ITEM   OBSERVED TIME   RECORD YEAR NORMAL DEPARTURE LAST
                VALUE   (LST)  VALUE       VALUE  FROM      YEAR
                                                  NORMAL
..................................................................
TEMPERATURE (F)
 TODAY
  MAXIMUM         82    246 PM 100    1934  83     -1       78
  MINIMUM         66    233 AM  52    1976  64      2       65
  AVERAGE         74                        73      1       72

PRECIPITATION (IN)
  TODAY            0.00          2.35 1977   0.16  -0.16     0.00
  MONTH TO DATE    2.91                      1.28   1.63     0.74
  SINCE JUN 1     12.86                      8.43   4.43     9.19
  SINCE JAN 1     27.69                     21.51   6.18    31.42

SNOWFALL (IN)
  TODAY            0.0           0.0    MM   0.0    0.0      0.0
  MONTH TO DATE    0.0                       0.0    0.0      0.0
  SINCE JUN 1      0.0                       0.0    0.0      0.0
  SINCE JUL 1      0.0                       0.0    0.0      0.0

DEGREE DAYS
 HEATING
  TODAY            0                         0      0        0
  MONTH TO DATE    0                         0      0        0
  SINCE JUN 1     17                        52    -35       52
  SINCE JUL 1      5                         4      1        9

 COOLING
  TODAY            9                         8      1        7
  MONTH TO DATE   67                        71     -4       57
  SINCE JUN 1    444                       519    -75      481
  SINCE JAN 1    505                       573    -68      565
..................................................................


WIND (MPH)
  HIGHEST WIND SPEED    21   HIGHEST WIND DIRECTION     E (100)
  HIGHEST GUST SPEED    25   HIGHEST GUST DIRECTION     E (110)
  AVERAGE WIND SPEED    11.7


SKY COVER
  POSSIBLE SUNSHINE  MM
  AVERAGE SKY COVER 0.4


WEATHER CONDITIONS
 THE FOLLOWING WEATHER WAS RECORDED TODAY.
  HAZE


RELATIVE HUMIDITY (PERCENT)
 HIGHEST    81           300 AM
 LOWEST     36          1200 PM
 AVERAGE    59

..........................................................


THE CHICAGO-OHARE IL CLIMATE NORMALS FOR TOMORROW
                         NORMAL    RECORD    YEAR
 MAXIMUM TEMPERATURE (F)   83        97      1913
 MINIMUM TEMPERATURE (F)   64        51      1972


SUNRISE AND SUNSET
AUGUST  8 2014........SUNRISE   552 AM CDT   SUNSET   801 PM CDT
AUGUST  9 2014........SUNRISE   553 AM CDT   SUNSET   800 PM CDT


-  INDICATES NEGATIVE NUMBERS.
R  INDICATES RECORD WAS SET OR TIED.
MM INDICATES DATA IS MISSING.
T  INDICATES TRACE AMOUNT.




$$
