000
CDUS43 KLOT 020636
CLIORD


CLIMATE REPORT
NATIONAL WEATHER SERVICE CHICAGO IL
135 AM CDT FRI SEP 2 2016


...................................

...THE CHICAGO-OHARE CLIMATE SUMMARY FOR SEPTEMBER 1 2016...

CLIMATE NORMAL PERIOD 1981 TO 2010
CLIMATE RECORD PERIOD 1871 TO 2016


WEATHER ITEM   OBSERVED TIME   RECORD YEAR NORMAL DEPARTURE LAST
                VALUE   (LST)  VALUE       VALUE  FROM      YEAR
                                                  NORMAL
..................................................................
TEMPERATURE (F)
 YESTERDAY
  MAXIMUM         73   1057 AM 101    1953  80     -7       88
  MINIMUM         62    520 AM  45    1949  60      2       68
  AVERAGE         68                        70     -2       78

PRECIPITATION (IN)
  YESTERDAY        T             2.92 1977   0.12  -0.12     0.00
  MONTH TO DATE    T                         0.12  -0.12     0.00
  SINCE SEP 1      T                         0.12  -0.12     0.00
  SINCE JAN 1     26.98                     25.25   1.73    23.62

SNOWFALL (IN)
  YESTERDAY        0.0           0.0    MM   0.0    0.0      0.0
  MONTH TO DATE    0.0                       0.0    0.0      0.0
  SINCE SEP 1      0.0                       0.0    0.0      0.0
  SINCE JUL 1      0.0                       0.0    0.0       T
  SNOW DEPTH       0

DEGREE DAYS
 HEATING
  YESTERDAY        0                         1     -1        0
  MONTH TO DATE    0                         1     -1        0
  SINCE SEP 1      0                         1     -1        0
  SINCE JUL 1      0                        14    -14       18

 COOLING
  YESTERDAY        3                         6     -3       13
  MONTH TO DATE    3                         6     -3       13
  SINCE SEP 1      3                         6     -3       13
  SINCE JAN 1    968                       746    222      654
..................................................................


WIND (MPH)
  HIGHEST WIND SPEED    24   HIGHEST WIND DIRECTION     N (20)
  HIGHEST GUST SPEED    30   HIGHEST GUST DIRECTION    NE (30)
  AVERAGE WIND SPEED    11.9


SKY COVER
  POSSIBLE SUNSHINE  MM
  AVERAGE SKY COVER 0.5


WEATHER CONDITIONS
 THE FOLLOWING WEATHER WAS RECORDED YESTERDAY.
  NO SIGNIFICANT WEATHER WAS OBSERVED.


RELATIVE HUMIDITY (PERCENT)
 HIGHEST    84           100 AM
 LOWEST     53          1200 PM
 AVERAGE    69

..........................................................


THE CHICAGO-OHARE CLIMATE NORMALS FOR TODAY
                         NORMAL    RECORD    YEAR
 MAXIMUM TEMPERATURE (F)   80       101      1953
 MINIMUM TEMPERATURE (F)   60        44      1946


SUNRISE AND SUNSET
SEPTEMBER  2 2016.....SUNRISE   619 AM CDT   SUNSET   723 PM CDT
SEPTEMBER  3 2016.....SUNRISE   620 AM CDT   SUNSET   721 PM CDT


-  INDICATES NEGATIVE NUMBERS.
R  INDICATES RECORD WAS SET OR TIED.
MM INDICATES DATA IS MISSING.
T  INDICATES TRACE AMOUNT.




$$
