000
CDUS43 KLOT 070637
CLIORD


CLIMATE REPORT
NATIONAL WEATHER SERVICE CHICAGO IL
137 AM CDT THU JUL 7 2016


...................................

...THE CHICAGO-OHARE CLIMATE SUMMARY FOR JULY 6 2016...

CLIMATE NORMAL PERIOD 1981 TO 2010
CLIMATE RECORD PERIOD 1871 TO 2016


WEATHER ITEM   OBSERVED TIME   RECORD YEAR NORMAL DEPARTURE LAST
                VALUE   (LST)  VALUE       VALUE  FROM      YEAR
                                                  NORMAL
..................................................................
TEMPERATURE (F)
 YESTERDAY
  MAXIMUM         88    251 PM 103    2012  84      4       85
  MINIMUM         67    246 AM  46    1983  63      4       64
  AVERAGE         78                        74      4       75

PRECIPITATION (IN)
  YESTERDAY        0.87          3.93 1943   0.11   0.76     0.49
  MONTH TO DATE    0.87                      0.61   0.26     0.49
  SINCE JUN 1      3.72                      4.06  -0.34     7.61
  SINCE JAN 1     17.36                     17.14   0.22    19.10

SNOWFALL (IN)
  YESTERDAY        0.0           0.0    MM   0.0    0.0      0.0
  MONTH TO DATE    0.0                       0.0    0.0      0.0
  SINCE JUN 1      0.0                       0.0    0.0       T
  SINCE JUL 1      0.0                       0.0    0.0      0.0
  SNOW DEPTH       0

DEGREE DAYS
 HEATING
  YESTERDAY        0                         0      0        0
  MONTH TO DATE    0                         0      0        7
  SINCE JUN 1     13                        48    -35       46
  SINCE JUL 1      0                         0      0        7

 COOLING
  YESTERDAY       13                         9      4       10
  MONTH TO DATE   35                        53    -18       23
  SINCE JUN 1    251                       218     33      141
  SINCE JAN 1    325                       272     53      194
..................................................................


WIND (MPH)
  HIGHEST WIND SPEED    43   HIGHEST WIND DIRECTION    NW (330)
  HIGHEST GUST SPEED    51   HIGHEST GUST DIRECTION    NW (330)
  AVERAGE WIND SPEED     9.0


SKY COVER
  POSSIBLE SUNSHINE  MM
  AVERAGE SKY COVER 0.8


WEATHER CONDITIONS
 THE FOLLOWING WEATHER WAS RECORDED YESTERDAY.
  THUNDERSTORM
  HEAVY RAIN
  RAIN
  LIGHT RAIN
  FOG
  HAZE


RELATIVE HUMIDITY (PERCENT)
 HIGHEST    93           300 AM
 LOWEST     50           300 PM
 AVERAGE    72

..........................................................


THE CHICAGO-OHARE CLIMATE NORMALS FOR TODAY
                         NORMAL    RECORD    YEAR
 MAXIMUM TEMPERATURE (F)   84       102      1980
 MINIMUM TEMPERATURE (F)   64        45      1983


SUNRISE AND SUNSET
JULY  7 2016..........SUNRISE   524 AM CDT   SUNSET   829 PM CDT
JULY  8 2016..........SUNRISE   525 AM CDT   SUNSET   829 PM CDT


-  INDICATES NEGATIVE NUMBERS.
R  INDICATES RECORD WAS SET OR TIED.
MM INDICATES DATA IS MISSING.
T  INDICATES TRACE AMOUNT.




$$
