000
CDUS43 KLOT 220643
CLIORD


CLIMATE REPORT
NATIONAL WEATHER SERVICE CHICAGO IL
143 AM CDT THU SEP 22 2016


...................................

...THE CHICAGO-OHARE CLIMATE SUMMARY FOR SEPTEMBER 21 2016...

CLIMATE NORMAL PERIOD 1981 TO 2010
CLIMATE RECORD PERIOD 1871 TO 2016


WEATHER ITEM   OBSERVED TIME   RECORD YEAR NORMAL DEPARTURE LAST
                VALUE   (LST)  VALUE       VALUE  FROM      YEAR
                                                  NORMAL
..................................................................
TEMPERATURE (F)
 YESTERDAY
  MAXIMUM         74    422 PM  92    1970  73      1       74
  MINIMUM         65   1134 PM  39    1991  52     13       52
                                      1983
                                      1889
  AVERAGE         70                        62      8       63

PRECIPITATION (IN)
  YESTERDAY        0.55          1.67 1947   0.11   0.44     0.00
  MONTH TO DATE    1.14                      2.29  -1.15     4.24
  SINCE SEP 1      1.14                      2.29  -1.15     4.24
  SINCE JAN 1     28.12                     27.42   0.70    27.86

SNOWFALL (IN)
  YESTERDAY        0.0           0.0    MM   0.0    0.0      0.0
  MONTH TO DATE    0.0                       0.0    0.0      0.0
  SINCE SEP 1      0.0                       0.0    0.0      0.0
  SINCE JUL 1      0.0                       0.0    0.0       T
  SNOW DEPTH       0

DEGREE DAYS
 HEATING
  YESTERDAY        0                         5     -5        2
  MONTH TO DATE    1                        49    -48       26
  SINCE SEP 1      1                        49    -48       26
  SINCE JUL 1      1                        62    -61       44

 COOLING
  YESTERDAY        5                         2      3        0
  MONTH TO DATE  138                        80     58      143
  SINCE SEP 1    138                        80     58      143
  SINCE JAN 1   1103                       820    283      784
..................................................................


WIND (MPH)
  HIGHEST WIND SPEED    30   HIGHEST WIND DIRECTION    SE (130)
  HIGHEST GUST SPEED    34   HIGHEST GUST DIRECTION    SE (130)
  AVERAGE WIND SPEED     6.7


SKY COVER
  POSSIBLE SUNSHINE  MM
  AVERAGE SKY COVER 0.8


WEATHER CONDITIONS
 THE FOLLOWING WEATHER WAS RECORDED YESTERDAY.
  THUNDERSTORM
  HEAVY RAIN
  RAIN
  LIGHT RAIN
  FOG
  HAZE


RELATIVE HUMIDITY (PERCENT)
 HIGHEST    93           800 AM
 LOWEST     73          1200 AM
 AVERAGE    83

..........................................................


THE CHICAGO-OHARE CLIMATE NORMALS FOR TODAY
                         NORMAL    RECORD    YEAR
 MAXIMUM TEMPERATURE (F)   72        92      1956
 MINIMUM TEMPERATURE (F)   51        32      1995


SUNRISE AND SUNSET
SEPTEMBER 22 2016.....SUNRISE   639 AM CDT   SUNSET   648 PM CDT
SEPTEMBER 23 2016.....SUNRISE   641 AM CDT   SUNSET   646 PM CDT


-  INDICATES NEGATIVE NUMBERS.
R  INDICATES RECORD WAS SET OR TIED.
MM INDICATES DATA IS MISSING.
T  INDICATES TRACE AMOUNT.




$$
