000
CDUS43 KLOT 192132
CLIORD


CLIMATE REPORT
NATIONAL WEATHER SERVICE CHICAGO IL
431 PM CDT FRI SEP 19 2014


...................................

...THE CHICAGO-OHARE IL CLIMATE SUMMARY FOR SEPTEMBER 19 2014...
VALID TODAY AS OF 0400 PM LOCAL TIME.

CLIMATE NORMAL PERIOD 1981 TO 2010
CLIMATE RECORD PERIOD 1871 TO 2014


WEATHER ITEM   OBSERVED TIME   RECORD YEAR NORMAL DEPARTURE LAST
                VALUE   (LST)  VALUE       VALUE  FROM      YEAR
                                                  NORMAL
..................................................................
TEMPERATURE (F)
 TODAY
  MAXIMUM         77    259 PM  93    1955  74      3       84
  MINIMUM         53    547 AM  40    1991  53      0       69
  AVERAGE         65                        63      2       77

PRECIPITATION (IN)
  TODAY            0.00          1.72 2001   0.11  -0.11     0.84
  MONTH TO DATE    2.58                      2.07   0.51     2.19
  SINCE SEP 1      2.58                      2.07   0.51     2.19
  SINCE JAN 1     34.66                     27.20   7.46    34.56

SNOWFALL (IN)
  TODAY            0.0           0.0    MM   0.0    0.0      0.0
  MONTH TO DATE    0.0                       0.0    0.0      0.0
  SINCE SEP 1      0.0                       0.0    0.0      0.0
  SINCE JUL 1      0.0                       0.0    0.0      0.0

DEGREE DAYS
 HEATING
  TODAY            0                         4     -4        0
  MONTH TO DATE   79                        40     39       28
  SINCE SEP 1     79                        40     39       28
  SINCE JUL 1     84                        53     31       39

 COOLING
  TODAY            0                         2     -2       12
  MONTH TO DATE   68                        76     -8      134
  SINCE SEP 1     68                        76     -8      134
  SINCE JAN 1    783                       816    -33      899
..................................................................


WIND (MPH)
  HIGHEST WIND SPEED    23   HIGHEST WIND DIRECTION     S (190)
  HIGHEST GUST SPEED    29   HIGHEST GUST DIRECTION     S (180)
  AVERAGE WIND SPEED    10.1


SKY COVER
  POSSIBLE SUNSHINE  MM
  AVERAGE SKY COVER 0.2


WEATHER CONDITIONS
 THE FOLLOWING WEATHER WAS RECORDED TODAY.
  FOG
  HAZE


RELATIVE HUMIDITY (PERCENT)
 HIGHEST    93           100 AM
 LOWEST     31           300 PM
 AVERAGE    62

..........................................................


THE CHICAGO-OHARE IL CLIMATE NORMALS FOR TOMORROW
                         NORMAL    RECORD    YEAR
 MAXIMUM TEMPERATURE (F)   73        91      1931
                                             1895
 MINIMUM TEMPERATURE (F)   52        36      1991


SUNRISE AND SUNSET
SEPTEMBER 19 2014.....SUNRISE   636 AM CDT   SUNSET   654 PM CDT
SEPTEMBER 20 2014.....SUNRISE   637 AM CDT   SUNSET   652 PM CDT


-  INDICATES NEGATIVE NUMBERS.
R  INDICATES RECORD WAS SET OR TIED.
MM INDICATES DATA IS MISSING.
T  INDICATES TRACE AMOUNT.




$$
