000
CDUS43 KLOT 242137
CLIORD


CLIMATE REPORT
NATIONAL WEATHER SERVICE CHICAGO IL
437 PM CDT SUN JUL 24 2016


...................................

...THE CHICAGO-OHARE IL CLIMATE SUMMARY FOR JULY 24 2016...
VALID TODAY AS OF 0400 PM LOCAL TIME.

CLIMATE NORMAL PERIOD 1981 TO 2010
CLIMATE RECORD PERIOD 1871 TO 2016


WEATHER ITEM   OBSERVED TIME   RECORD YEAR NORMAL DEPARTURE LAST
                VALUE   (LST)  VALUE       VALUE  FROM      YEAR
                                                  NORMAL
..................................................................
TEMPERATURE (F)
 TODAY
  MAXIMUM         93    150 PM 105    1934  84      9       84
  MINIMUM         71    436 AM  53    2000  64      7       64
  AVERAGE         82                        74      8       74

PRECIPITATION (IN)
  TODAY            0.01          3.64 2010   0.13  -0.12     0.00
  MONTH TO DATE    4.53                      2.75   1.78     2.85
  SINCE JUN 1      7.38                      6.20   1.18     9.97
  SINCE JAN 1     21.02                     19.28   1.74    21.46

SNOWFALL (IN)
  TODAY            0.0           0.0    MM   0.0    0.0      0.0
  MONTH TO DATE    0.0                       0.0    0.0      0.0
  SINCE JUN 1      0.0                       0.0    0.0       T
  SINCE JUL 1      0.0                       0.0    0.0      0.0

DEGREE DAYS
 HEATING
  TODAY            0                         0      0        0
  MONTH TO DATE    0                         0      0       13
  SINCE JUN 1     13                        48    -35       52
  SINCE JUL 1      0                         0      0       13

 COOLING
  TODAY           17                         9      8        9
  MONTH TO DATE  249                       215     34      159
  SINCE JUN 1    465                       380     85      277
  SINCE JAN 1    539                       434    105      330
..................................................................


WIND (MPH)
  HIGHEST WIND SPEED    21   HIGHEST WIND DIRECTION     S (190)
  HIGHEST GUST SPEED    27   HIGHEST GUST DIRECTION     S (190)
  AVERAGE WIND SPEED    13.2


SKY COVER
  POSSIBLE SUNSHINE  MM
  AVERAGE SKY COVER 0.7


WEATHER CONDITIONS
 THE FOLLOWING WEATHER WAS RECORDED TODAY.
  LIGHT RAIN


RELATIVE HUMIDITY (PERCENT)
 HIGHEST    93           200 AM
 LOWEST     64           100 PM
 AVERAGE    79

..........................................................


THE CHICAGO-OHARE IL CLIMATE NORMALS FOR TOMORROW
                         NORMAL    RECORD    YEAR
 MAXIMUM TEMPERATURE (F)   84       101      1940
 MINIMUM TEMPERATURE (F)   64        53      1911


SUNRISE AND SUNSET
JULY 24 2016..........SUNRISE   538 AM CDT   SUNSET   818 PM CDT
JULY 25 2016..........SUNRISE   539 AM CDT   SUNSET   817 PM CDT


-  INDICATES NEGATIVE NUMBERS.
R  INDICATES RECORD WAS SET OR TIED.
MM INDICATES DATA IS MISSING.
T  INDICATES TRACE AMOUNT.




$$
