560
CDUS43 KLOT 240632
CLIORD


CLIMATE REPORT
NATIONAL WEATHER SERVICE CHICAGO IL
132 AM CDT SAT SEP 24 2016


...................................

...THE CHICAGO-OHARE CLIMATE SUMMARY FOR SEPTEMBER 23 2016...

CLIMATE NORMAL PERIOD 1981 TO 2010
CLIMATE RECORD PERIOD 1871 TO 2016


WEATHER ITEM   OBSERVED TIME   RECORD YEAR NORMAL DEPARTURE LAST
                VALUE   (LST)  VALUE       VALUE  FROM      YEAR
                                                  NORMAL
..................................................................
TEMPERATURE (F)
 YESTERDAY
  MAXIMUM         73    310 PM  91    1937  72      1       80
  MINIMUM         67   1116 PM  29    1995  51     16       57
  AVERAGE         70                        61      9       69

PRECIPITATION (IN)
  YESTERDAY        T             2.09 1961   0.10  -0.10     0.00
  MONTH TO DATE    1.14                      2.50  -1.36     4.24
  SINCE SEP 1      1.14                      2.50  -1.36     4.24
  SINCE JAN 1     28.12                     27.63   0.49    27.86

SNOWFALL (IN)
  YESTERDAY        0.0           0.0    MM   0.0    0.0      0.0
  MONTH TO DATE    0.0                       0.0    0.0      0.0
  SINCE SEP 1      0.0                       0.0    0.0      0.0
  SINCE JUL 1      0.0                       0.0    0.0       T
  SNOW DEPTH       0

DEGREE DAYS
 HEATING
  YESTERDAY        0                         5     -5        0
  MONTH TO DATE    1                        59    -58       26
  SINCE SEP 1      1                        59    -58       26
  SINCE JUL 1      1                        72    -71       44

 COOLING
  YESTERDAY        5                         2      3        4
  MONTH TO DATE  151                        84     67      149
  SINCE SEP 1    151                        84     67      149
  SINCE JAN 1   1116                       824    292      790
..................................................................


WIND (MPH)
  HIGHEST WIND SPEED    17   HIGHEST WIND DIRECTION    NE (30)
  HIGHEST GUST SPEED    24   HIGHEST GUST DIRECTION    NE (60)
  AVERAGE WIND SPEED    10.0


SKY COVER
  POSSIBLE SUNSHINE  MM
  AVERAGE SKY COVER 0.9


WEATHER CONDITIONS
 THE FOLLOWING WEATHER WAS RECORDED YESTERDAY.
  FOG
  HAZE


RELATIVE HUMIDITY (PERCENT)
 HIGHEST    90           300 AM
 LOWEST     73          1100 AM
 AVERAGE    82

..........................................................


THE CHICAGO-OHARE CLIMATE NORMALS FOR TODAY
                         NORMAL    RECORD    YEAR
 MAXIMUM TEMPERATURE (F)   72        91      1891
 MINIMUM TEMPERATURE (F)   51        35      1989
                                             1985
                                             1942


SUNRISE AND SUNSET
SEPTEMBER 24 2016.....SUNRISE   642 AM CDT   SUNSET   644 PM CDT
SEPTEMBER 25 2016.....SUNRISE   643 AM CDT   SUNSET   643 PM CDT


-  INDICATES NEGATIVE NUMBERS.
R  INDICATES RECORD WAS SET OR TIED.
MM INDICATES DATA IS MISSING.
T  INDICATES TRACE AMOUNT.




$$
