000
CDUS43 KLOT 010633
CLIORD


CLIMATE REPORT
NATIONAL WEATHER SERVICE CHICAGO IL
133 AM CDT WED JUN 1 2016


...................................

...THE CHICAGO-OHARE CLIMATE SUMMARY FOR MAY 31 2016...

CLIMATE NORMAL PERIOD 1981 TO 2010
CLIMATE RECORD PERIOD 1871 TO 2016


WEATHER ITEM   OBSERVED TIME   RECORD YEAR NORMAL DEPARTURE LAST
                VALUE   (LST)  VALUE       VALUE  FROM      YEAR
                                                  NORMAL
..................................................................
TEMPERATURE (F)
 YESTERDAY
  MAXIMUM         83   1228 PM  98    1934  75      8       55
  MINIMUM         63   1159 PM  35    1873  53     10       42
  AVERAGE         73                        64      9       49

PRECIPITATION (IN)
  YESTERDAY        0.56          1.81 1942   0.12   0.44      T
  MONTH TO DATE    5.43                      3.68   1.75     4.66
  SINCE MAR 1     11.57                      9.56   2.01     8.63
  SINCE JAN 1     13.64                     13.08   0.56    11.49

SNOWFALL (IN)
  YESTERDAY        0.0           0.0    MM   0.0    0.0      0.0
  MONTH TO DATE    0.0                       T      0.0      0.0
  SINCE MAR 1      3.7                       6.8   -3.1      7.1
  SINCE JUL 1     31.2                      36.6   -5.4     50.7
  SNOW DEPTH       0

DEGREE DAYS
 HEATING
  YESTERDAY        0                         4     -4       16
  MONTH TO DATE  225                       225      0      187
  SINCE MAR 1   1407                      1558   -151     1557
  SINCE JUL 1   5415                      6292   -877     6737

 COOLING
  YESTERDAY        8                         3      5        0
  MONTH TO DATE   67                        44     23       53
  SINCE MAR 1     74                        54     20       53
  SINCE JAN 1     74                        54     20       53
..................................................................


WIND (MPH)
  HIGHEST WIND SPEED    29   HIGHEST WIND DIRECTION     W (260)
  HIGHEST GUST SPEED    38   HIGHEST GUST DIRECTION     W (260)
  AVERAGE WIND SPEED     8.2


SKY COVER
  POSSIBLE SUNSHINE  MM
  AVERAGE SKY COVER 0.7


WEATHER CONDITIONS
 THE FOLLOWING WEATHER WAS RECORDED YESTERDAY.
  THUNDERSTORM
  HEAVY RAIN
  RAIN
  LIGHT RAIN
  FOG


RELATIVE HUMIDITY (PERCENT)
 HIGHEST    87           500 PM
 LOWEST     42          1000 AM
 AVERAGE    65

..........................................................


THE CHICAGO-OHARE CLIMATE NORMALS FOR TODAY
                         NORMAL    RECORD    YEAR
 MAXIMUM TEMPERATURE (F)   75       102      1934
 MINIMUM TEMPERATURE (F)   53        37      1993


SUNRISE AND SUNSET
JUNE  1 2016..........SUNRISE   518 AM CDT   SUNSET   821 PM CDT
JUNE  2 2016..........SUNRISE   518 AM CDT   SUNSET   822 PM CDT


-  INDICATES NEGATIVE NUMBERS.
R  INDICATES RECORD WAS SET OR TIED.
MM INDICATES DATA IS MISSING.
T  INDICATES TRACE AMOUNT.




$$
