000
CDUS43 KLOT 090637
CLIORD


CLIMATE REPORT
NATIONAL WEATHER SERVICE CHICAGO IL
1236 AM CST TUE FEB 9 2016


...................................

...THE CHICAGO-OHARE CLIMATE SUMMARY FOR FEBRUARY 8 2016...

CLIMATE NORMAL PERIOD 1981 TO 2010
CLIMATE RECORD PERIOD 1871 TO 2016


WEATHER ITEM   OBSERVED TIME   RECORD YEAR NORMAL DEPARTURE LAST
                VALUE   (LST)  VALUE       VALUE  FROM      YEAR
                                                  NORMAL
..................................................................
TEMPERATURE (F)
 YESTERDAY
  MAXIMUM         32    612 AM  62    1925  33     -1       39
                                      1900
  MINIMUM         20   1159 PM -17    1899  18      2       25
  AVERAGE         26                        26      0       32

PRECIPITATION (IN)
  YESTERDAY        0.02          1.10 1887   0.05  -0.03     0.01
  MONTH TO DATE    0.83                      0.41   0.42     1.04
  SINCE DEC 1      6.54                      4.39   2.15     3.24
  SINCE JAN 1      1.67                      2.14  -0.47     2.45

SNOWFALL (IN)
  YESTERDAY        0.4           5.0  1903   0.3    0.1       T
  MONTH TO DATE    0.4                       2.8   -2.4     19.9
  SINCE DEC 1     11.2                      22.1  -10.9     33.8
  SINCE JUL 1     22.4                      23.5   -1.1     36.7
  SNOW DEPTH       0

DEGREE DAYS
 HEATING
  YESTERDAY       39                        39      0       33
  MONTH TO DATE  261                       320    -59      362
  SINCE DEC 1   2300                      2754   -454     2694
  SINCE JUL 1   3273                      4010   -737     4137

 COOLING
  YESTERDAY        0                         0      0        0
  MONTH TO DATE    0                         0      0        0
  SINCE DEC 1      0                         0      0        0
  SINCE JAN 1      0                         0      0        0
..................................................................


WIND (MPH)
  HIGHEST WIND SPEED    20   HIGHEST WIND DIRECTION    NW (320)
  HIGHEST GUST SPEED    25   HIGHEST GUST DIRECTION     W (280)
  AVERAGE WIND SPEED    11.2


SKY COVER
  POSSIBLE SUNSHINE  MM
  AVERAGE SKY COVER 0.8


WEATHER CONDITIONS
 THE FOLLOWING WEATHER WAS RECORDED YESTERDAY.
  LIGHT SNOW
  FOG
  HAZE


RELATIVE HUMIDITY (PERCENT)
 HIGHEST    92           400 AM
 LOWEST     74           800 PM
 AVERAGE    83

..........................................................


THE CHICAGO-OHARE CLIMATE NORMALS FOR TODAY
                         NORMAL    RECORD    YEAR
 MAXIMUM TEMPERATURE (F)   33        56      1886
 MINIMUM TEMPERATURE (F)   18       -21      1899


SUNRISE AND SUNSET
FEBRUARY  9 2016......SUNRISE   656 AM CST   SUNSET   516 PM CST
FEBRUARY 10 2016......SUNRISE   655 AM CST   SUNSET   518 PM CST


-  INDICATES NEGATIVE NUMBERS.
R  INDICATES RECORD WAS SET OR TIED.
MM INDICATES DATA IS MISSING.
T  INDICATES TRACE AMOUNT.




$$
