000
CDUS43 KLOT 280639
CLIORD


CLIMATE REPORT
NATIONAL WEATHER SERVICE CHICAGO IL
137 AM CDT SUN SEP 28 2014


...................................

...THE CHICAGO-OHARE CLIMATE SUMMARY FOR SEPTEMBER 27 2014...

CLIMATE NORMAL PERIOD 1981 TO 2010
CLIMATE RECORD PERIOD 1871 TO 2014


WEATHER ITEM   OBSERVED TIME   RECORD YEAR NORMAL DEPARTURE LAST
                VALUE   (LST)  VALUE       VALUE  FROM      YEAR
                                                  NORMAL
..................................................................
TEMPERATURE (F)
 YESTERDAY
  MAXIMUM         79   1219 PM  91    1971  70      9       81
  MINIMUM         54    432 AM  31    1942  49      5       52
  AVERAGE         67                        60      7       67

PRECIPITATION (IN)
  YESTERDAY        0.00          1.33 1936   0.10  -0.10     0.00
  MONTH TO DATE    2.70                      2.93  -0.23     2.19
  SINCE SEP 1      2.70                      2.93  -0.23     2.19
  SINCE JAN 1     34.78                     28.06   6.72    34.56

SNOWFALL (IN)
  YESTERDAY        0.0           0.0    MM   0.0    0.0      0.0
  MONTH TO DATE    0.0                       0.0    0.0      0.0
  SINCE SEP 1      0.0                       0.0    0.0      0.0
  SINCE JUL 1      0.0                       0.0    0.0      0.0
  SNOW DEPTH       0

DEGREE DAYS
 HEATING
  YESTERDAY        0                         7     -7        0
  MONTH TO DATE   94                        84     10       59
  SINCE SEP 1     94                        84     10       59
  SINCE JUL 1     99                        97      2       70

 COOLING
  YESTERDAY        2                         1      1        2
  MONTH TO DATE   77                        89    -12      138
  SINCE SEP 1     77                        89    -12      138
  SINCE JAN 1    792                       829    -37      903
..................................................................


WIND (MPH)
  HIGHEST WIND SPEED    13   HIGHEST WIND DIRECTION     E (80)
  HIGHEST GUST SPEED    16   HIGHEST GUST DIRECTION    NE (60)
  AVERAGE WIND SPEED     3.8


SKY COVER
  POSSIBLE SUNSHINE  MM
  AVERAGE SKY COVER 0.6


WEATHER CONDITIONS
 THE FOLLOWING WEATHER WAS RECORDED YESTERDAY.
  NO SIGNIFICANT WEATHER WAS OBSERVED.


RELATIVE HUMIDITY (PERCENT)
 HIGHEST    93           200 AM
 LOWEST     42           100 PM
 AVERAGE    68

..........................................................


THE CHICAGO-OHARE CLIMATE NORMALS FOR TODAY
                         NORMAL    RECORD    YEAR
 MAXIMUM TEMPERATURE (F)   70        92      1953
 MINIMUM TEMPERATURE (F)   49        29      1942


SUNRISE AND SUNSET
SEPTEMBER 28 2014.....SUNRISE   645 AM CDT   SUNSET   638 PM CDT
SEPTEMBER 29 2014.....SUNRISE   646 AM CDT   SUNSET   637 PM CDT


-  INDICATES NEGATIVE NUMBERS.
R  INDICATES RECORD WAS SET OR TIED.
MM INDICATES DATA IS MISSING.
T  INDICATES TRACE AMOUNT.




$$
