000
CDUS43 KLOT 130633
CLIORD


CLIMATE REPORT
NATIONAL WEATHER SERVICE CHICAGO IL
132 AM CDT WED SEP 13 2017


...................................

...THE CHICAGO-OHARE CLIMATE SUMMARY FOR SEPTEMBER 12 2017...

CLIMATE NORMAL PERIOD 1981 TO 2010
CLIMATE RECORD PERIOD 1871 TO 2017


WEATHER ITEM   OBSERVED TIME   RECORD YEAR NORMAL DEPARTURE LAST
                VALUE   (LST)  VALUE       VALUE  FROM      YEAR
                                                  NORMAL
..................................................................
TEMPERATURE (F)
 YESTERDAY
  MAXIMUM         77    130 PM  96    1952  76      1       79
  MINIMUM         54    433 AM  44    2014  56     -2       54
                                      1955
  AVERAGE         66                        66      0       67

PRECIPITATION (IN)
  YESTERDAY        0.00          2.43 1961   0.10  -0.10     0.00
  MONTH TO DATE    0.25                      1.34  -1.09     0.45
  SINCE SEP 1      0.25                      1.34  -1.09     0.45
  SINCE JAN 1     31.99                     26.47   5.52    27.43

SNOWFALL (IN)
  YESTERDAY        0.0           0.0    MM   0.0    0.0      0.0
  MONTH TO DATE    0.0                       0.0    0.0      0.0
  SINCE SEP 1      0.0                       0.0    0.0      0.0
  SINCE JUL 1      T                         0.0    0.0      0.0
  SNOW DEPTH       0

DEGREE DAYS
 HEATING
  YESTERDAY        0                         2     -2        0
  MONTH TO DATE   29                        17     12        1
  SINCE SEP 1     29                        17     12        1
  SINCE JUL 1     34                        30      4        1

 COOLING
  YESTERDAY        1                         4     -3        2
  MONTH TO DATE   14                        57    -43       78
  SINCE SEP 1     14                        57    -43       78
  SINCE JAN 1    797                       797      0     1043
..................................................................


WIND (MPH)
  HIGHEST WIND SPEED    16   HIGHEST WIND DIRECTION    NE (40)
  HIGHEST GUST SPEED    22   HIGHEST GUST DIRECTION    NE (40)
  AVERAGE WIND SPEED     6.9


SKY COVER
  POSSIBLE SUNSHINE  MM
  AVERAGE SKY COVER 0.8


WEATHER CONDITIONS
 THE FOLLOWING WEATHER WAS RECORDED YESTERDAY.
  FOG


RELATIVE HUMIDITY (PERCENT)
 HIGHEST    93           600 AM
 LOWEST     36           200 PM
 AVERAGE    65

..........................................................


THE CHICAGO-OHARE CLIMATE NORMALS FOR TODAY
                         NORMAL    RECORD    YEAR
 MAXIMUM TEMPERATURE (F)   76        98      1939
 MINIMUM TEMPERATURE (F)   56        39      1890


SUNRISE AND SUNSET
SEPTEMBER 13 2017.....SUNRISE   630 AM CDT   SUNSET   704 PM CDT
SEPTEMBER 14 2017.....SUNRISE   631 AM CDT   SUNSET   702 PM CDT


-  INDICATES NEGATIVE NUMBERS.
R  INDICATES RECORD WAS SET OR TIED.
MM INDICATES DATA IS MISSING.
T  INDICATES TRACE AMOUNT.




$$
