313
CDUS43 KLOT 281245
CLIORD


CLIMATE REPORT
NATIONAL WEATHER SERVICE CHICAGO IL
745 AM CDT WED SEP 28 2016


...................................

...THE CHICAGO-OHARE CLIMATE SUMMARY FOR SEPTEMBER 27 2016...

CLIMATE NORMAL PERIOD 1981 TO 2010
CLIMATE RECORD PERIOD 1871 TO 2016


WEATHER ITEM   OBSERVED TIME   RECORD YEAR NORMAL DEPARTURE LAST
                VALUE   (LST)  VALUE       VALUE  FROM      YEAR
                                                  NORMAL
..................................................................
TEMPERATURE (F)
 YESTERDAY
  MAXIMUM         70    227 PM  91    1971  70      0       74
  MINIMUM         51    607 AM  31    1942  49      2       61
  AVERAGE         61                        60      1       68

PRECIPITATION (IN)
  YESTERDAY        0.00          1.33 1936   0.10  -0.10      T
  MONTH TO DATE    1.15                      2.93  -1.78     4.24
  SINCE SEP 1      1.15                      2.93  -1.78     4.24
  SINCE JAN 1     28.13                     28.06   0.07    27.86

SNOWFALL (IN)
  YESTERDAY        0.0           0.0    MM   0.0    0.0      0.0
  MONTH TO DATE    0.0                       0.0    0.0      0.0
  SINCE SEP 1      0.0                       0.0    0.0      0.0
  SINCE JUL 1      0.0                       0.0    0.0       T
  SNOW DEPTH       0

DEGREE DAYS
 HEATING
  YESTERDAY        4                         7     -3        0
  MONTH TO DATE    7                        84    -77       26
  SINCE SEP 1      7                        84    -77       26
  SINCE JUL 1      7                        97    -90       44

 COOLING
  YESTERDAY        0                         1     -1        3
  MONTH TO DATE  165                        89     76      158
  SINCE SEP 1    165                        89     76      158
  SINCE JAN 1   1130                       829    301      799
..................................................................


WIND (MPH)
  HIGHEST WIND SPEED    28   HIGHEST WIND DIRECTION     W (260)
  HIGHEST GUST SPEED    37   HIGHEST GUST DIRECTION     W (260)
  AVERAGE WIND SPEED    14.0


SKY COVER
  POSSIBLE SUNSHINE  MM
  AVERAGE SKY COVER 0.5


WEATHER CONDITIONS
 THE FOLLOWING WEATHER WAS RECORDED YESTERDAY.
  NO SIGNIFICANT WEATHER WAS OBSERVED.


RELATIVE HUMIDITY (PERCENT)
 HIGHEST    72          1000 PM
 LOWEST     26          1200 PM
 AVERAGE    49

..........................................................


THE CHICAGO-OHARE CLIMATE NORMALS FOR TODAY
                         NORMAL    RECORD    YEAR
 MAXIMUM TEMPERATURE (F)   70        92      1953
 MINIMUM TEMPERATURE (F)   49        29      1942


SUNRISE AND SUNSET
SEPTEMBER 28 2016.....SUNRISE   646 AM CDT   SUNSET   638 PM CDT
SEPTEMBER 29 2016.....SUNRISE   647 AM CDT   SUNSET   636 PM CDT


-  INDICATES NEGATIVE NUMBERS.
R  INDICATES RECORD WAS SET OR TIED.
MM INDICATES DATA IS MISSING.
T  INDICATES TRACE AMOUNT.




$$
